{"id":37974,"date":"2025-09-06T17:31:47","date_gmt":"2025-09-06T17:31:47","guid":{"rendered":"https:\/\/chilimag.hu\/webshop\/?post_type=product&#038;p=37974"},"modified":"2026-02-15T16:36:56","modified_gmt":"2026-02-15T16:36:56","slug":"mirigyes-pereszleny-z-s-sl","status":"publish","type":"product","link":"https:\/\/chilimag.hu\/webshop\/termek\/mirigyes-pereszleny-z-s-sl\/","title":{"rendered":"Mirigyes pereszl\u00e9ny Marvelette Blue FSN Z.S SL"},"content":{"rendered":"","protected":false},"excerpt":{"rendered":"<p><img decoding=\"async\" draggable=\"false\" src=\"https:\/\/chilimag.hu\/webshop\/wp-content\/uploads\/2025\/09\/zalia_stotele_2-300x300.png\" alt=\"\" \/><\/p>\n<p><strong>Term\u00e9kle\u00edr\u00e1s<\/strong><\/p>\n<p>Calamint | Marvelette Blue FSN<br \/>\nEgy \u00e9vel\u0151 n\u00f6v\u00e9ny, amely a vet\u00e9s ut\u00e1ni els\u0151 \u00e9vben vir\u00e1gzik, kompakt alakban 40 cm magasra n\u0151. A ny\u00e1r m\u00e1sodik fel\u00e9ben b\u0151s\u00e9gesen \u00e9s sok\u00e1ig vir\u00e1gzik, d\u00edszn\u00f6v\u00e9nyk\u00e9nt kedvelt a k\u00fcl\u00f6nb\u00f6z\u0151 st\u00edlus\u00fa vir\u00e1g\u00e1gy\u00e1sokban. J\u00f3l illik a r\u00f6vid vir\u00e1gz\u00e1s\u00fa vir\u00e1gokhoz. Nem ig\u00e9nyel k\u00fcl\u00f6nleges talajviszonyokat, \u00e9s napos, j\u00f3 v\u00edzelvezet\u00e9s\u0171 talajban fejl\u0151dik a legjobban. Az el\u00fcltetett pal\u00e1nt\u00e1k t\u00f6bb \u00e9vig is ugyanazon a helyen maradhatnak.<\/p>\n<p>Magok sz\u00e1ma grammonk\u00e9nt 3300<br \/>\nVet\u00e9si id\u0151 talajban V<br \/>\nVet\u00e9si id\u0151 pal\u00e1nt\u00e1kn\u00e1l III-IV<br \/>\nVet\u00e9si id\u0151 \u00fcvegh\u00e1zban III-IV<br \/>\nT\u00e1vols\u00e1gok, cm 30-35<br \/>\nVir\u00e1gz\u00e1si id\u0151szak VIII-X<br \/>\nN\u00f6v\u00e9nymagass\u00e1g 30-35<br \/>\nN\u00f6veked\u00e9si hely Sz\u00e1nd\u00e9k, Erk\u00e9ly, Cser\u00e9pben<br \/>\nM\u00e1rka: \u017dalia stotel\u0117<br \/>\nSz\u00edn: K\u00e9k<br \/>\nVeget\u00e1ci\u00f3: \u00c9vel\u0151<br \/>\nCsomagol\u00e1son felt\u00fcntetett nyelvek: EN, DE, LT, LV, EE<br \/>\nN\u00f6veked\u00e9si k\u00f6r\u00fclm\u00e9nyek: R\u00e9szleges \u00e1rny\u00e9k<br \/>\n\u00c1t\u00fcltet\u00e9s: V-VI<\/p>\n<p>&nbsp;<\/p>\n","protected":false},"featured_media":37975,"comment_status":"closed","ping_status":"closed","template":"","meta":[],"product_brand":[],"product_cat":[363],"product_tag":[],"class_list":{"0":"post-37974","1":"product","2":"type-product","3":"status-publish","4":"has-post-thumbnail","6":"product_cat-virag-vetomagok-zalia-stotele","8":"first","9":"instock","10":"taxable","11":"shipping-taxable","12":"purchasable","13":"product-type-simple"},"_links":{"self":[{"href":"https:\/\/chilimag.hu\/webshop\/wp-json\/wp\/v2\/product\/37974","targetHints":{"allow":["GET"]}}],"collection":[{"href":"https:\/\/chilimag.hu\/webshop\/wp-json\/wp\/v2\/product"}],"about":[{"href":"https:\/\/chilimag.hu\/webshop\/wp-json\/wp\/v2\/types\/product"}],"replies":[{"embeddable":true,"href":"https:\/\/chilimag.hu\/webshop\/wp-json\/wp\/v2\/comments?post=37974"}],"wp:featuredmedia":[{"embeddable":true,"href":"https:\/\/chilimag.hu\/webshop\/wp-json\/wp\/v2\/media\/37975"}],"wp:attachment":[{"href":"https:\/\/chilimag.hu\/webshop\/wp-json\/wp\/v2\/media?parent=37974"}],"wp:term":[{"taxonomy":"product_brand","embeddable":true,"href":"https:\/\/chilimag.hu\/webshop\/wp-json\/wp\/v2\/product_brand?post=37974"},{"taxonomy":"product_cat","embeddable":true,"href":"https:\/\/chilimag.hu\/webshop\/wp-json\/wp\/v2\/product_cat?post=37974"},{"taxonomy":"product_tag","embeddable":true,"href":"https:\/\/chilimag.hu\/webshop\/wp-json\/wp\/v2\/product_tag?post=37974"}],"curies":[{"name":"wp","href":"https:\/\/api.w.org\/{rel}","templated":true}]}}