{"id":37952,"date":"2025-09-06T16:25:53","date_gmt":"2025-09-06T16:25:53","guid":{"rendered":"https:\/\/chilimag.hu\/webshop\/?post_type=product&#038;p=37952"},"modified":"2026-03-12T08:45:46","modified_gmt":"2026-03-12T08:45:46","slug":"fekete-fold-32l-agr-sl","status":"publish","type":"product","link":"https:\/\/chilimag.hu\/webshop\/termek\/fekete-fold-32l-agr-sl\/","title":{"rendered":"Fekete f\u00f6ld 32l AGR SL"},"content":{"rendered":"","protected":false},"excerpt":{"rendered":"<div class=\"thumbnail thumbnail-image\"><img decoding=\"async\" draggable=\"false\" src=\"https:\/\/chilimag.hu\/webshop\/wp-content\/uploads\/2025\/09\/AGRONOM-Logo-Color-300x171.jpg\" alt=\"\" \/><\/div>\n<div class=\"details\">\n<div class=\"dimensions\"><\/div>\n<p><strong>Term\u00e9kle\u00edr\u00e1s<\/strong><\/p>\n<div class=\"compat-meta\">\n<p>Felhaszn\u00e1l\u00e1si c\u00e9l: a feketef\u00f6ld kiv\u00e1l\u00f3 min\u0151s\u00e9g\u0171 alf\u00f6ldi t\u0151zegb\u0151l \u00e1ll, amely term\u00e9szetes szervesanyag-forr\u00e1s, \u00edgy ide\u00e1lis kertekbe, z\u00f6lds\u00e9geskertekbe \u00e9s gyepekbe, mind telep\u00edt\u00e9shez, mind fejleszt\u00e9shez. Biztos\u00edtja az eg\u00e9szs\u00e9ges n\u00f6v\u00e9nyn\u00f6veked\u00e9st \u00e9s a b\u0151s\u00e9ges term\u00e9shozamot, jav\u00edtja a talaj szerkezet\u00e9t \u00e9s fokozza a v\u00edzfelv\u00e9telt. T\u00f6k\u00e9letes vir\u00e1g\u00e1gy\u00e1sokhoz, gy\u00fcm\u00f6lcsf\u00e1khoz, z\u00f6lds\u00e9ges\u00e1gy\u00e1sokhoz, \u00fcvegh\u00e1zakhoz, \u00faj gyepekhez \u00e9s a megl\u00e9v\u0151k fel\u00faj\u00edt\u00e1s\u00e1hoz. Ezenk\u00edv\u00fcl seg\u00edt a neh\u00e9z talajok jav\u00edt\u00e1s\u00e1ban, cs\u00f6kkenti az er\u00f3zi\u00f3 kock\u00e1zat\u00e1t, \u00e9s el\u0151ny\u00f6s dekor\u00e1ci\u00f3s projektekhez. A feketef\u00f6ld szerves tr\u00e1gy\u00e1kkal d\u00fas\u00edtott, \u00edgy hossz\u00fa t\u00e1v\u00fa \u00e9s hat\u00e9kony t\u00e1panyagell\u00e1t\u00e1st biztos\u00edt a n\u00f6v\u00e9nyek sz\u00e1m\u00e1ra. A term\u00e9k k\u00fcl\u00f6n\u00f6sen fekete sz\u00edn\u0171. Ez azt jelzi, hogy gazdag szerves anyagban, \u00e9s kiv\u00e1l\u00f3 szerkezeti tulajdons\u00e1gokkal rendelkezik. A feketef\u00f6ld haszn\u00e1lata jav\u00edthatja a megl\u00e9v\u0151 talaj szerkezet\u00e9t \u00e9s t\u00e1panyagtartalm\u00e1t, ami kulcsfontoss\u00e1g\u00fa a magasabb term\u00e9shozam \u00e9s az eg\u00e9szs\u00e9ges n\u00f6v\u00e9nyek el\u00e9r\u00e9s\u00e9hez. Az ilyen struktur\u00e1lt feketef\u00f6ld hat\u00e9konyan felsz\u00edvja \u00e9s megtartja a vizet, seg\u00edtve a n\u00f6v\u00e9nyeket a sz\u00fcks\u00e9ges nedvess\u00e9ghez jutni m\u00e9g asz\u00e1lyos id\u0151szakokban is.<\/p>\n<p>Felhaszn\u00e1l\u00e1si javaslatok: A feketef\u00f6ld haszn\u00e1lata aj\u00e1nlott mind \u00faj n\u00f6v\u00e9nyek \u00fcltet\u00e9sekor, mind a megl\u00e9v\u0151 talaj jav\u00edt\u00e1sa sor\u00e1n. Vet\u00e9s vagy \u00fcltet\u00e9s el\u0151tt a fekete f\u00f6ldet 1:1 ar\u00e1nyban keverje \u00f6ssze a megl\u00e9v\u0151 f\u00f6lddel a f\u00f6ld szerkezet\u00e9nek jav\u00edt\u00e1sa \u00e9s a t\u00e1panyagtartalom n\u00f6vel\u00e9se \u00e9rdek\u00e9ben. Gyeptelep\u00edt\u00e9shez vagy -fel\u00faj\u00edt\u00e1shoz ter\u00edtsen sz\u00e9t egy k\u00f6r\u00fclbel\u00fcl 5 cm vastag fekete f\u00f6ldr\u00e9teget, majd keverje azt a term\u0151f\u00f6ldbe. Vir\u00e1g\u00e1gy\u00e1sokban \u00e9s z\u00f6lds\u00e9g\u00e1gy\u00e1sokban ter\u00edtsen sz\u00e9t k\u00f6r\u00fclbel\u00fcl 10 cm vastag fekete f\u00f6ldr\u00e9teget az optim\u00e1lis n\u00f6veked\u00e9si felt\u00e9telek biztos\u00edt\u00e1sa \u00e9rdek\u00e9ben. A f\u00f6ld term\u00e9kenys\u00e9g\u00e9nek \u00e9s a n\u00f6v\u00e9nyek eg\u00e9szs\u00e9g\u00e9nek meg\u0151rz\u00e9se \u00e9rdek\u00e9ben rendszeresen friss\u00edtse a fekete f\u00f6ldr\u00e9teget.<\/p>\n<p>M\u00e1rka: AGRONOM<br \/>\nC\u00e9l: Z\u00f6lds\u00e9gek, Vir\u00e1gok, S\u00edrgondoz\u00e1s, Univerz\u00e1lis<\/p>\n<p>Kiszerel\u00e9s: 32 l<\/p>\n<\/div>\n<\/div>\n<div><\/div>\n<div><\/div>\n<div class=\"e-hint\">\n<div class=\"e-hint__container\" data-event=\"image_optimizer_hint\">\n<div class=\"elementor-control-notice elementor-control-notice-type-info\" data-display=\"true\">\n<div class=\"elementor-control-notice-icon\"><\/div>\n<div class=\"elementor-control-notice-main action-handler\" data-event=\"image_optimizer_hint\" data-settings=\"eyJhY3Rpb25fdXJsIjoiaHR0cHM6XC9cL2NoaWxpbWFnLmh1XC93ZWJzaG9wXC93cC1hZG1pblwvdXBkYXRlLnBocD9hY3Rpb249aW5zdGFsbC1wbHVnaW4mYW1wO3BsdWdpbj1pbWFnZS1vcHRpbWl6YXRpb24mYW1wO193cG5vbmNlPWVlNTlhYmZhZDUifQ==\"><\/div>\n<\/div>\n<\/div>\n<\/div>\n","protected":false},"featured_media":37953,"comment_status":"closed","ping_status":"closed","template":"","meta":[],"product_brand":[],"product_cat":[371],"product_tag":[],"class_list":{"0":"post-37952","1":"product","2":"type-product","3":"status-publish","4":"has-post-thumbnail","6":"product_cat-seklos-lt-tozegek","8":"first","9":"instock","10":"taxable","11":"shipping-taxable","12":"purchasable","13":"product-type-simple"},"_links":{"self":[{"href":"https:\/\/chilimag.hu\/webshop\/wp-json\/wp\/v2\/product\/37952","targetHints":{"allow":["GET"]}}],"collection":[{"href":"https:\/\/chilimag.hu\/webshop\/wp-json\/wp\/v2\/product"}],"about":[{"href":"https:\/\/chilimag.hu\/webshop\/wp-json\/wp\/v2\/types\/product"}],"replies":[{"embeddable":true,"href":"https:\/\/chilimag.hu\/webshop\/wp-json\/wp\/v2\/comments?post=37952"}],"wp:featuredmedia":[{"embeddable":true,"href":"https:\/\/chilimag.hu\/webshop\/wp-json\/wp\/v2\/media\/37953"}],"wp:attachment":[{"href":"https:\/\/chilimag.hu\/webshop\/wp-json\/wp\/v2\/media?parent=37952"}],"wp:term":[{"taxonomy":"product_brand","embeddable":true,"href":"https:\/\/chilimag.hu\/webshop\/wp-json\/wp\/v2\/product_brand?post=37952"},{"taxonomy":"product_cat","embeddable":true,"href":"https:\/\/chilimag.hu\/webshop\/wp-json\/wp\/v2\/product_cat?post=37952"},{"taxonomy":"product_tag","embeddable":true,"href":"https:\/\/chilimag.hu\/webshop\/wp-json\/wp\/v2\/product_tag?post=37952"}],"curies":[{"name":"wp","href":"https:\/\/api.w.org\/{rel}","templated":true}]}}