{"id":37826,"date":"2025-08-30T04:42:19","date_gmt":"2025-08-30T04:42:19","guid":{"rendered":"https:\/\/chilimag.hu\/webshop\/?post_type=product&#038;p=37826"},"modified":"2026-04-18T06:45:51","modified_gmt":"2026-04-18T06:45:51","slug":"okra-xotica-bz-h","status":"publish","type":"product","link":"https:\/\/chilimag.hu\/webshop\/termek\/okra-xotica-bz-h\/","title":{"rendered":"Okra Xotica Bz H"},"content":{"rendered":"","protected":false},"excerpt":{"rendered":"<p><img fetchpriority=\"high\" decoding=\"async\" class=\"attachment-medium size-medium\" src=\"https:\/\/purchasingpowerplus.com\/wp-content\/uploads\/2021\/05\/Buzzy-Logo-300x239.jpg\" sizes=\"(max-width: 300px) 100vw, 300px\" srcset=\"https:\/\/purchasingpowerplus.com\/wp-content\/uploads\/2021\/05\/Buzzy-Logo-300x239.jpg 300w, https:\/\/purchasingpowerplus.com\/wp-content\/uploads\/2021\/05\/Buzzy-Logo-768x612.jpg 768w, https:\/\/purchasingpowerplus.com\/wp-content\/uploads\/2021\/05\/Buzzy-Logo-1024x816.jpg 1024w, https:\/\/purchasingpowerplus.com\/wp-content\/uploads\/2021\/05\/Buzzy-Logo.jpg 1500w\" alt=\"\" width=\"300\" height=\"239\" \/><\/p>\n<p>Term\u00e9kle\u00edr\u00e1s<\/p>\n<p>Botanikai n\u00e9v:<span id=\"column_2_uc_product_details_ctl04_lbl_ff_desc2\" class=\"value\">Abelmoschus esculentus<\/span><\/p>\n<p><span id=\"column_2_uc_product_details_ctl04_lbl_ff_desc2\" class=\"value\">Okra &#8211; Clemson Spineless<br \/>\nVet\u00e9s belt\u00e9rben m\u00e1rcius k\u00f6zep\u00e9t\u0151l, 21-23\u00b0C-on. \u00dcltess\u00fck \u00e1t az \u00fcvegh\u00e1zba m\u00e1jus v\u00e9g\u00e9n, 40&#215;50 cm-es t\u00e9rk\u00f6zzel. A n\u00f6v\u00e9ny ak\u00e1r 2 m\u00e9ter magasra is megn\u0151het, ez\u00e9rt t\u00e1maszt\u00e9kra van sz\u00fcks\u00e9ge. A gy\u00fcm\u00f6lcs\u00f6ket fiatalon sz\u00fcretelj\u00fck, mivel nagyon sz\u00edv\u00f3sak lehetnek. A gy\u00fcm\u00f6lcs\u00f6k felhaszn\u00e1lhat\u00f3k sz\u00f3szokhoz \u00e9s levesekhez, valamint mediterr\u00e1n \u00e9s t\u00e1vol-keleti p\u00f6rk\u00f6ltek \u00edzes\u00edt\u00e9s\u00e9re.<\/span><\/p>\n<p>&nbsp;<\/p>\n","protected":false},"featured_media":37827,"comment_status":"closed","ping_status":"closed","template":"","meta":[],"product_brand":[],"product_cat":[440],"product_tag":[],"class_list":{"0":"post-37826","1":"product","2":"type-product","3":"status-publish","4":"has-post-thumbnail","6":"product_cat-xotica-collection","8":"first","9":"instock","10":"taxable","11":"shipping-taxable","12":"purchasable","13":"product-type-simple"},"_links":{"self":[{"href":"https:\/\/chilimag.hu\/webshop\/wp-json\/wp\/v2\/product\/37826","targetHints":{"allow":["GET"]}}],"collection":[{"href":"https:\/\/chilimag.hu\/webshop\/wp-json\/wp\/v2\/product"}],"about":[{"href":"https:\/\/chilimag.hu\/webshop\/wp-json\/wp\/v2\/types\/product"}],"replies":[{"embeddable":true,"href":"https:\/\/chilimag.hu\/webshop\/wp-json\/wp\/v2\/comments?post=37826"}],"wp:featuredmedia":[{"embeddable":true,"href":"https:\/\/chilimag.hu\/webshop\/wp-json\/wp\/v2\/media\/37827"}],"wp:attachment":[{"href":"https:\/\/chilimag.hu\/webshop\/wp-json\/wp\/v2\/media?parent=37826"}],"wp:term":[{"taxonomy":"product_brand","embeddable":true,"href":"https:\/\/chilimag.hu\/webshop\/wp-json\/wp\/v2\/product_brand?post=37826"},{"taxonomy":"product_cat","embeddable":true,"href":"https:\/\/chilimag.hu\/webshop\/wp-json\/wp\/v2\/product_cat?post=37826"},{"taxonomy":"product_tag","embeddable":true,"href":"https:\/\/chilimag.hu\/webshop\/wp-json\/wp\/v2\/product_tag?post=37826"}],"curies":[{"name":"wp","href":"https:\/\/api.w.org\/{rel}","templated":true}]}}