{"id":37810,"date":"2025-08-28T18:31:51","date_gmt":"2025-08-28T18:31:51","guid":{"rendered":"https:\/\/chilimag.hu\/webshop\/?post_type=product&#038;p=37810"},"modified":"2025-08-28T18:31:51","modified_gmt":"2025-08-28T18:31:51","slug":"jaune-gros-de-paris-b-s-sutotok","status":"publish","type":"product","link":"https:\/\/chilimag.hu\/webshop\/termek\/jaune-gros-de-paris-b-s-sutotok\/","title":{"rendered":"Jaune Gros de Paris B-S S\u00fct\u0151t\u00f6k"},"content":{"rendered":"","protected":false},"excerpt":{"rendered":"<p><img decoding=\"async\" src=\"https:\/\/chilimag.hu\/webshop\/wp-content\/uploads\/2022\/10\/bobby-seeds-test-logo-150x150.png\" \/><\/p>\n<p>Term\u00e9kle\u00edr\u00e1<\/p>\n<p>&#8222;Jaune Gros de Paris &#8211; Gelber Zentner&#8221;<\/p>\n<p>Klasszikus \u00a0kb. 5-15 kg<\/p>\n<p>A Gelber Zentner egy rendk\u00edv\u00fcl n\u00e9pszer\u0171 d\u00edszt\u00f6k, p\u00e9ld\u00e1ul otthoni haszn\u00e1latra. Az Uchiki Kuri mellett N\u00e9metorsz\u00e1g legh\u00edresebb t\u00f6k\u00f6k\u00e9nt tartj\u00e1k sz\u00e1mon. H\u00fasa j\u00f3l ismert \u00e9s \u00e9rt\u00e9kes \u00e9des-savany\u00fa<\/p>\n<p>maxima<br \/>\n\u00c9rkez\u00e9si id\u0151: 100 nap<br \/>\nB\u00faja ind\u00e1sod\u00e1s<br \/>\nA C. maxima \u00e1ltal\u00e1ban robusztus \u00e9s kiv\u00e1l\u00f3an ehet\u0151 t\u00f6k<\/p>\n<p>Ez a fajta meleg, \u00e1tereszt\u0151 talajban fejl\u0151dik. El\u0151m\u0171vel\u00e9s \u00e9s \u00fcltet\u00e9s vet\u00e9ssel \u00e1prilis v\u00e9g\u00e9t\u0151l vagy k\u00f6zvetlen vet\u00e9s m\u00e1jus elej\u00e9t\u0151l<\/p>\n<p>A t\u00f6k\u00f6k \u00fcltet\u00e9si t\u00e1vols\u00e1ga az ind\u00e1sod\u00e1si szok\u00e1sukt\u00f3l f\u00fcgg<\/p>\n<p>Lehets\u00e9ges k\u00e1rtev\u0151k: csig\u00e1k, madarak, egerek, lev\u00e9ltetvek, lisztharmat, v\u00edrusok<\/p>\n<p>A csomag 10 szem magot tartalmaz<\/p>\n<p>&nbsp;<\/p>\n","protected":false},"featured_media":37811,"comment_status":"closed","ping_status":"closed","template":"","meta":[],"product_brand":[],"product_cat":[345],"product_tag":[],"class_list":{"0":"post-37810","1":"product","2":"type-product","3":"status-publish","4":"has-post-thumbnail","6":"product_cat-suto-fozo-es-disztokok","8":"first","9":"instock","10":"taxable","11":"shipping-taxable","12":"purchasable","13":"product-type-simple"},"_links":{"self":[{"href":"https:\/\/chilimag.hu\/webshop\/wp-json\/wp\/v2\/product\/37810","targetHints":{"allow":["GET"]}}],"collection":[{"href":"https:\/\/chilimag.hu\/webshop\/wp-json\/wp\/v2\/product"}],"about":[{"href":"https:\/\/chilimag.hu\/webshop\/wp-json\/wp\/v2\/types\/product"}],"replies":[{"embeddable":true,"href":"https:\/\/chilimag.hu\/webshop\/wp-json\/wp\/v2\/comments?post=37810"}],"wp:featuredmedia":[{"embeddable":true,"href":"https:\/\/chilimag.hu\/webshop\/wp-json\/wp\/v2\/media\/37811"}],"wp:attachment":[{"href":"https:\/\/chilimag.hu\/webshop\/wp-json\/wp\/v2\/media?parent=37810"}],"wp:term":[{"taxonomy":"product_brand","embeddable":true,"href":"https:\/\/chilimag.hu\/webshop\/wp-json\/wp\/v2\/product_brand?post=37810"},{"taxonomy":"product_cat","embeddable":true,"href":"https:\/\/chilimag.hu\/webshop\/wp-json\/wp\/v2\/product_cat?post=37810"},{"taxonomy":"product_tag","embeddable":true,"href":"https:\/\/chilimag.hu\/webshop\/wp-json\/wp\/v2\/product_tag?post=37810"}],"curies":[{"name":"wp","href":"https:\/\/api.w.org\/{rel}","templated":true}]}}