{"id":37806,"date":"2025-08-28T18:20:20","date_gmt":"2025-08-28T18:20:20","guid":{"rendered":"https:\/\/chilimag.hu\/webshop\/?post_type=product&#038;p=37806"},"modified":"2025-08-29T16:08:54","modified_gmt":"2025-08-29T16:08:54","slug":"goosebumps-f1-b-s-dekortok","status":"publish","type":"product","link":"https:\/\/chilimag.hu\/webshop\/termek\/goosebumps-f1-b-s-dekortok\/","title":{"rendered":"Goosebumps F1 B-s Dekort\u00f6k"},"content":{"rendered":"","protected":false},"excerpt":{"rendered":"<p><img decoding=\"async\" src=\"https:\/\/chilimag.hu\/webshop\/wp-content\/uploads\/2022\/10\/bobby-seeds-test-logo-150x150.png\" \/><\/p>\n<p>Term\u00e9kle\u00edr\u00e1s<\/p>\n<p>&#8222;Goosebumps F1&#8221;<\/p>\n<p>Szem\u00f6lcs\u00f6s, kerekded Halloween t\u00f6k<\/p>\n<p>Er\u0151sen szem\u00f6lcs\u00f6s, magas, kerekded Halloween fajta, s\u00falya kb. 3,5-5,5 kg. Nagyon sz\u00e9p, s\u00f6t\u00e9t sz\u00edn\u0171, vonz\u00f3 megjelen\u00e9s\u0171.<\/p>\n<p>Cucurbita pepo<br \/>\n\u00c9rkez\u00e9si id\u0151 kb. 90 nap.<br \/>\nA Goosebumps F1 k\u00f6zepesen ind\u00e1s.<br \/>\nA Goosebumps F1 fogyaszt\u00e1sra nem alkalmas.<\/p>\n<p>A t\u00f6k meleg, j\u00f3 v\u00edzelvezet\u00e9s\u0171 talajban fejl\u0151dik a legjobban. El\u0151m\u0171vel\u00e9ssel \u00e9s \u00fcltet\u00e9ssel, vet\u00e9ssel \u00e1prilis v\u00e9g\u00e9t\u0151l, vagy k\u00f6zvetlen vet\u00e9ssel m\u00e1jus elej\u00e9t\u0151l.<\/p>\n<p>A Goosebumps F1 eset\u00e9ben kb. 2 n\u00e9gyzetm\u00e9ternyi ter\u00fcletet javaslunk n\u00f6v\u00e9nyenk\u00e9nt.<\/p>\n<p>Potenci\u00e1lis k\u00e1rtev\u0151k: csig\u00e1k, madarak, egerek, lev\u00e9ltetvek, lisztharmat, v\u00edrusok.<\/p>\n<p>A csomag 10 szem magot tartalmaz<\/p>\n<p>&nbsp;<\/p>\n","protected":false},"featured_media":37807,"comment_status":"closed","ping_status":"closed","template":"","meta":[],"product_brand":[],"product_cat":[345],"product_tag":[],"class_list":{"0":"post-37806","1":"product","2":"type-product","3":"status-publish","4":"has-post-thumbnail","6":"product_cat-suto-fozo-es-disztokok","8":"first","9":"instock","10":"taxable","11":"shipping-taxable","12":"purchasable","13":"product-type-simple"},"_links":{"self":[{"href":"https:\/\/chilimag.hu\/webshop\/wp-json\/wp\/v2\/product\/37806","targetHints":{"allow":["GET"]}}],"collection":[{"href":"https:\/\/chilimag.hu\/webshop\/wp-json\/wp\/v2\/product"}],"about":[{"href":"https:\/\/chilimag.hu\/webshop\/wp-json\/wp\/v2\/types\/product"}],"replies":[{"embeddable":true,"href":"https:\/\/chilimag.hu\/webshop\/wp-json\/wp\/v2\/comments?post=37806"}],"wp:featuredmedia":[{"embeddable":true,"href":"https:\/\/chilimag.hu\/webshop\/wp-json\/wp\/v2\/media\/37807"}],"wp:attachment":[{"href":"https:\/\/chilimag.hu\/webshop\/wp-json\/wp\/v2\/media?parent=37806"}],"wp:term":[{"taxonomy":"product_brand","embeddable":true,"href":"https:\/\/chilimag.hu\/webshop\/wp-json\/wp\/v2\/product_brand?post=37806"},{"taxonomy":"product_cat","embeddable":true,"href":"https:\/\/chilimag.hu\/webshop\/wp-json\/wp\/v2\/product_cat?post=37806"},{"taxonomy":"product_tag","embeddable":true,"href":"https:\/\/chilimag.hu\/webshop\/wp-json\/wp\/v2\/product_tag?post=37806"}],"curies":[{"name":"wp","href":"https:\/\/api.w.org\/{rel}","templated":true}]}}