{"id":37800,"date":"2025-08-28T18:00:29","date_gmt":"2025-08-28T18:00:29","guid":{"rendered":"https:\/\/chilimag.hu\/webshop\/?post_type=product&#038;p=37800"},"modified":"2026-02-08T20:57:35","modified_gmt":"2026-02-08T20:57:35","slug":"kelle-bicolor-dekortok-b-s","status":"publish","type":"product","link":"https:\/\/chilimag.hu\/webshop\/termek\/kelle-bicolor-dekortok-b-s\/","title":{"rendered":"Kelle bicolor Dekort\u00f6k B-S"},"content":{"rendered":"","protected":false},"excerpt":{"rendered":"<p><img decoding=\"async\" src=\"https:\/\/chilimag.hu\/webshop\/wp-content\/uploads\/2022\/10\/bobby-seeds-test-logo-150x150.png\" \/><\/p>\n<p>Term\u00e9kle\u00edr\u00e1<\/p>\n<p>&#8222;Kelle bicolor&#8221;<\/p>\n<p>Narancss\u00e1rga, kan\u00e1l alak\u00fa, valamivel er\u0151teljesebb \u00e9s dekorat\u00edvabb, mint a Pear bicolor<\/p>\n<p>A n\u00f6v\u00e9nyek nagyon term\u00e9kenyek. A k\u00f6r\u00fclbel\u00fcl 8-10 cm-es hossz\u00fak\u00e1s gy\u00fcm\u00f6lcs\u00f6k s\u00f6t\u00e9ts\u00e1rg\u00e1k, z\u00f6lddel sz\u00ednez\u0151dnek. M\u00e9g a Pear bicolor gy\u00fcm\u00f6lcsein\u00e9l is hosszabb eltarthat\u00f3s\u00e1gi idej\u00fck \u00e9s felt\u0171n\u0151, hossz\u00fak\u00e1s form\u00e1juk rendk\u00edv\u00fcl n\u00e9pszer\u0171v\u00e9 teszi \u0151ket vonz\u00f3 \u0151szi dekor\u00e1ci\u00f3k\u00e9nt.<\/p>\n<p>pepo<br \/>\n\u00c9rkez\u00e9si id\u0151: 85 nap<br \/>\nM\u00e9rs\u00e9kelt k\u00fasz\u00f3n\u00f6v\u00e9nyes habitus<br \/>\nIgazi d\u00edszt\u00f6k, fogyaszt\u00e1sra nem alkalmas<\/p>\n<p>A d\u00edszt\u00f6k\u00f6k meleg, j\u00f3 v\u00edzelvezet\u00e9s\u0171 talajban fejl\u0151dnek. El\u0151nevel\u00e9s \u00e9s \u00fcltet\u00e9s vet\u00e9ssel \u00e1prilis v\u00e9g\u00e9t\u0151l vagy k\u00f6zvetlen vet\u00e9s m\u00e1jus elej\u00e9t\u0151l<\/p>\n<p>A t\u00f6k\u00f6k \u00fcltet\u00e9si t\u00e1vols\u00e1ga a k\u00fasz\u00f3n\u00f6v\u00e9nyes habitusukt\u00f3l f\u00fcgg<\/p>\n<p>Lehets\u00e9ges k\u00e1rtev\u0151k: Csig\u00e1k, madarak, egerek, lev\u00e9ltetvek, lisztharmat, v\u00edrusok<\/p>\n<p>A csomag 10 szem magot tartalmaz<\/p>\n","protected":false},"featured_media":37801,"comment_status":"closed","ping_status":"closed","template":"","meta":[],"product_brand":[],"product_cat":[345],"product_tag":[],"class_list":{"0":"post-37800","1":"product","2":"type-product","3":"status-publish","4":"has-post-thumbnail","6":"product_cat-suto-fozo-es-disztokok","8":"first","9":"outofstock","10":"taxable","11":"shipping-taxable","12":"purchasable","13":"product-type-simple"},"_links":{"self":[{"href":"https:\/\/chilimag.hu\/webshop\/wp-json\/wp\/v2\/product\/37800","targetHints":{"allow":["GET"]}}],"collection":[{"href":"https:\/\/chilimag.hu\/webshop\/wp-json\/wp\/v2\/product"}],"about":[{"href":"https:\/\/chilimag.hu\/webshop\/wp-json\/wp\/v2\/types\/product"}],"replies":[{"embeddable":true,"href":"https:\/\/chilimag.hu\/webshop\/wp-json\/wp\/v2\/comments?post=37800"}],"wp:featuredmedia":[{"embeddable":true,"href":"https:\/\/chilimag.hu\/webshop\/wp-json\/wp\/v2\/media\/37801"}],"wp:attachment":[{"href":"https:\/\/chilimag.hu\/webshop\/wp-json\/wp\/v2\/media?parent=37800"}],"wp:term":[{"taxonomy":"product_brand","embeddable":true,"href":"https:\/\/chilimag.hu\/webshop\/wp-json\/wp\/v2\/product_brand?post=37800"},{"taxonomy":"product_cat","embeddable":true,"href":"https:\/\/chilimag.hu\/webshop\/wp-json\/wp\/v2\/product_cat?post=37800"},{"taxonomy":"product_tag","embeddable":true,"href":"https:\/\/chilimag.hu\/webshop\/wp-json\/wp\/v2\/product_tag?post=37800"}],"curies":[{"name":"wp","href":"https:\/\/api.w.org\/{rel}","templated":true}]}}