{"id":37798,"date":"2025-08-28T17:56:30","date_gmt":"2025-08-28T17:56:30","guid":{"rendered":"https:\/\/chilimag.hu\/webshop\/?post_type=product&#038;p=37798"},"modified":"2025-08-30T12:13:55","modified_gmt":"2025-08-30T12:13:55","slug":"sutotok-blue-doll-f1-b-s","status":"publish","type":"product","link":"https:\/\/chilimag.hu\/webshop\/termek\/sutotok-blue-doll-f1-b-s\/","title":{"rendered":"Blue Doll F1 S\u00fct\u0151t\u00f6k B-S"},"content":{"rendered":"","protected":false},"excerpt":{"rendered":"<p><img decoding=\"async\" src=\"https:\/\/chilimag.hu\/webshop\/wp-content\/uploads\/2022\/10\/bobby-seeds-test-logo-150x150.png\" \/><\/p>\n<p>Term\u00e9kle\u00edr\u00e1s<\/p>\n<p>&#8222;Blue Doll F1&#8221;<\/p>\n<p>K\u00e9k d\u00edsz\u00edt\u0151elem<\/p>\n<p>A Blue Doll t\u00f6mb\u00f6s, gy\u00f6ny\u00f6r\u0171en bord\u00e1zott, \u00e9l\u00e9nk ac\u00e9lk\u00e9k sz\u00edn\u0171 gy\u00fcm\u00f6lcs\u00f6ket terem. K\u00f6r\u00fclbel\u00fcl 10 kg s\u00faly\u00e1val ez a fajta a bej\u00e1rati ajt\u00f3 vagy a terasz f\u00e9nypontja lehet. A h\u00fas s\u00f6t\u00e9t narancss\u00e1rga, \u00e9s minden t\u00f6kb\u0151l k\u00e9sz\u00fclt \u00e9telhez alkalmas. A Blue Doll F1 enyh\u00e9n t\u0171ri a lisztharmatot. A Blue Doll F1 el\u0151m\u0171velve \u00e9s \u00fcltetve adja a legjobb term\u00e9st.<\/p>\n<p>Cucurbita maxima<br \/>\n\u00c9rkez\u00e9si id\u0151: k\u00f6r\u00fclbel\u00fcl 100-110 nap<br \/>\nA Blue Doll F1 er\u0151teljesen ind\u00e1sodik<br \/>\nA Blue Doll F1 kiv\u00e1l\u00f3 ehet\u0151 t\u00f6k m\u00e9ly narancss\u00e1rga h\u00fassal<\/p>\n<p>A t\u00f6k\u00f6k meleg, j\u00f3 v\u00edzelvezet\u00e9s\u0171 talajban fejl\u0151dnek. El\u0151m\u0171vel\u00e9ssel \u00e9s \u00fcltet\u00e9ssel \u00e1prilis v\u00e9g\u00e9t\u0151l, vagy k\u00f6zvetlen vet\u00e9ssel m\u00e1jus elej\u00e9t\u0151l.<\/p>\n<p>A Blue Doll F1 eset\u00e9ben n\u00f6v\u00e9nyenk\u00e9nt 3 n\u00e9gyzetm\u00e9tert javaslunk.<\/p>\n<p>Potenci\u00e1lis k\u00e1rtev\u0151k: csig\u00e1k, madarak, egerek, lev\u00e9ltetvek, lisztharmat, v\u00edrusok<\/p>\n<p>A csomag 10 szem magot tartalmaz<\/p>\n","protected":false},"featured_media":37799,"comment_status":"closed","ping_status":"closed","template":"","meta":[],"product_brand":[],"product_cat":[345],"product_tag":[],"class_list":{"0":"post-37798","1":"product","2":"type-product","3":"status-publish","4":"has-post-thumbnail","6":"product_cat-suto-fozo-es-disztokok","8":"first","9":"instock","10":"taxable","11":"shipping-taxable","12":"purchasable","13":"product-type-simple"},"_links":{"self":[{"href":"https:\/\/chilimag.hu\/webshop\/wp-json\/wp\/v2\/product\/37798","targetHints":{"allow":["GET"]}}],"collection":[{"href":"https:\/\/chilimag.hu\/webshop\/wp-json\/wp\/v2\/product"}],"about":[{"href":"https:\/\/chilimag.hu\/webshop\/wp-json\/wp\/v2\/types\/product"}],"replies":[{"embeddable":true,"href":"https:\/\/chilimag.hu\/webshop\/wp-json\/wp\/v2\/comments?post=37798"}],"wp:featuredmedia":[{"embeddable":true,"href":"https:\/\/chilimag.hu\/webshop\/wp-json\/wp\/v2\/media\/37799"}],"wp:attachment":[{"href":"https:\/\/chilimag.hu\/webshop\/wp-json\/wp\/v2\/media?parent=37798"}],"wp:term":[{"taxonomy":"product_brand","embeddable":true,"href":"https:\/\/chilimag.hu\/webshop\/wp-json\/wp\/v2\/product_brand?post=37798"},{"taxonomy":"product_cat","embeddable":true,"href":"https:\/\/chilimag.hu\/webshop\/wp-json\/wp\/v2\/product_cat?post=37798"},{"taxonomy":"product_tag","embeddable":true,"href":"https:\/\/chilimag.hu\/webshop\/wp-json\/wp\/v2\/product_tag?post=37798"}],"curies":[{"name":"wp","href":"https:\/\/api.w.org\/{rel}","templated":true}]}}