{"id":37790,"date":"2025-08-28T17:32:34","date_gmt":"2025-08-28T17:32:34","guid":{"rendered":"https:\/\/chilimag.hu\/webshop\/?post_type=product&#038;p=37790"},"modified":"2026-04-16T19:08:46","modified_gmt":"2026-04-16T19:08:46","slug":"sutotok-amish-pie-b-s","status":"publish","type":"product","link":"https:\/\/chilimag.hu\/webshop\/termek\/sutotok-amish-pie-b-s\/","title":{"rendered":"Amish Pie S\u00fct\u0151t\u00f6k B-S"},"content":{"rendered":"","protected":false},"excerpt":{"rendered":"<p><img decoding=\"async\" src=\"https:\/\/chilimag.hu\/webshop\/wp-content\/uploads\/2022\/10\/bobby-seeds-test-logo-150x150.png\" \/><\/p>\n<p>Term\u00e9kle\u00edr\u00e1s<\/p>\n<p>Gy\u00f6ny\u00f6r\u0171, sz\u00edv alak\u00fa t\u00f6k<\/p>\n<p>Az Amish Pie vastag, finom \u00e9s kiv\u00e1l\u00f3 h\u00fast fejleszt n\u00f6veked\u00e9se sor\u00e1n. Ez mindig j\u00f3 v\u00e1laszt\u00e1s a konyh\u00e1ba, k\u00fcl\u00f6n\u00f6sen a kr\u00e9msz\u00edn\u0171-narancss\u00e1rga gy\u00fcm\u00f6lcs\u00f6k k\u00f6nnyen kezelhet\u0151, 3-6 kg-os m\u00e9rete miatt. Szerencs\u00e9snek mondhatja mag\u00e1t, hogy lehet\u0151s\u00e9ge van ezt a ritkas\u00e1got termeszteni.<\/p>\n<p>maxima<br \/>\n\u00c9rkez\u00e9si id\u0151: 100 nap<br \/>\nM\u00e9rs\u00e9kelt ind\u00e1s viselked\u00e9s<br \/>\nA C. maxima \u00e1ltal\u00e1ban robusztus \u00e9s kiv\u00e1l\u00f3an ehet\u0151 t\u00f6k.<\/p>\n<p>Ez a fajta meleg, j\u00f3 v\u00edzelvezet\u00e9s\u0171 talajban fejl\u0151dik. El\u0151m\u0171vel\u00e9ssel \u00e9s \u00fcltet\u00e9ssel, vet\u00e9ssel \u00e1prilis v\u00e9g\u00e9t\u0151l, vagy k\u00f6zvetlen vet\u00e9ssel m\u00e1jus elej\u00e9t\u0151l.<\/p>\n<p>A t\u00f6k\u00f6k \u00fcltet\u00e9si t\u00e1vols\u00e1ga az ind\u00e1s viselked\u00e9s\u00fckt\u0151l f\u00fcgg.<\/p>\n<p>Potenci\u00e1lis k\u00e1rtev\u0151k: Csig\u00e1k, madarak, egerek, lev\u00e9ltetvek, lisztharmat, v\u00edrusok<\/p>\n<p>A csomag 10 szem magot tartalmaz<\/p>\n<p>&nbsp;<\/p>\n","protected":false},"featured_media":37791,"comment_status":"closed","ping_status":"closed","template":"","meta":[],"product_brand":[],"product_cat":[345],"product_tag":[],"class_list":{"0":"post-37790","1":"product","2":"type-product","3":"status-publish","4":"has-post-thumbnail","6":"product_cat-suto-fozo-es-disztokok","8":"first","9":"instock","10":"taxable","11":"shipping-taxable","12":"purchasable","13":"product-type-simple"},"_links":{"self":[{"href":"https:\/\/chilimag.hu\/webshop\/wp-json\/wp\/v2\/product\/37790","targetHints":{"allow":["GET"]}}],"collection":[{"href":"https:\/\/chilimag.hu\/webshop\/wp-json\/wp\/v2\/product"}],"about":[{"href":"https:\/\/chilimag.hu\/webshop\/wp-json\/wp\/v2\/types\/product"}],"replies":[{"embeddable":true,"href":"https:\/\/chilimag.hu\/webshop\/wp-json\/wp\/v2\/comments?post=37790"}],"wp:featuredmedia":[{"embeddable":true,"href":"https:\/\/chilimag.hu\/webshop\/wp-json\/wp\/v2\/media\/37791"}],"wp:attachment":[{"href":"https:\/\/chilimag.hu\/webshop\/wp-json\/wp\/v2\/media?parent=37790"}],"wp:term":[{"taxonomy":"product_brand","embeddable":true,"href":"https:\/\/chilimag.hu\/webshop\/wp-json\/wp\/v2\/product_brand?post=37790"},{"taxonomy":"product_cat","embeddable":true,"href":"https:\/\/chilimag.hu\/webshop\/wp-json\/wp\/v2\/product_cat?post=37790"},{"taxonomy":"product_tag","embeddable":true,"href":"https:\/\/chilimag.hu\/webshop\/wp-json\/wp\/v2\/product_tag?post=37790"}],"curies":[{"name":"wp","href":"https:\/\/api.w.org\/{rel}","templated":true}]}}