{"id":37763,"date":"2025-08-28T05:27:26","date_gmt":"2025-08-28T05:27:26","guid":{"rendered":"https:\/\/chilimag.hu\/webshop\/?post_type=product&#038;p=37763"},"modified":"2026-04-06T18:26:14","modified_gmt":"2026-04-06T18:26:14","slug":"nyugati-szamocafa","status":"publish","type":"product","link":"https:\/\/chilimag.hu\/webshop\/termek\/nyugati-szamocafa\/","title":{"rendered":"Nyugati szam\u00f3cafa"},"content":{"rendered":"","protected":false},"excerpt":{"rendered":"<p>Term\u00e9kle\u00edr\u00e1s<\/p>\n<p>Latin n\u00e9v:Arbutus unedo<\/p>\n<p><span data-huuid=\"11580521536210812456\"><mark class=\"QVRyCf\">m\u00e1s n\u00e9ven nyugati szam\u00f3cafa, egy \u00f6r\u00f6kz\u00f6ld cserje vagy kisebb fa, amely bab\u00e9rszer\u0171 levelekkel \u00e9s szam\u00f3ca\u00edz\u0171, piros term\u00e9sekkel rendelkezik<\/mark>. <\/span><span data-huuid=\"11580521536210810821\">M\u00e9szkedvel\u0151 n\u00f6v\u00e9ny, a hangaf\u00e9l\u00e9k csal\u00e1dj\u00e1ba tartozik, \u00e9s hagyom\u00e1nyosan gy\u00f3gyhat\u00e1s\u00fa levelekkel, valamint antioxid\u00e1nsokat tartalmaz\u00f3 term\u00e9sekkel rendelkezik.<\/span><\/p>\n<p>Felhaszn\u00e1l\u00e1sa<\/p>\n<p>Term\u00e9se ehet\u0151, de lisztes \u00edze, szemcs\u00e9s \u00e1llaga miatt nem igaz\u00e1n kellemes, ink\u00e1bb p\u00e1linka \u00e9s bef\u0151tt form\u00e1j\u00e1ban fogyasztj\u00e1k.<\/p>\n<p>Nagyon finom szemcs\u00e9j\u0171 f\u00e1j\u00e1t az asztalosok hasznos\u00edtj\u00e1k. R\u00e9gebben b\u0151r cserz\u00e9s\u00e9re is haszn\u00e1lt\u00e1k.<\/p>\n<p>A levelek sok csersavat \u00e9s arbutint tartalmaznak, melyek tiszt\u00edtj\u00e1k a h\u00fagyutakat, \u00e9s \u00f6sszeh\u00faz\u00f3 hat\u00e1s\u00faak. Gy\u00f6k\u00e9rf\u0151zete magas v\u00e9rnyom\u00e1s ellen hat\u00e1sos.<sup id=\"cite_ref-Ehet\u0151_1-1\" class=\"reference\"><\/sup><\/p>\n<p>A csomag \u00a05 szem magot tartalmaz<\/p>\n<p>&nbsp;<\/p>\n","protected":false},"featured_media":37765,"comment_status":"closed","ping_status":"closed","template":"","meta":[],"product_brand":[],"product_cat":[331],"product_tag":[],"class_list":{"0":"post-37763","1":"product","2":"type-product","3":"status-publish","4":"has-post-thumbnail","6":"product_cat-gyumolcs-vetomagok-egyeb-es-kulonleges-vetomagok","8":"first","9":"instock","10":"taxable","11":"shipping-taxable","12":"purchasable","13":"product-type-simple"},"_links":{"self":[{"href":"https:\/\/chilimag.hu\/webshop\/wp-json\/wp\/v2\/product\/37763","targetHints":{"allow":["GET"]}}],"collection":[{"href":"https:\/\/chilimag.hu\/webshop\/wp-json\/wp\/v2\/product"}],"about":[{"href":"https:\/\/chilimag.hu\/webshop\/wp-json\/wp\/v2\/types\/product"}],"replies":[{"embeddable":true,"href":"https:\/\/chilimag.hu\/webshop\/wp-json\/wp\/v2\/comments?post=37763"}],"wp:featuredmedia":[{"embeddable":true,"href":"https:\/\/chilimag.hu\/webshop\/wp-json\/wp\/v2\/media\/37765"}],"wp:attachment":[{"href":"https:\/\/chilimag.hu\/webshop\/wp-json\/wp\/v2\/media?parent=37763"}],"wp:term":[{"taxonomy":"product_brand","embeddable":true,"href":"https:\/\/chilimag.hu\/webshop\/wp-json\/wp\/v2\/product_brand?post=37763"},{"taxonomy":"product_cat","embeddable":true,"href":"https:\/\/chilimag.hu\/webshop\/wp-json\/wp\/v2\/product_cat?post=37763"},{"taxonomy":"product_tag","embeddable":true,"href":"https:\/\/chilimag.hu\/webshop\/wp-json\/wp\/v2\/product_tag?post=37763"}],"curies":[{"name":"wp","href":"https:\/\/api.w.org\/{rel}","templated":true}]}}