{"id":37761,"date":"2025-08-28T05:20:41","date_gmt":"2025-08-28T05:20:41","guid":{"rendered":"https:\/\/chilimag.hu\/webshop\/?post_type=product&#038;p=37761"},"modified":"2026-03-10T22:36:01","modified_gmt":"2026-03-10T22:36:01","slug":"guava","status":"publish","type":"product","link":"https:\/\/chilimag.hu\/webshop\/termek\/guava\/","title":{"rendered":"Gu\u00e1va"},"content":{"rendered":"","protected":false},"excerpt":{"rendered":"<p>Term\u00e9kle\u00edr\u00e1s<\/p>\n<p>Latin n\u00e9v:Psidium guajav<\/p>\n<p>K\u00f6z\u00e9p-Amerika tr\u00f3pusi ter\u00fcletein \u0151shonos, de kult\u00far\u00e1ba von\u00e1sa k\u00f6vetkezt\u00e9ben a vil\u00e1g sz\u00e1mos tr\u00f3pusi \u00e9s szubtr\u00f3pusi ter\u00fclet\u00e9n megtal\u00e1lhat\u00f3<\/p>\n<p>\u00c9rett term\u00e9se C vitaminban \u00e9s \u00a0pektinben gazdag, \u00e9lelmiszer. Nyersen gy\u00fcm\u00f6lcsk\u00e9nt, bef\u0151zve desszertk\u00e9nt fogyasztj\u00e1k (a magokkal egy\u00fctt), de \u00edzletes zsel\u00e9t \u00e9s gy\u00fcm\u00f6lcslevet is k\u00e9sz\u00edtenek bel\u0151le, a lev\u00e9vel sz\u00e1mos \u00e9lelmiszert \u00edzes\u00edtenek (p\u00e9ld\u00e1ul j\u00e9gkr\u00e9meket, \u00e9dess\u00e9geket, energiaitalokat). H\u00e9j\u00e1t sal\u00e1t\u00e1khoz \u00e9s pudingokhoz haszn\u00e1lj\u00e1k fel. \u00c1zsi\u00e1ban az \u00e9retlen term\u00e9st is kedvelik cukorral \u00e9s fah\u00e9jjal \u00edzes\u00edtve.<\/p>\n<p>Az \u00e9retlen term\u00e9st, level\u00e9t, gy\u00f6ker\u00e9t \u00e9s k\u00e9rg\u00e9t is hasmen\u00e9s ellen alkalmazz\u00e1k a n\u00e9pi gy\u00f3gy\u00e1szatban.<\/p>\n<p>A csomag<\/p>\n<p>&nbsp;<\/p>\n","protected":false},"featured_media":37762,"comment_status":"closed","ping_status":"closed","template":"","meta":[],"product_brand":[],"product_cat":[331],"product_tag":[],"class_list":{"0":"post-37761","1":"product","2":"type-product","3":"status-publish","4":"has-post-thumbnail","6":"product_cat-gyumolcs-vetomagok-egyeb-es-kulonleges-vetomagok","8":"first","9":"instock","10":"taxable","11":"shipping-taxable","12":"purchasable","13":"product-type-simple"},"_links":{"self":[{"href":"https:\/\/chilimag.hu\/webshop\/wp-json\/wp\/v2\/product\/37761","targetHints":{"allow":["GET"]}}],"collection":[{"href":"https:\/\/chilimag.hu\/webshop\/wp-json\/wp\/v2\/product"}],"about":[{"href":"https:\/\/chilimag.hu\/webshop\/wp-json\/wp\/v2\/types\/product"}],"replies":[{"embeddable":true,"href":"https:\/\/chilimag.hu\/webshop\/wp-json\/wp\/v2\/comments?post=37761"}],"wp:featuredmedia":[{"embeddable":true,"href":"https:\/\/chilimag.hu\/webshop\/wp-json\/wp\/v2\/media\/37762"}],"wp:attachment":[{"href":"https:\/\/chilimag.hu\/webshop\/wp-json\/wp\/v2\/media?parent=37761"}],"wp:term":[{"taxonomy":"product_brand","embeddable":true,"href":"https:\/\/chilimag.hu\/webshop\/wp-json\/wp\/v2\/product_brand?post=37761"},{"taxonomy":"product_cat","embeddable":true,"href":"https:\/\/chilimag.hu\/webshop\/wp-json\/wp\/v2\/product_cat?post=37761"},{"taxonomy":"product_tag","embeddable":true,"href":"https:\/\/chilimag.hu\/webshop\/wp-json\/wp\/v2\/product_tag?post=37761"}],"curies":[{"name":"wp","href":"https:\/\/api.w.org\/{rel}","templated":true}]}}