{"id":37757,"date":"2025-08-28T05:03:47","date_gmt":"2025-08-28T05:03:47","guid":{"rendered":"https:\/\/chilimag.hu\/webshop\/?post_type=product&#038;p=37757"},"modified":"2026-02-15T13:53:09","modified_gmt":"2026-02-15T13:53:09","slug":"bengalbirs","status":"publish","type":"product","link":"https:\/\/chilimag.hu\/webshop\/termek\/bengalbirs\/","title":{"rendered":"Beng\u00e1lb\u00edrs"},"content":{"rendered":"","protected":false},"excerpt":{"rendered":"<p>Term\u00e9kle\u00edr\u00e1s<\/p>\n<p>Latin n\u00e9v: Aegle marmelo<\/p>\n<div class=\"WaaZC\">\n<div class=\"RJPOee EIJn2\">\n<div class=\"rPeykc\" data-hveid=\"CAQQAQ\" data-ved=\"2ahUKEwiv96Oy3KyPAxVk-wIHHepxAGcQo_EKegQIBBAB\">\n<p><span data-huuid=\"8039246705570388033\"><mark class=\"QVRyCf\">Beng\u00e1libirs, egy d\u00e9l- \u00e9s d\u00e9lkelet-\u00e1zsiai sz\u00e1rmaz\u00e1s\u00fa, k\u00fcl\u00f6n\u00f6sen Indi\u00e1ban honos fafaj<\/mark>. <\/span><span data-huuid=\"8039246705570386828\">A fa gy\u00fcm\u00f6lcs\u00e9t, level\u00e9t, k\u00e9rg\u00e9t \u00e9s gy\u00f6ker\u00e9t is felhaszn\u00e1lj\u00e1k, a gy\u00fcm\u00f6lcs\u00f6t pedig nyersen fogyasztj\u00e1k, vagy l\u00e9, lekv\u00e1r, sz\u00f6rp \u00e9s savany\u00fas\u00e1g k\u00e9sz\u00edt\u00e9s\u00e9re haszn\u00e1lj\u00e1k. <\/span><span data-huuid=\"8039246705570389719\">Indi\u00e1ban \u00e9s a buddhista kult\u00far\u00e1ban szent f\u00e1nak tekintik.<span class=\"pjBG2e\" data-cid=\"a6e69199-5f44-491b-8cab-2097d2141deb\"><span class=\"UV3uM\">\u00a0<\/span><\/span><\/span><\/p>\n<p>A csomag 5 szem magot tartalmaz<\/p>\n<div class=\"NPrrbc\" data-cid=\"a6e69199-5f44-491b-8cab-2097d2141deb\" data-uuids=\"8039246705570388033,8039246705570386828,8039246705570389719\">\n<div class=\"BMebGe btku5b fCrZyc LwdV0e FR7ZSc qVhvac OJeuxf\" tabindex=\"0\" role=\"button\" aria-label=\"Kapcsol\u00f3d\u00f3 linkek megjelen\u00edt\u00e9se\" data-hveid=\"CAUQAQ\" data-ved=\"2ahUKEwiv96Oy3KyPAxVk-wIHHepxAGcQ3fYKegQIBRAB\">\n<div class=\"niO4u\">\n<div class=\"kHtcsd\"><\/div>\n<\/div>\n<\/div>\n<\/div>\n<\/div>\n<\/div>\n<\/div>\n<div class=\"WaaZC\">\n<div class=\"RJPOee EIJn2\"><\/div>\n<\/div>\n<p>&nbsp;<\/p>\n","protected":false},"featured_media":37758,"comment_status":"closed","ping_status":"closed","template":"","meta":[],"product_brand":[],"product_cat":[331],"product_tag":[],"class_list":{"0":"post-37757","1":"product","2":"type-product","3":"status-publish","4":"has-post-thumbnail","6":"product_cat-gyumolcs-vetomagok-egyeb-es-kulonleges-vetomagok","8":"first","9":"instock","10":"taxable","11":"shipping-taxable","12":"purchasable","13":"product-type-simple"},"_links":{"self":[{"href":"https:\/\/chilimag.hu\/webshop\/wp-json\/wp\/v2\/product\/37757","targetHints":{"allow":["GET"]}}],"collection":[{"href":"https:\/\/chilimag.hu\/webshop\/wp-json\/wp\/v2\/product"}],"about":[{"href":"https:\/\/chilimag.hu\/webshop\/wp-json\/wp\/v2\/types\/product"}],"replies":[{"embeddable":true,"href":"https:\/\/chilimag.hu\/webshop\/wp-json\/wp\/v2\/comments?post=37757"}],"wp:featuredmedia":[{"embeddable":true,"href":"https:\/\/chilimag.hu\/webshop\/wp-json\/wp\/v2\/media\/37758"}],"wp:attachment":[{"href":"https:\/\/chilimag.hu\/webshop\/wp-json\/wp\/v2\/media?parent=37757"}],"wp:term":[{"taxonomy":"product_brand","embeddable":true,"href":"https:\/\/chilimag.hu\/webshop\/wp-json\/wp\/v2\/product_brand?post=37757"},{"taxonomy":"product_cat","embeddable":true,"href":"https:\/\/chilimag.hu\/webshop\/wp-json\/wp\/v2\/product_cat?post=37757"},{"taxonomy":"product_tag","embeddable":true,"href":"https:\/\/chilimag.hu\/webshop\/wp-json\/wp\/v2\/product_tag?post=37757"}],"curies":[{"name":"wp","href":"https:\/\/api.w.org\/{rel}","templated":true}]}}