{"id":37732,"date":"2025-08-26T19:03:38","date_gmt":"2025-08-26T19:03:38","guid":{"rendered":"https:\/\/chilimag.hu\/webshop\/?post_type=product&#038;p=37732"},"modified":"2025-12-10T14:20:29","modified_gmt":"2025-12-10T14:20:29","slug":"tea-cserje-mag-camelia-sinensis","status":"publish","type":"product","link":"https:\/\/chilimag.hu\/webshop\/termek\/tea-cserje-mag-camelia-sinensis\/","title":{"rendered":"Tea cserje mag camelia sinensis"},"content":{"rendered":"","protected":false},"excerpt":{"rendered":"<p>Term\u00e9kle\u00edr\u00e1s<\/p>\n<p>Latin n\u00e9v: Camelia sinensis<\/p>\n<p>A Camellia sinensis fajt\u00e1k \u00f6r\u00f6kz\u00f6ld cserj\u00e9kk\u00e9nt vagy kis f\u00e1kk\u00e9nt n\u0151nek, 1-5 m\u00e9teres magass\u00e1ggal, ritk\u00e1n ak\u00e1r 9 m\u00e9teres magass\u00e1ggal.<br \/>\nA fiatal \u00e1gak k\u00e9rge kezdetben v\u00f6r\u00f6ses \u00e9s feh\u00e9r sz\u0151r\u00f6kkel bor\u00edtott, de gyorsan csupasz lesz \u00e9s s\u00e1rg\u00e1s-sz\u00fcrk\u00e9v\u00e9 v\u00e1lik. A cs\u00facsr\u00fcgyek szint\u00e9n ez\u00fcst\u00f6s sz\u0151r\u00f6kkel vannak bor\u00edtva.<br \/>\nK\u00e9t Camellia sinensis fajta fajt\u00e1ja k\u00fcl\u00f6nb\u00f6z\u0151 min\u0151s\u00e9g\u0171 te\u00e1kat termel.<br \/>\nA Camellia sinensis var. sinensis k\u00f6nny\u0171, \u00e9l\u00e9nk sz\u00edn\u0171, er\u0151s arom\u00e1j\u00fa te\u00e1t termel.<\/p>\n<p>A csomag 5 szem magot tartalmaz<\/p>\n<p>&nbsp;<\/p>\n","protected":false},"featured_media":37735,"comment_status":"closed","ping_status":"closed","template":"","meta":[],"product_brand":[],"product_cat":[347,330],"product_tag":[],"class_list":{"0":"post-37732","1":"product","2":"type-product","3":"status-publish","4":"has-post-thumbnail","6":"product_cat-347","7":"product_cat-fuszer-es-gyogynoveny-vetomagok","9":"first","10":"instock","11":"taxable","12":"shipping-taxable","13":"purchasable","14":"product-type-simple"},"_links":{"self":[{"href":"https:\/\/chilimag.hu\/webshop\/wp-json\/wp\/v2\/product\/37732","targetHints":{"allow":["GET"]}}],"collection":[{"href":"https:\/\/chilimag.hu\/webshop\/wp-json\/wp\/v2\/product"}],"about":[{"href":"https:\/\/chilimag.hu\/webshop\/wp-json\/wp\/v2\/types\/product"}],"replies":[{"embeddable":true,"href":"https:\/\/chilimag.hu\/webshop\/wp-json\/wp\/v2\/comments?post=37732"}],"wp:featuredmedia":[{"embeddable":true,"href":"https:\/\/chilimag.hu\/webshop\/wp-json\/wp\/v2\/media\/37735"}],"wp:attachment":[{"href":"https:\/\/chilimag.hu\/webshop\/wp-json\/wp\/v2\/media?parent=37732"}],"wp:term":[{"taxonomy":"product_brand","embeddable":true,"href":"https:\/\/chilimag.hu\/webshop\/wp-json\/wp\/v2\/product_brand?post=37732"},{"taxonomy":"product_cat","embeddable":true,"href":"https:\/\/chilimag.hu\/webshop\/wp-json\/wp\/v2\/product_cat?post=37732"},{"taxonomy":"product_tag","embeddable":true,"href":"https:\/\/chilimag.hu\/webshop\/wp-json\/wp\/v2\/product_tag?post=37732"}],"curies":[{"name":"wp","href":"https:\/\/api.w.org\/{rel}","templated":true}]}}