{"id":37729,"date":"2025-08-26T18:58:38","date_gmt":"2025-08-26T18:58:38","guid":{"rendered":"https:\/\/chilimag.hu\/webshop\/?post_type=product&#038;p=37729"},"modified":"2026-04-30T10:22:22","modified_gmt":"2026-04-30T10:22:22","slug":"indiai-lotusz-rozsaszin","status":"publish","type":"product","link":"https:\/\/chilimag.hu\/webshop\/termek\/indiai-lotusz-rozsaszin\/","title":{"rendered":"Indiai L\u00f3tusz R\u00f3zsasz\u00edn"},"content":{"rendered":"","protected":false},"excerpt":{"rendered":"<p>Term\u00e9kle\u00edr\u00e1s<\/p>\n<p>Latin n\u00e9v: Nelumbo nucifera T\u00f6bb \u00e1zsiai orsz\u00e1gban fogyasztj\u00e1k. K\u00edn\u00e1ban \u00e9s Indi\u00e1ban r\u00e9gebben, \u00fagynevezett \u201evar\u00e1zsital\u201d k\u00e9sz\u00edt\u00e9s\u00e9re haszn\u00e1lt\u00e1k fel, ezt a l\u00f3tuszf\u00e9l\u00e9t; manaps\u00e1g s\u00fctem\u00e9nynek dolgozz\u00e1k fel. Gy\u00f6kt\u00f6rzs\u00e9b\u0151l f\u0151zel\u00e9ket k\u00e9sz\u00edtenek, tejnedve pedig gy\u00f3gy\u00e1szati c\u00e9lokat szolg\u00e1l.<\/p>\n<p>A csomag 5 szem magot tartalmaz<\/p>\n<p>&nbsp;<\/p>\n","protected":false},"featured_media":37730,"comment_status":"closed","ping_status":"closed","template":"","meta":[],"product_brand":[],"product_cat":[328],"product_tag":[],"class_list":{"0":"post-37729","1":"product","2":"type-product","3":"status-publish","4":"has-post-thumbnail","6":"product_cat-virag-es-disznoveny-vetomagok","8":"first","9":"instock","10":"taxable","11":"shipping-taxable","12":"purchasable","13":"product-type-simple"},"_links":{"self":[{"href":"https:\/\/chilimag.hu\/webshop\/wp-json\/wp\/v2\/product\/37729","targetHints":{"allow":["GET"]}}],"collection":[{"href":"https:\/\/chilimag.hu\/webshop\/wp-json\/wp\/v2\/product"}],"about":[{"href":"https:\/\/chilimag.hu\/webshop\/wp-json\/wp\/v2\/types\/product"}],"replies":[{"embeddable":true,"href":"https:\/\/chilimag.hu\/webshop\/wp-json\/wp\/v2\/comments?post=37729"}],"wp:featuredmedia":[{"embeddable":true,"href":"https:\/\/chilimag.hu\/webshop\/wp-json\/wp\/v2\/media\/37730"}],"wp:attachment":[{"href":"https:\/\/chilimag.hu\/webshop\/wp-json\/wp\/v2\/media?parent=37729"}],"wp:term":[{"taxonomy":"product_brand","embeddable":true,"href":"https:\/\/chilimag.hu\/webshop\/wp-json\/wp\/v2\/product_brand?post=37729"},{"taxonomy":"product_cat","embeddable":true,"href":"https:\/\/chilimag.hu\/webshop\/wp-json\/wp\/v2\/product_cat?post=37729"},{"taxonomy":"product_tag","embeddable":true,"href":"https:\/\/chilimag.hu\/webshop\/wp-json\/wp\/v2\/product_tag?post=37729"}],"curies":[{"name":"wp","href":"https:\/\/api.w.org\/{rel}","templated":true}]}}