{"id":37342,"date":"2025-06-29T15:37:05","date_gmt":"2025-06-29T15:37:05","guid":{"rendered":"https:\/\/chilimag.hu\/webshop\/?post_type=product&#038;p=37342"},"modified":"2026-02-05T20:09:12","modified_gmt":"2026-02-05T20:09:12","slug":"uborka-prestigioso-f1-sakata","status":"publish","type":"product","link":"https:\/\/chilimag.hu\/webshop\/termek\/uborka-prestigioso-f1-sakata\/","title":{"rendered":"Uborka Prestigioso F1 Sakata"},"content":{"rendered":"","protected":false},"excerpt":{"rendered":"<p><img decoding=\"async\" class=\"general_border\" src=\"https:\/\/seminteplante.ro\/img\/m\/37-brand_default.jpg\" alt=\"Sakata\" width=\"154\" height=\"70\" \/><\/p>\n<p>Le\u00edr\u00e1s<\/p>\n<p>Partenokarp hibrid, v\u00e9dett helyeken t\u00f6rt\u00e9n\u0151 extra korai termeszt\u00e9shez aj\u00e1nlott.<\/p>\n<p>A n\u00f6v\u00e9ny er\u0151teljes n\u00f6veked\u00e9s\u0171, r\u00f6vid intern\u00f3diumokkal, intern\u00f3diumonk\u00e9nt 1-2 term\u00e9st hoz, nagyon vonz\u00f3, egyforma, s\u00f6t\u00e9tz\u00f6ld, t\u00f6visekkel.<\/p>\n<p>A hibrid toler\u00e1lja a k\u00f6rnyezeti felt\u00e9teleket, a teljes termeszt\u00e9si ciklus alatt folyamatosan min\u0151s\u00e9gi term\u00e9st biztos\u00edt.<\/p>\n<p>Ropog\u00f3s, \u00edzletes bels\u0151 szerkezet, ide\u00e1lis friss fogyaszt\u00e1sra, de tart\u00f3s\u00edt\u00e1sra is.<\/p>\n<p>&nbsp;<\/p>\n","protected":false},"featured_media":37343,"comment_status":"closed","ping_status":"closed","template":"","meta":[],"product_brand":[],"product_cat":[392],"product_tag":[],"class_list":{"0":"post-37342","1":"product","2":"type-product","3":"status-publish","4":"has-post-thumbnail","6":"product_cat-japan-sakata-vetomagok","8":"first","9":"instock","10":"taxable","11":"shipping-taxable","12":"purchasable","13":"product-type-simple"},"_links":{"self":[{"href":"https:\/\/chilimag.hu\/webshop\/wp-json\/wp\/v2\/product\/37342","targetHints":{"allow":["GET"]}}],"collection":[{"href":"https:\/\/chilimag.hu\/webshop\/wp-json\/wp\/v2\/product"}],"about":[{"href":"https:\/\/chilimag.hu\/webshop\/wp-json\/wp\/v2\/types\/product"}],"replies":[{"embeddable":true,"href":"https:\/\/chilimag.hu\/webshop\/wp-json\/wp\/v2\/comments?post=37342"}],"wp:featuredmedia":[{"embeddable":true,"href":"https:\/\/chilimag.hu\/webshop\/wp-json\/wp\/v2\/media\/37343"}],"wp:attachment":[{"href":"https:\/\/chilimag.hu\/webshop\/wp-json\/wp\/v2\/media?parent=37342"}],"wp:term":[{"taxonomy":"product_brand","embeddable":true,"href":"https:\/\/chilimag.hu\/webshop\/wp-json\/wp\/v2\/product_brand?post=37342"},{"taxonomy":"product_cat","embeddable":true,"href":"https:\/\/chilimag.hu\/webshop\/wp-json\/wp\/v2\/product_cat?post=37342"},{"taxonomy":"product_tag","embeddable":true,"href":"https:\/\/chilimag.hu\/webshop\/wp-json\/wp\/v2\/product_tag?post=37342"}],"curies":[{"name":"wp","href":"https:\/\/api.w.org\/{rel}","templated":true}]}}