{"id":36844,"date":"2025-05-07T14:47:51","date_gmt":"2025-05-07T14:47:51","guid":{"rendered":"https:\/\/chilimag.hu\/webshop\/?post_type=product&#038;p=36844"},"modified":"2026-03-25T11:53:03","modified_gmt":"2026-03-25T11:53:03","slug":"wuxal-super-1l","status":"publish","type":"product","link":"https:\/\/chilimag.hu\/webshop\/termek\/wuxal-super-1l\/","title":{"rendered":"Wuxal Super 1l"},"content":{"rendered":"","protected":false},"excerpt":{"rendered":"<p>Le\u00edr\u00e1s<\/p>\n<p>Makro- \u00e9s mikroelemeket tartalmaz\u00f3 valamennyi n\u00f6v\u00e9ny sz\u00e1m\u00e1ra aj\u00e1nlott lombtr\u00e1gya.<\/p>\n<p>Hat\u00e1smechanizmusa:<\/p>\n<p>A kationos mikroelmek (Cu, Fe, Mn, Zn) EDTA-val teljesen kelatiz\u00e1ltak. A Wuxal Super kel\u00e1tk\u00e9pz\u0151je cs\u00f6kkenti a v\u00edz kem\u00e9nys\u00e9g\u00e9t mivel a kalcium, magn\u00e9zium \u00e9s vas egy r\u00e9sz\u00e9t megk\u00f6ti. A Wuxal Super er\u0151s puffer-hat\u00e1s\u00fa, \u00edgy a bel\u0151le k\u00e9sz\u00fclt m\u0171tr\u00e1gyaoldat \u00e9s permetl\u00e9 a n\u00f6v\u00e9ny szempontj\u00e1b\u00f3l legalkalmasabb pH \u00e9rt\u00e9kre \u00e1ll be.<\/p>\n<p>A Wuxal Super tulajdons\u00e1gai:<\/p>\n<p>A Wuxal fontos tulajdons\u00e1gai k\u00f6z\u00e9 tartozik, hogy a n\u00f6v\u00e9ny sz\u00e1m\u00e1ra optim\u00e1lis t\u00e1panyagfelv\u00e9telt tesz lehet\u0151v\u00e9. K\u00e9pes enyh\u00edteni az id\u0151j\u00e1r\u00e1s okozta k\u00e1rokat az\u00e1ltal, hogy megakad\u00e1lyozza a s\u00falyos t\u00e1panyaghi\u00e1nyt. A kedvez\u0151tlen id\u0151j\u00e1r\u00e1s ugyanis h\u00e1tr\u00e1ltatja a t\u00e1panyagok felv\u00e9tel\u00e9t \u00e9s n\u00f6v\u00e9nyen bel\u00fcli sz\u00e1ll\u00edt\u00e1st. A Wuxal sz\u00e1razs\u00e1g idej\u00e9n is k\u00e9pes seg\u00edteni a gy\u00f6kereknek a t\u00e1panyag felv\u00e9telben. A Wuxal gondoskodik arr\u00f3l is, hogy a term\u00e9s eg\u00e9szs\u00e9gesebb legyen, az\u00e1ltal, hogy szab\u00e1lyozza a term\u00e9s m\u00e9ret\u00e9t \u00e9s mennyis\u00e9g\u00e9t. A t\u00e1panyagok min\u00e9l jobb hasznosul\u00e1s\u00e1t a kel\u00e1tk\u00e9pz\u0151 mellett bioakt\u00edv anyagok is seg\u00edtik. A Wuxal ott seg\u00edt a n\u00f6v\u00e9nynek &#8211; \u00e1tt\u00e9telesen a gy\u00f6kereknek &#8211; ahol a legnagyobb sz\u00fcks\u00e9g van r\u00e1. A lev\u00e9len \u00e9s az egy\u00e9b f\u00f6ld feletti r\u00e9szeken kereszt\u00fcl egyar\u00e1nt hat, s \u00edgy siker\u00fcl el\u00e9rnie, hogy megfelel\u0151 legyen a t\u00e1panyag ell\u00e1totts\u00e1g, ez\u00e1ltal a term\u00e9s. A kezel\u00e9s idej\u00e9t\u0151l f\u00fcggetlen\u00fcl a term\u00e9s fogyaszthat\u00f3. Ez\u00e9rt \u00e1ll\u00edthatjuk, hogy: a Wuxal ott hat ahol kell! TERM\u00c9SZETESEN!<\/p>\n<p>El\u0151nyei:<\/p>\n<p>&#8211; k\u00edm\u00e9li a n\u00f6v\u00e9nyeket<br \/>\n\u200b- egyenletes t\u00e1panyagfelv\u00e9telt biztos\u00edt<br \/>\n&#8211; n\u00f6veli a vir\u00e1gz\u00e1s mennyis\u00e9g\u00e9t, term\u00e9sk\u00e9pz\u0151d\u00e9st \u00e9s vegetat\u00edv fejl\u0151d\u00e9st<br \/>\n&#8211; optimaliz\u00e1lja a v\u00edz kem\u00e9nys\u00e9g\u00e9t<br \/>\n&#8211; nem hagy foltot a n\u00f6v\u00e9ny level\u00e9n<br \/>\n&#8211; pal\u00e1ntanevel\u00e9skor is biztons\u00e1ggal haszn\u00e1lhat\u00f3<\/p>\n","protected":false},"featured_media":36845,"comment_status":"closed","ping_status":"closed","template":"","meta":[],"product_brand":[],"product_cat":[391],"product_tag":[],"class_list":{"0":"post-36844","1":"product","2":"type-product","3":"status-publish","4":"has-post-thumbnail","6":"product_cat-egyeb-tapoldatok","8":"first","9":"instock","10":"taxable","11":"shipping-taxable","12":"purchasable","13":"product-type-simple"},"_links":{"self":[{"href":"https:\/\/chilimag.hu\/webshop\/wp-json\/wp\/v2\/product\/36844","targetHints":{"allow":["GET"]}}],"collection":[{"href":"https:\/\/chilimag.hu\/webshop\/wp-json\/wp\/v2\/product"}],"about":[{"href":"https:\/\/chilimag.hu\/webshop\/wp-json\/wp\/v2\/types\/product"}],"replies":[{"embeddable":true,"href":"https:\/\/chilimag.hu\/webshop\/wp-json\/wp\/v2\/comments?post=36844"}],"wp:featuredmedia":[{"embeddable":true,"href":"https:\/\/chilimag.hu\/webshop\/wp-json\/wp\/v2\/media\/36845"}],"wp:attachment":[{"href":"https:\/\/chilimag.hu\/webshop\/wp-json\/wp\/v2\/media?parent=36844"}],"wp:term":[{"taxonomy":"product_brand","embeddable":true,"href":"https:\/\/chilimag.hu\/webshop\/wp-json\/wp\/v2\/product_brand?post=36844"},{"taxonomy":"product_cat","embeddable":true,"href":"https:\/\/chilimag.hu\/webshop\/wp-json\/wp\/v2\/product_cat?post=36844"},{"taxonomy":"product_tag","embeddable":true,"href":"https:\/\/chilimag.hu\/webshop\/wp-json\/wp\/v2\/product_tag?post=36844"}],"curies":[{"name":"wp","href":"https:\/\/api.w.org\/{rel}","templated":true}]}}