{"id":36435,"date":"2025-03-20T19:25:47","date_gmt":"2025-03-20T19:25:47","guid":{"rendered":"https:\/\/chilimag.hu\/webshop\/?post_type=product&#038;p=36435"},"modified":"2026-04-22T05:37:33","modified_gmt":"2026-04-22T05:37:33","slug":"otujjas-ginzeng-jiaogulan-s-c","status":"publish","type":"product","link":"https:\/\/chilimag.hu\/webshop\/termek\/otujjas-ginzeng-jiaogulan-s-c\/","title":{"rendered":"\u00d6tujjas ginzeng Jiaogulan S-C"},"content":{"rendered":"","protected":false},"excerpt":{"rendered":"<p>Le\u00edr\u00e1s<\/p>\n<p>Latin n\u00e9v:Gynostemma pentaphyllum<\/p>\n<p>Jiaogulan, n\u00f6v\u00e9ny K\u00edn\u00e1b\u00f3l, vagy m\u00e1s n\u00e9ven halhatatlans\u00e1g gy\u00f3gyn\u00f6v\u00e9ny. A Jiaogulan, a var\u00e1zslatos gy\u00f3gyn\u00f6v\u00e9ny ma m\u00e1r n\u00f6v\u00e9nyk\u00e9nt is kaphat\u00f3.<br \/>\nAz immunrendszer er\u0151s\u00edt\u00e9se<br \/>\nCs\u00f6kkenti a stresszt \u00e9s er\u0151s\u00edti az idegrendszert<br \/>\nEl\u0151seg\u00edti a v\u00e9rkering\u00e9st<br \/>\nA v\u00e9rnyom\u00e1s szab\u00e1lyoz\u00e1sa<br \/>\nR\u00e1kellenes hat\u00e1s (a glikozid ginzenozid Rh2 daganatellenes \u00f6sszetev\u0151j\u00e9nek k\u00f6sz\u00f6nhet\u0151en)<br \/>\nA v\u00e9r lipid- \u00e9s v\u00e9rcukorszintj\u00e9nek cs\u00f6kkent\u00e9s\u00e9re is hat\u00e1sos.<\/p>\n<p>A csomag 5 szem magot tartalmaz<\/p>\n<h1 class=\"page-head-title product-page-head-title\"><\/h1>\n","protected":false},"featured_media":36436,"comment_status":"closed","ping_status":"closed","template":"","meta":[],"product_brand":[],"product_cat":[330],"product_tag":[],"class_list":{"0":"post-36435","1":"product","2":"type-product","3":"status-publish","4":"has-post-thumbnail","6":"product_cat-fuszer-es-gyogynoveny-vetomagok","8":"first","9":"instock","10":"taxable","11":"shipping-taxable","12":"purchasable","13":"product-type-simple"},"_links":{"self":[{"href":"https:\/\/chilimag.hu\/webshop\/wp-json\/wp\/v2\/product\/36435","targetHints":{"allow":["GET"]}}],"collection":[{"href":"https:\/\/chilimag.hu\/webshop\/wp-json\/wp\/v2\/product"}],"about":[{"href":"https:\/\/chilimag.hu\/webshop\/wp-json\/wp\/v2\/types\/product"}],"replies":[{"embeddable":true,"href":"https:\/\/chilimag.hu\/webshop\/wp-json\/wp\/v2\/comments?post=36435"}],"wp:featuredmedia":[{"embeddable":true,"href":"https:\/\/chilimag.hu\/webshop\/wp-json\/wp\/v2\/media\/36436"}],"wp:attachment":[{"href":"https:\/\/chilimag.hu\/webshop\/wp-json\/wp\/v2\/media?parent=36435"}],"wp:term":[{"taxonomy":"product_brand","embeddable":true,"href":"https:\/\/chilimag.hu\/webshop\/wp-json\/wp\/v2\/product_brand?post=36435"},{"taxonomy":"product_cat","embeddable":true,"href":"https:\/\/chilimag.hu\/webshop\/wp-json\/wp\/v2\/product_cat?post=36435"},{"taxonomy":"product_tag","embeddable":true,"href":"https:\/\/chilimag.hu\/webshop\/wp-json\/wp\/v2\/product_tag?post=36435"}],"curies":[{"name":"wp","href":"https:\/\/api.w.org\/{rel}","templated":true}]}}