{"id":36432,"date":"2025-03-20T19:02:38","date_gmt":"2025-03-20T19:02:38","guid":{"rendered":"https:\/\/chilimag.hu\/webshop\/?post_type=product&#038;p=36432"},"modified":"2026-03-26T07:43:15","modified_gmt":"2026-03-26T07:43:15","slug":"reti-legyezofu-s-c","status":"publish","type":"product","link":"https:\/\/chilimag.hu\/webshop\/termek\/reti-legyezofu-s-c\/","title":{"rendered":"R\u00e9ti legyez\u0151f\u0171 S-C"},"content":{"rendered":"","protected":false},"excerpt":{"rendered":"<p>Le\u00edr\u00e1s<\/p>\n<p>Latin n\u00e9v:<em>Filipendula ulmaria<\/em><\/p>\n<p>A n\u00f6v\u00e9ny influenza \u00e9s l\u00e1zas \u00e1llapot kezel\u00e9s\u00e9re javasolt, enyh\u00edti a fej- \u00e9s fogf\u00e1j\u00e1st, csillap\u00edtja a k\u00f6szv\u00e9ny \u00e9s a reuma okozta kisebb \u00edz\u00fcleti f\u00e1jdalmakat. Gyakran aj\u00e1nlj\u00e1k a t\u00fals\u00faly okozta vizeletelv\u00e1laszt\u00e1si zavarok kezel\u00e9s\u00e9re. A n\u00f6v\u00e9ny seg\u00edt a sebek \u00e9s fek\u00e9lyek gy\u00f3gyul\u00e1s\u00e1ban is. Az aspirin alapanyaga.<\/p>\n<p>Kor\u00e1bban bor \u00e9des\u00edt\u00e9s\u00e9re \u00e9s \u00edzes\u00edt\u00e9s\u00e9re haszn\u00e1lt\u00e1k<\/p>\n<p>A csomag 20 szem magot tartalmaz<\/p>\n<p>&nbsp;<\/p>\n","protected":false},"featured_media":36433,"comment_status":"closed","ping_status":"closed","template":"","meta":[],"product_brand":[],"product_cat":[330],"product_tag":[],"class_list":{"0":"post-36432","1":"product","2":"type-product","3":"status-publish","4":"has-post-thumbnail","6":"product_cat-fuszer-es-gyogynoveny-vetomagok","8":"first","9":"instock","10":"taxable","11":"shipping-taxable","12":"purchasable","13":"product-type-simple"},"_links":{"self":[{"href":"https:\/\/chilimag.hu\/webshop\/wp-json\/wp\/v2\/product\/36432","targetHints":{"allow":["GET"]}}],"collection":[{"href":"https:\/\/chilimag.hu\/webshop\/wp-json\/wp\/v2\/product"}],"about":[{"href":"https:\/\/chilimag.hu\/webshop\/wp-json\/wp\/v2\/types\/product"}],"replies":[{"embeddable":true,"href":"https:\/\/chilimag.hu\/webshop\/wp-json\/wp\/v2\/comments?post=36432"}],"wp:featuredmedia":[{"embeddable":true,"href":"https:\/\/chilimag.hu\/webshop\/wp-json\/wp\/v2\/media\/36433"}],"wp:attachment":[{"href":"https:\/\/chilimag.hu\/webshop\/wp-json\/wp\/v2\/media?parent=36432"}],"wp:term":[{"taxonomy":"product_brand","embeddable":true,"href":"https:\/\/chilimag.hu\/webshop\/wp-json\/wp\/v2\/product_brand?post=36432"},{"taxonomy":"product_cat","embeddable":true,"href":"https:\/\/chilimag.hu\/webshop\/wp-json\/wp\/v2\/product_cat?post=36432"},{"taxonomy":"product_tag","embeddable":true,"href":"https:\/\/chilimag.hu\/webshop\/wp-json\/wp\/v2\/product_tag?post=36432"}],"curies":[{"name":"wp","href":"https:\/\/api.w.org\/{rel}","templated":true}]}}