{"id":36111,"date":"2025-02-28T19:08:23","date_gmt":"2025-02-28T19:08:23","guid":{"rendered":"https:\/\/chilimag.hu\/webshop\/?post_type=product&#038;p=36111"},"modified":"2026-03-27T16:45:18","modified_gmt":"2026-03-27T16:45:18","slug":"habanero-madame-jeanette-yellow-s-ch","status":"publish","type":"product","link":"https:\/\/chilimag.hu\/webshop\/termek\/habanero-madame-jeanette-yellow-s-ch\/","title":{"rendered":"Habanero Madame Jeanette Yellow"},"content":{"rendered":"","protected":false},"excerpt":{"rendered":"<p><img decoding=\"async\" src=\"https:\/\/chilimag.hu\/webshop\/wp-content\/uploads\/2014\/11\/chilimag-logo-2-150x150.jpg\" \/><\/p>\n<p>Le\u00edr\u00e1s<\/p>\n<p>A Habanero Madame Jeanette Yellow Chili Suriname-b\u00f3l sz\u00e1rmazik. A bokros n\u00f6v\u00e9nyek sokf\u00e9le s\u00e1rga chilit fejlesztenek, amelyeket gyakran haszn\u00e1lnak a suriname-i konyh\u00e1ban. V\u00e1g\u00f3 f\u0171szeress\u00e9ge \u00e9s hihetetlen\u00fcl j\u00f3 \u00edze igazi kulin\u00e1ris \u00e9lvezett\u00e9 var\u00e1zsolja ezt a Habanero fajt\u00e1t. Egyesek az \u00edz\u00e9t gy\u00fcm\u00f6lcs\u00f6snek \u00edrj\u00e1k le, mang\u00f3 \u00e9s anan\u00e1sz jegyekkel. A chili kiv\u00e1l\u00f3an alkalmas cs\u00edp\u0151s sz\u00f3szok k\u00e9sz\u00edt\u00e9s\u00e9re, f\u0151z\u00e9s\u00e9re \u00e9s sz\u00e1r\u00edt\u00e1s\u00e1ra.<\/p>\n<p>\u00c1ltal\u00e1nos inform\u00e1ci\u00f3: A Habanero fajta val\u00f3sz\u00edn\u0171leg a mexik\u00f3i Yucatan r\u00e9gi\u00f3b\u00f3l sz\u00e1rmazik. M\u00edg a \u201eHabanero\u201d n\u00e9v angolul azt jelenti, hogy \u201eHavann\u00e1b\u00f3l\u201d, Kub\u00e1ban csak alkalmank\u00e9nt tal\u00e1lhat\u00f3k meg. M\u00e9g mindig f\u0151k\u00e9nt a Yucat\u00e1n-f\u00e9lszigeten termesztik, b\u00e1r ott t\u00falnyom\u00f3r\u00e9szt narancss\u00e1rga \u00e9s s\u00e1rga Habanero fajt\u00e1k. Rendk\u00edv\u00fcl gy\u00fcm\u00f6lcs\u00f6s \u00edz\u00fck van, amellyel sok m\u00e1s chilifajta egyszer\u0171en nem versenyezhet.<\/p>\n<p>Gondoz\u00e1sa: A cs\u00edr\u00e1z\u00e1si h\u0151m\u00e9rs\u00e9klet 22 \u00e9s 28\u00b0C k\u00f6z\u00f6tt van (12-21 napos cs\u00edr\u00e1z\u00e1si id\u0151szak), ez\u00e9rt \u00fcvegh\u00e1z \u00e9s f\u0171t\u0151sz\u0151nyeg haszn\u00e1lata javasolt. A n\u00f6v\u00e9nyeknek friss, j\u00f3l tr\u00e1gy\u00e1zott, v\u00edz\u00e1tereszt\u0151 talajra van sz\u00fcks\u00e9g\u00fck, nem t\u0171rik a bevizesed\u00e9st. Napos, v\u00e9dett helyre \u00fcltess\u00fck, ahol legal\u00e1bb 6 \u00f3ra \u2013 lehet\u0151leg t\u00f6bb \u2013 napf\u00e9ny \u00e9ri. Mivel a n\u00f6v\u00e9nyeknek k\u00fcl\u00f6n\u00f6sen hossz\u00fa az \u00e9r\u00e9si ideje, \u00e9rdemes cser\u00e9pben termeszteni \u0151ket, \u00edgy a napk\u00f6zbeni h\u0151m\u00e9rs\u00e9klet 12\u00b0C al\u00e1 s\u00fcllyed\u00e9sekor k\u00f6nnyen be lehet vinni a n\u00f6v\u00e9nyt, \u00edgy minden gy\u00fcm\u00f6lcs be\u00e9rik. Ahhoz, hogy a n\u00f6v\u00e9nyt t\u00e9len is meg\u0151rizze, betakar\u00edt\u00e1s ut\u00e1n v\u00e1gja vissza 20 cm-rel, \u00e9s tegye vil\u00e1gos helyre, ahol legal\u00e1bb 15\u00b0C h\u0151m\u00e9rs\u00e9klet\u0171<\/p>\n<p>T\u00edpus: Capsicum chinense<br \/>\nF\u0171szeress\u00e9gi fokozat 10<br \/>\nScoville 100 000 &#8211; 500 000 SHU<br \/>\noptim\u00e1lis cs\u00edr\u00e1z\u00e1si h\u0151m\u00e9rs\u00e9klet 22 &#8211; 28 \u00b0C<br \/>\nVet\u00e9s jan. &#8211; \u00e1pr.<br \/>\nVir\u00e1gok feh\u00e9rek (m\u00e1jus-augusztus)<br \/>\nN\u00f6v\u00e9nyn\u00f6veked\u00e9si szok\u00e1s bokros, kb. 85 cm magas<br \/>\nZ\u00f6ldt\u0151l s\u00e1rg\u00e1ig \u00e9rik<br \/>\nGy\u00fcm\u00f6lcs megjelen\u00e9se kerek, r\u00e1ncos, kb. 4 x 5 cm<br \/>\n\u00c9r\u00e9si id\u0151 90-100 nap<br \/>\nSz\u00e1rmaz\u00e1si hely Suriname<\/p>\n<p>A csomag 10 szem magot tartalmaz<\/p>\n<p>&nbsp;<\/p>\n","protected":false},"featured_media":36112,"comment_status":"closed","ping_status":"closed","template":"","meta":[],"product_brand":[],"product_cat":[8],"product_tag":[],"class_list":{"0":"post-36111","1":"product","2":"type-product","3":"status-publish","4":"has-post-thumbnail","6":"product_cat-paprika","8":"first","9":"instock","10":"taxable","11":"shipping-taxable","12":"purchasable","13":"product-type-simple"},"_links":{"self":[{"href":"https:\/\/chilimag.hu\/webshop\/wp-json\/wp\/v2\/product\/36111","targetHints":{"allow":["GET"]}}],"collection":[{"href":"https:\/\/chilimag.hu\/webshop\/wp-json\/wp\/v2\/product"}],"about":[{"href":"https:\/\/chilimag.hu\/webshop\/wp-json\/wp\/v2\/types\/product"}],"replies":[{"embeddable":true,"href":"https:\/\/chilimag.hu\/webshop\/wp-json\/wp\/v2\/comments?post=36111"}],"wp:featuredmedia":[{"embeddable":true,"href":"https:\/\/chilimag.hu\/webshop\/wp-json\/wp\/v2\/media\/36112"}],"wp:attachment":[{"href":"https:\/\/chilimag.hu\/webshop\/wp-json\/wp\/v2\/media?parent=36111"}],"wp:term":[{"taxonomy":"product_brand","embeddable":true,"href":"https:\/\/chilimag.hu\/webshop\/wp-json\/wp\/v2\/product_brand?post=36111"},{"taxonomy":"product_cat","embeddable":true,"href":"https:\/\/chilimag.hu\/webshop\/wp-json\/wp\/v2\/product_cat?post=36111"},{"taxonomy":"product_tag","embeddable":true,"href":"https:\/\/chilimag.hu\/webshop\/wp-json\/wp\/v2\/product_tag?post=36111"}],"curies":[{"name":"wp","href":"https:\/\/api.w.org\/{rel}","templated":true}]}}