{"id":35755,"date":"2025-02-14T09:22:19","date_gmt":"2025-02-14T09:22:19","guid":{"rendered":"https:\/\/chilimag.hu\/webshop\/?post_type=product&#038;p=35755"},"modified":"2026-03-08T18:50:25","modified_gmt":"2026-03-08T18:50:25","slug":"arvalanyhaj-angel-hair-eln-sl","status":"publish","type":"product","link":"https:\/\/chilimag.hu\/webshop\/termek\/arvalanyhaj-angel-hair-eln-sl\/","title":{"rendered":"\u00c1rval\u00e1nyhaj ANGEL HAIR ELN SL"},"content":{"rendered":"","protected":false},"excerpt":{"rendered":"<p><img decoding=\"async\" class=\"active-logo\" src=\"https:\/\/b2b.seklos.lt\/themes\/warehouse\/img\/logo_en.png\" alt=\"Agrofirma S\u0117klos, UAB\" width=\"280\" height=\"95\" \/><\/p>\n<p>Le\u00edr\u00e1s<\/p>\n<p>\u00c9vel\u0151, nagyon dekorat\u00edv l\u00e1gysz\u00e1r\u00fa n\u00f6v\u00e9ny. A vir\u00e1gzat a tollakra eml\u00e9keztet, szeles, nyitott vir\u00e1g\u00e1gy\u00e1sokban nevelve sz\u00e9pen mutat \u2013 a ny\u00e1r m\u00e1sodik fel\u00e9ben k\u00fcl\u00f6n\u00f6sen dekorat\u00edvak a sz\u00e9lben hull\u00e1mz\u00f3 vir\u00e1gok, levelek. A n\u00f6v\u00e9nyek j\u00f3l t\u0171rik a sz\u00e1razs\u00e1got, \u00e9s az els\u0151 fagy ut\u00e1n is sz\u00e9pek maradnak. Ezt a n\u00f6v\u00e9nyt napos helyen termesztik. K\u00f6nnyebb, v\u00edz\u00e1tereszt\u0151 talajban m\u0171k\u00f6dik a legjobban. Ugyanazon a helyen 3-4 \u00e9vig n\u0151het. T\u00e9len fedetlen\u00fcl hagyhat\u00f3. A n\u00f6v\u00e9ny tavaszig meg\u0151rzi dekorativit\u00e1s\u00e1t; ekkor javasolt a levelek elt\u00e1vol\u00edt\u00e1sa. 30 mag elegend\u0151 15-25 cser\u00e9p vagy 3-5 m\u00b2-es vir\u00e1goskert el\u00fcltet\u00e9s\u00e9hez.<\/p>\n<p>Vet\u00e9sid\u0151 az \u00fcvegh\u00e1zban V, X<br \/>\nT\u00e1vols\u00e1gok, 60&#215;60 cm<br \/>\nSz\u00fcret VI-IX<br \/>\nLucia Elite m\u00e1rka<br \/>\n\u00dcltet\u00e9si m\u00e9lys\u00e9g, cm 1<\/p>\n","protected":false},"featured_media":35756,"comment_status":"closed","ping_status":"closed","template":"","meta":[],"product_brand":[],"product_cat":[369],"product_tag":[],"class_list":{"0":"post-35755","1":"product","2":"type-product","3":"status-publish","4":"has-post-thumbnail","6":"product_cat-virag-vetomagok-lucia-elite","8":"first","9":"instock","10":"taxable","11":"shipping-taxable","12":"purchasable","13":"product-type-simple"},"_links":{"self":[{"href":"https:\/\/chilimag.hu\/webshop\/wp-json\/wp\/v2\/product\/35755","targetHints":{"allow":["GET"]}}],"collection":[{"href":"https:\/\/chilimag.hu\/webshop\/wp-json\/wp\/v2\/product"}],"about":[{"href":"https:\/\/chilimag.hu\/webshop\/wp-json\/wp\/v2\/types\/product"}],"replies":[{"embeddable":true,"href":"https:\/\/chilimag.hu\/webshop\/wp-json\/wp\/v2\/comments?post=35755"}],"wp:featuredmedia":[{"embeddable":true,"href":"https:\/\/chilimag.hu\/webshop\/wp-json\/wp\/v2\/media\/35756"}],"wp:attachment":[{"href":"https:\/\/chilimag.hu\/webshop\/wp-json\/wp\/v2\/media?parent=35755"}],"wp:term":[{"taxonomy":"product_brand","embeddable":true,"href":"https:\/\/chilimag.hu\/webshop\/wp-json\/wp\/v2\/product_brand?post=35755"},{"taxonomy":"product_cat","embeddable":true,"href":"https:\/\/chilimag.hu\/webshop\/wp-json\/wp\/v2\/product_cat?post=35755"},{"taxonomy":"product_tag","embeddable":true,"href":"https:\/\/chilimag.hu\/webshop\/wp-json\/wp\/v2\/product_tag?post=35755"}],"curies":[{"name":"wp","href":"https:\/\/api.w.org\/{rel}","templated":true}]}}