{"id":35748,"date":"2025-02-14T07:17:54","date_gmt":"2025-02-14T07:17:54","guid":{"rendered":"https:\/\/chilimag.hu\/webshop\/?post_type=product&#038;p=35748"},"modified":"2026-02-07T20:28:51","modified_gmt":"2026-02-07T20:28:51","slug":"borso-half-pint-eln-sl","status":"publish","type":"product","link":"https:\/\/chilimag.hu\/webshop\/termek\/borso-half-pint-eln-sl\/","title":{"rendered":"Bors\u00f3 HALF PINT ELN SL"},"content":{"rendered":"","protected":false},"excerpt":{"rendered":"<p><img decoding=\"async\" class=\"active-logo\" src=\"https:\/\/b2b.seklos.lt\/themes\/warehouse\/img\/logo_en.png\" alt=\"Agrofirma S\u0117klos, UAB\" width=\"280\" height=\"95\" \/><\/p>\n<p>Le\u00edr\u00e1s<\/p>\n<p>Korai fajta, 25 cm magas, al\u00e1t\u00e1maszt\u00e1s n\u00e9lk\u00fcl termesztik. Cserepesben vagy 1 m2-es \u00e1gy\u00e1sban termeszthet\u0151. B\u00e1r a n\u00f6v\u00e9ny kicsi, egy h\u00fcvelyben legfeljebb 10 bors\u00f3 tal\u00e1lhat\u00f3, \u00e9s m\u00e9ret\u00fckben a magas fajt\u00e1khoz hasonl\u00edthat\u00f3k. Friss \u00e9s fagyasztott fogyaszt\u00e1sra alkalmas. Az \u00e9rett h\u00fcvelyt aj\u00e1nlatos azonnal betakar\u00edtani; a nem t\u00faln\u0151tt bors\u00f3 jobban \u00edzlik. A h\u00fcvelyek megjelen\u00e9s\u00fck ut\u00e1n 12 nappal \u00e9rnek. Fontos, hogy a talaj, ahov\u00e1 a bors\u00f3t veti, gyommentes legyen. A bors\u00f3t a lehet\u0151 legkor\u00e1bban el kell vetni. A n\u00f6vekv\u0151 bors\u00f3nak elegend\u0151 nedvess\u00e9get kell kapnia, csak akkor terem a n\u00f6v\u00e9ny sok\u00e1ig h\u00fcvelyben. A bors\u00f3t k\u00f6zvetlen\u00fcl a n\u00f6veked\u00e9si helyre kell vetni, azaz k\u00f6zvetlen\u00fcl cser\u00e9pbe vagy kerti \u00e1gy\u00e1sba. 5 g &#8211; k\u00f6r\u00fclbel\u00fcl 20 mag. 5 g elegend\u0151 1-2 m\u00b2-es ter\u00fclethez vagy 8 ed\u00e9nyhez.<\/p>\n<p>Vet\u00e9sid\u0151 a talajban III-IV<br \/>\nT\u00e1vols\u00e1gok, cm 20&#215;5<br \/>\nSz\u00fcret VII-VIII<br \/>\nLucia Elite m\u00e1rka<br \/>\n\u00dcltet\u00e9si m\u00e9lys\u00e9g, cm 3<\/p>\n","protected":false},"featured_media":35749,"comment_status":"closed","ping_status":"closed","template":"","meta":[],"product_brand":[],"product_cat":[368],"product_tag":[],"class_list":{"0":"post-35748","1":"product","2":"type-product","3":"status-publish","4":"has-post-thumbnail","6":"product_cat-zoldseg-vetomagok","8":"first","9":"instock","10":"taxable","11":"shipping-taxable","12":"purchasable","13":"product-type-simple"},"_links":{"self":[{"href":"https:\/\/chilimag.hu\/webshop\/wp-json\/wp\/v2\/product\/35748","targetHints":{"allow":["GET"]}}],"collection":[{"href":"https:\/\/chilimag.hu\/webshop\/wp-json\/wp\/v2\/product"}],"about":[{"href":"https:\/\/chilimag.hu\/webshop\/wp-json\/wp\/v2\/types\/product"}],"replies":[{"embeddable":true,"href":"https:\/\/chilimag.hu\/webshop\/wp-json\/wp\/v2\/comments?post=35748"}],"wp:featuredmedia":[{"embeddable":true,"href":"https:\/\/chilimag.hu\/webshop\/wp-json\/wp\/v2\/media\/35749"}],"wp:attachment":[{"href":"https:\/\/chilimag.hu\/webshop\/wp-json\/wp\/v2\/media?parent=35748"}],"wp:term":[{"taxonomy":"product_brand","embeddable":true,"href":"https:\/\/chilimag.hu\/webshop\/wp-json\/wp\/v2\/product_brand?post=35748"},{"taxonomy":"product_cat","embeddable":true,"href":"https:\/\/chilimag.hu\/webshop\/wp-json\/wp\/v2\/product_cat?post=35748"},{"taxonomy":"product_tag","embeddable":true,"href":"https:\/\/chilimag.hu\/webshop\/wp-json\/wp\/v2\/product_tag?post=35748"}],"curies":[{"name":"wp","href":"https:\/\/api.w.org\/{rel}","templated":true}]}}