{"id":35725,"date":"2025-02-13T18:58:03","date_gmt":"2025-02-13T18:58:03","guid":{"rendered":"https:\/\/chilimag.hu\/webshop\/?post_type=product&#038;p=35725"},"modified":"2026-01-14T09:20:40","modified_gmt":"2026-01-14T09:20:40","slug":"reti-fuzeny-red-hybrids-z-s-sl","status":"publish","type":"product","link":"https:\/\/chilimag.hu\/webshop\/termek\/reti-fuzeny-red-hybrids-z-s-sl\/","title":{"rendered":"R\u00e9ti f\u0171z\u00e9ny RED HYBRIDS Z.S SL"},"content":{"rendered":"","protected":false},"excerpt":{"rendered":"<p><img decoding=\"async\" class=\"active-logo\" src=\"https:\/\/b2b.seklos.lt\/themes\/warehouse\/img\/logo_en.png\" alt=\"Agrofirma S\u0117klos, UAB\" width=\"280\" height=\"95\" \/><\/p>\n<p>\u00c9vel\u0151, 80 cm magas, nedves talajra alkalmas. Eredeti t\u00e1jat hoz l\u00e9tre a tavak partj\u00e1n, \u00e9s j\u00f3l kombin\u00e1lhat\u00f3 m\u00e1s \u00e9vel\u0151, nedvess\u00e9get kedvel\u0151 n\u00f6v\u00e9nyekkel. Egyed\u00fcl\u00e1ll\u00f3 vir\u00e1gz\u00e1sa k\u00fcl\u00f6n\u00f6sen vonz\u00f3 a m\u00e9hek \u00e9s a lepk\u00e9k sz\u00e1m\u00e1ra, \u00e9s alkalmas a vadon \u00e9l\u0151 vir\u00e1goskertek sz\u00e1m\u00e1ra. Ugyanazon a helyen fedetlen\u00fcl t\u00f6bb \u00e9vig is n\u0151het.<\/p>\n<p>Magok sz\u00e1ma grammonk\u00e9nt 23000<br \/>\nVet\u00e9sid\u0151 a talajban V-VI<br \/>\nVir\u00e1gz\u00e1s VI-VIII<br \/>\nN\u00f6v\u00e9nymagass\u00e1g, 80 cm<br \/>\nTerm\u0151f\u00f6ld<br \/>\nM\u00e1rka \u017dalia stotel\u0117<br \/>\nTranszplant\u00e1ci\u00f3 VII-VIII<br \/>\nNapos hely Igen<br \/>\nF\u00e9l\u00e1rny\u00e9k Igen<br \/>\n\u00c9vel\u0151 Igen<br \/>\nSz\u00edn Pink<br \/>\nKiszerel\u00e9s 0,5 g<\/p>\n","protected":false},"featured_media":35726,"comment_status":"closed","ping_status":"closed","template":"","meta":[],"product_brand":[],"product_cat":[363],"product_tag":[],"class_list":{"0":"post-35725","1":"product","2":"type-product","3":"status-publish","4":"has-post-thumbnail","6":"product_cat-virag-vetomagok-zalia-stotele","8":"first","9":"instock","10":"taxable","11":"shipping-taxable","12":"purchasable","13":"product-type-simple"},"_links":{"self":[{"href":"https:\/\/chilimag.hu\/webshop\/wp-json\/wp\/v2\/product\/35725","targetHints":{"allow":["GET"]}}],"collection":[{"href":"https:\/\/chilimag.hu\/webshop\/wp-json\/wp\/v2\/product"}],"about":[{"href":"https:\/\/chilimag.hu\/webshop\/wp-json\/wp\/v2\/types\/product"}],"replies":[{"embeddable":true,"href":"https:\/\/chilimag.hu\/webshop\/wp-json\/wp\/v2\/comments?post=35725"}],"wp:featuredmedia":[{"embeddable":true,"href":"https:\/\/chilimag.hu\/webshop\/wp-json\/wp\/v2\/media\/35726"}],"wp:attachment":[{"href":"https:\/\/chilimag.hu\/webshop\/wp-json\/wp\/v2\/media?parent=35725"}],"wp:term":[{"taxonomy":"product_brand","embeddable":true,"href":"https:\/\/chilimag.hu\/webshop\/wp-json\/wp\/v2\/product_brand?post=35725"},{"taxonomy":"product_cat","embeddable":true,"href":"https:\/\/chilimag.hu\/webshop\/wp-json\/wp\/v2\/product_cat?post=35725"},{"taxonomy":"product_tag","embeddable":true,"href":"https:\/\/chilimag.hu\/webshop\/wp-json\/wp\/v2\/product_tag?post=35725"}],"curies":[{"name":"wp","href":"https:\/\/api.w.org\/{rel}","templated":true}]}}