{"id":35678,"date":"2025-02-13T06:53:28","date_gmt":"2025-02-13T06:53:28","guid":{"rendered":"https:\/\/chilimag.hu\/webshop\/?post_type=product&#038;p=35678"},"modified":"2026-02-18T16:31:11","modified_gmt":"2026-02-18T16:31:11","slug":"paprika-clementine-hibrid-z-s-sl","status":"publish","type":"product","link":"https:\/\/chilimag.hu\/webshop\/termek\/paprika-clementine-hibrid-z-s-sl\/","title":{"rendered":"Paprika CLEMENTINE Hibrid Z.S SL"},"content":{"rendered":"","protected":false},"excerpt":{"rendered":"<p><img decoding=\"async\" class=\"active-logo\" src=\"https:\/\/b2b.seklos.lt\/themes\/warehouse\/img\/logo_en.png\" alt=\"Agrofirma S\u0117klos, UAB\" width=\"280\" height=\"95\" \/><\/p>\n<p>Le\u00edr\u00e1s<\/p>\n<p>Nagyon korai, betegs\u00e9geknek ellen\u00e1ll\u00f3, term\u0151k\u00e9pes paprika hibridje. A n\u00f6v\u00e9nyek k\u00f6zepes n\u00f6veked\u00e9s\u0171ek, t\u00f6m\u00f6rek. Az \u00e9rett term\u00e9sek l\u00e9d\u00fasak, intenz\u00edv narancss\u00e1rga sz\u00edn\u0171ek, egyforma m\u00e9ret\u0171ek, nem hajlamosak apr\u00f3 reped\u00e9sekre, 3-4 kamr\u00e1s, vastag fal\u00faak, k\u00f6r\u00fclbel\u00fcl 220-250 g t\u00f6meg\u0171ek, betakar\u00edt\u00e1s ut\u00e1n is hossz\u00fa ideig eltarthat\u00f3k. Szabadban \u00e9s \u00fcvegh\u00e1zakban termesztik. Szabadf\u00f6ldi termeszt\u00e9skor napos hely javasolt.<\/p>\n<p>A fajta korai \u00e9r\u00e9se Nagyon korai<br \/>\nMagok sz\u00e1ma a csomagban, db. 10<br \/>\nA pal\u00e1nt\u00e1k vet\u00e9si ideje II-III<br \/>\nSz\u00fcret VII\u2013IX<br \/>\nTerm\u0151f\u00f6ld, \u00fcvegh\u00e1zban<br \/>\nM\u00e1rka \u017dalia stotel\u0117<br \/>\nTranszplant\u00e1ci\u00f3 IV-VI<br \/>\nNapos hely Igen<br \/>\nProfesszion\u00e1lis haszn\u00e1latra alkalmas Igen<br \/>\nNyelvek a csomagol\u00e1son DE, LV, EN, LT, EE<\/p>\n","protected":false},"featured_media":35679,"comment_status":"closed","ping_status":"closed","template":"","meta":[],"product_brand":[],"product_cat":[414],"product_tag":[],"class_list":{"0":"post-35678","1":"product","2":"type-product","3":"status-publish","4":"has-post-thumbnail","6":"product_cat-paprika-vetomagok-zalia-stotele","8":"first","9":"instock","10":"taxable","11":"shipping-taxable","12":"purchasable","13":"product-type-simple"},"_links":{"self":[{"href":"https:\/\/chilimag.hu\/webshop\/wp-json\/wp\/v2\/product\/35678","targetHints":{"allow":["GET"]}}],"collection":[{"href":"https:\/\/chilimag.hu\/webshop\/wp-json\/wp\/v2\/product"}],"about":[{"href":"https:\/\/chilimag.hu\/webshop\/wp-json\/wp\/v2\/types\/product"}],"replies":[{"embeddable":true,"href":"https:\/\/chilimag.hu\/webshop\/wp-json\/wp\/v2\/comments?post=35678"}],"wp:featuredmedia":[{"embeddable":true,"href":"https:\/\/chilimag.hu\/webshop\/wp-json\/wp\/v2\/media\/35679"}],"wp:attachment":[{"href":"https:\/\/chilimag.hu\/webshop\/wp-json\/wp\/v2\/media?parent=35678"}],"wp:term":[{"taxonomy":"product_brand","embeddable":true,"href":"https:\/\/chilimag.hu\/webshop\/wp-json\/wp\/v2\/product_brand?post=35678"},{"taxonomy":"product_cat","embeddable":true,"href":"https:\/\/chilimag.hu\/webshop\/wp-json\/wp\/v2\/product_cat?post=35678"},{"taxonomy":"product_tag","embeddable":true,"href":"https:\/\/chilimag.hu\/webshop\/wp-json\/wp\/v2\/product_tag?post=35678"}],"curies":[{"name":"wp","href":"https:\/\/api.w.org\/{rel}","templated":true}]}}