{"id":35647,"date":"2025-02-12T19:49:11","date_gmt":"2025-02-12T19:49:11","guid":{"rendered":"https:\/\/chilimag.hu\/webshop\/?post_type=product&#038;p=35647"},"modified":"2026-02-18T16:23:40","modified_gmt":"2026-02-18T16:23:40","slug":"nelly-jelly-gyerek-kerti-kesztyu-meret-3-sl","status":"publish","type":"product","link":"https:\/\/chilimag.hu\/webshop\/termek\/nelly-jelly-gyerek-kerti-kesztyu-meret-3-sl\/","title":{"rendered":"Nelly Jelly Gyerek kerti keszty\u0171 3 m\u00e9ret SL"},"content":{"rendered":"","protected":false},"excerpt":{"rendered":"<p>Ez a latex keszty\u0171 seg\u00edt a gyerekeknek felfedezni a term\u00e9szetet, magokat \u00fcltetni, figyelni a n\u00f6veked\u00e9st, l\u00e9trehozni saj\u00e1t GARDENLAND-ot \u00e9s kapcsolatba l\u00e9pni a term\u00e9szettel. A sz\u00ednes keszty\u0171k megv\u00e9dik a gyerekek kez\u00e9t a szennyez\u0151d\u00e9st\u0151l \u00e9s a nedvess\u00e9gt\u0151l.<\/p>\n<p>SODOLENDAS X NELLY JELLY m\u00e1rka<br \/>\nNyelvek a csomagol\u00e1son EN, LT, LV, EE<\/p>\n","protected":false},"featured_media":35648,"comment_status":"closed","ping_status":"closed","template":"","meta":[],"product_brand":[],"product_cat":[421],"product_tag":[],"class_list":{"0":"post-35647","1":"product","2":"type-product","3":"status-publish","4":"has-post-thumbnail","6":"product_cat-gyerek-kerteszet","8":"first","9":"instock","10":"taxable","11":"shipping-taxable","12":"purchasable","13":"product-type-simple"},"_links":{"self":[{"href":"https:\/\/chilimag.hu\/webshop\/wp-json\/wp\/v2\/product\/35647","targetHints":{"allow":["GET"]}}],"collection":[{"href":"https:\/\/chilimag.hu\/webshop\/wp-json\/wp\/v2\/product"}],"about":[{"href":"https:\/\/chilimag.hu\/webshop\/wp-json\/wp\/v2\/types\/product"}],"replies":[{"embeddable":true,"href":"https:\/\/chilimag.hu\/webshop\/wp-json\/wp\/v2\/comments?post=35647"}],"wp:featuredmedia":[{"embeddable":true,"href":"https:\/\/chilimag.hu\/webshop\/wp-json\/wp\/v2\/media\/35648"}],"wp:attachment":[{"href":"https:\/\/chilimag.hu\/webshop\/wp-json\/wp\/v2\/media?parent=35647"}],"wp:term":[{"taxonomy":"product_brand","embeddable":true,"href":"https:\/\/chilimag.hu\/webshop\/wp-json\/wp\/v2\/product_brand?post=35647"},{"taxonomy":"product_cat","embeddable":true,"href":"https:\/\/chilimag.hu\/webshop\/wp-json\/wp\/v2\/product_cat?post=35647"},{"taxonomy":"product_tag","embeddable":true,"href":"https:\/\/chilimag.hu\/webshop\/wp-json\/wp\/v2\/product_tag?post=35647"}],"curies":[{"name":"wp","href":"https:\/\/api.w.org\/{rel}","templated":true}]}}