{"id":35512,"date":"2025-02-09T17:56:38","date_gmt":"2025-02-09T17:56:38","guid":{"rendered":"https:\/\/chilimag.hu\/webshop\/?post_type=product&#038;p=35512"},"modified":"2025-08-22T11:43:12","modified_gmt":"2025-08-22T11:43:12","slug":"kaposzta-ramco-hibrid-z-s-sl","status":"publish","type":"product","link":"https:\/\/chilimag.hu\/webshop\/termek\/kaposzta-ramco-hibrid-z-s-sl\/","title":{"rendered":"K\u00e1poszta Ramco Hibrid Z.S SL"},"content":{"rendered":"","protected":false},"excerpt":{"rendered":"<p><img decoding=\"async\" class=\"active-logo\" src=\"https:\/\/b2b.seklos.lt\/themes\/warehouse\/img\/logo_en.png\" alt=\"Agrofirma S\u0117klos, UAB\" width=\"280\" height=\"95\" \/><\/p>\n<p>Le\u00edr\u00e1s<\/p>\n<p>FEH\u00c9R K\u00c1POSZTA RAMCO H<br \/>\nK\u00e9s\u0151i, kedvelt hibrid fajta, alkalmas \u0151szi savany\u00edt\u00e1sra \u00e9s r\u00f6vid t\u00e1v\u00fa t\u00e1rol\u00e1sra. Veget\u00e1ci\u00f3s id\u0151szak \u2013 120-130 nappal a hajt\u00e1sok ki\u00fcltet\u00e9se ut\u00e1n. A n\u00f6v\u00e9nyek er\u0151s gy\u00f6k\u00e9rrendszerrel rendelkeznek. A fejek nagyon egys\u00e9gesek, t\u00f6m\u00f6rek, j\u00f3 bels\u0151 szerkezet\u0171ek, 3-8 kg k\u00f6r\u00fcliek. Meglehet\u0151sen magas sz\u00e1ron n\u0151, nem reped a rotor. J\u00f3l n\u00f6vekszik v\u00edz\u00e1tereszt\u0151, nem savas, k\u00f6nny\u0171 \u00e9s k\u00f6zepes v\u00e1lyogtalajban. A magvak kezelhet\u0151k. Ha a magvakat kezelik, a kezel\u00e9s neve a csomagol\u00e1s alj\u00e1n tal\u00e1lhat\u00f3.<\/p>\n<p>J \u00e1rcsoport<br \/>\nA fajta korai megjelen\u00e9se K\u00e9s\u0151i<br \/>\nHermetikus csomagol\u00e1s Igen<br \/>\nMennyis\u00e9g egy csomagban 0,1g<br \/>\nA magok sz\u00e1ma grammonk\u00e9nt ~250-300<br \/>\nVet\u00e9sid\u0151 a talajban IV-V<br \/>\nA pal\u00e1nt\u00e1k vet\u00e9si ideje IV-V<br \/>\nT\u00e1vols\u00e1gok, 60&#215;50 cm<br \/>\nSz\u00fcret IX-X<br \/>\nTerm\u0151f\u00f6ld<br \/>\nM\u00e1rka \u017dalia stotel\u0117<br \/>\nNapos hely Igen<br \/>\nProfesszion\u00e1lis haszn\u00e1latra alkalmas Igen<br \/>\nElk\u00e9sz\u00edt\u00e9si m\u00f3dszerek P\u00e1col\u00e1s<br \/>\nGy\u00fcm\u00f6lcs sz\u00edne Feh\u00e9r<br \/>\nNyelvek a csomagol\u00e1son LT, EE, DE, LV, EN<br \/>\nS\u00faly 0,1 g<\/p>\n","protected":false},"featured_media":35513,"comment_status":"closed","ping_status":"closed","template":"","meta":[],"product_brand":[],"product_cat":[415],"product_tag":[],"class_list":{"0":"post-35512","1":"product","2":"type-product","3":"status-publish","4":"has-post-thumbnail","6":"product_cat-kaposzta-es-karfiol-vetomagok-zalia-stotele","8":"first","9":"instock","10":"taxable","11":"shipping-taxable","12":"purchasable","13":"product-type-simple"},"_links":{"self":[{"href":"https:\/\/chilimag.hu\/webshop\/wp-json\/wp\/v2\/product\/35512","targetHints":{"allow":["GET"]}}],"collection":[{"href":"https:\/\/chilimag.hu\/webshop\/wp-json\/wp\/v2\/product"}],"about":[{"href":"https:\/\/chilimag.hu\/webshop\/wp-json\/wp\/v2\/types\/product"}],"replies":[{"embeddable":true,"href":"https:\/\/chilimag.hu\/webshop\/wp-json\/wp\/v2\/comments?post=35512"}],"wp:featuredmedia":[{"embeddable":true,"href":"https:\/\/chilimag.hu\/webshop\/wp-json\/wp\/v2\/media\/35513"}],"wp:attachment":[{"href":"https:\/\/chilimag.hu\/webshop\/wp-json\/wp\/v2\/media?parent=35512"}],"wp:term":[{"taxonomy":"product_brand","embeddable":true,"href":"https:\/\/chilimag.hu\/webshop\/wp-json\/wp\/v2\/product_brand?post=35512"},{"taxonomy":"product_cat","embeddable":true,"href":"https:\/\/chilimag.hu\/webshop\/wp-json\/wp\/v2\/product_cat?post=35512"},{"taxonomy":"product_tag","embeddable":true,"href":"https:\/\/chilimag.hu\/webshop\/wp-json\/wp\/v2\/product_tag?post=35512"}],"curies":[{"name":"wp","href":"https:\/\/api.w.org\/{rel}","templated":true}]}}