{"id":35503,"date":"2025-02-09T14:11:43","date_gmt":"2025-02-09T14:11:43","guid":{"rendered":"https:\/\/chilimag.hu\/webshop\/?post_type=product&#038;p=35503"},"modified":"2025-09-07T17:38:55","modified_gmt":"2025-09-07T17:38:55","slug":"phytoncidic-novenyi-kivonat-01l-sumin-sl","status":"publish","type":"product","link":"https:\/\/chilimag.hu\/webshop\/termek\/phytoncidic-novenyi-kivonat-01l-sumin-sl\/","title":{"rendered":"PHYTONCIDIC n\u00f6v\u00e9nyi kivonat 0,1L Sumin SL"},"content":{"rendered":"","protected":false},"excerpt":{"rendered":"<p>Le\u00edr\u00e1s<\/p>\n<p>SUMIN PHYTONCIDUS N\u00d6V\u00c9NYKIVONAT<br \/>\nC\u00e9lja: Term\u00e9szetes, teljes n\u00f6v\u00e9ny\u00e1pol\u00f3 szer, amelyet a n\u00f6v\u00e9nyk\u00e1rtev\u0151k elleni v\u00e9dekez\u00e9sre terveztek kedvez\u0151tlen \u00e9let- \u00e9s t\u00e1pl\u00e1lkoz\u00e1si felt\u00e9telek megteremt\u00e9s\u00e9vel. Alkalmaz\u00e1s: permetezz\u00fck a n\u00f6v\u00e9nyeket \u00e9s gy\u00f6k\u00e9rz\u00f3n\u00e1jukat &#8211; 10 ml\/1 l H2O, 10-14 naponta. a teny\u00e9szid\u0151szakban, amikor megjelennek az els\u0151 k\u00e1rtev\u0151k. Az eszk\u00f6z alternat\u00edv eszk\u00f6zk\u00e9nt haszn\u00e1lhat\u00f3 rovar\u00f6l\u0151 szerekhez. A term\u00e9k nem min\u0151s\u00fcl vesz\u00e9lyesnek. \u00d6sszetev\u0151i nem min\u0151s\u00fclnek vesz\u00e9lyesnek, \u00e9s a hat\u00e1lyos szab\u00e1lyoz\u00e1s szerint nem szerepelnek a vesz\u00e9lyes anyagok list\u00e1j\u00e1n. Haszn\u00e1lat el\u0151tt r\u00e1zza fel a term\u00e9ket. A lerak\u00f3d\u00e1sok, g\u00e1zok, feh\u00e9r pikkelyek k\u00e9pz\u0151d\u00e9se term\u00e9szetes jelens\u00e9g, \u00e9s nem rontja a term\u00e9k min\u0151s\u00e9g\u00e9t. Ne haszn\u00e1lja vegyi n\u00f6v\u00e9nyv\u00e9d\u0151 szerekkel egy\u00fctt.<\/p>\n<p>\u00d6sszetev\u0151k: fokhagyma, chili paprika, gy\u00f6mb\u00e9r \u00e9s kurkuma ferment\u00e1ci\u00f3s folyamat\u00e1b\u00f3l sz\u00e1rmaz\u00f3 kivonat laktobacillusok \u00e9s bacillus bakt\u00e9riumok r\u00e9szv\u00e9tel\u00e9vel. Kiszerel\u00e9s &#8211; 100 ml<\/p>\n<p>Sumin m\u00e1rka<br \/>\nKiszerel\u00e9s 100 ml<\/p>\n<p>&nbsp;<\/p>\n","protected":false},"featured_media":35505,"comment_status":"closed","ping_status":"closed","template":"","meta":[],"product_brand":[],"product_cat":[391],"product_tag":[],"class_list":{"0":"post-35503","1":"product","2":"type-product","3":"status-publish","4":"has-post-thumbnail","6":"product_cat-egyeb-tapoldatok","8":"first","9":"instock","10":"taxable","11":"shipping-taxable","12":"purchasable","13":"product-type-simple"},"_links":{"self":[{"href":"https:\/\/chilimag.hu\/webshop\/wp-json\/wp\/v2\/product\/35503","targetHints":{"allow":["GET"]}}],"collection":[{"href":"https:\/\/chilimag.hu\/webshop\/wp-json\/wp\/v2\/product"}],"about":[{"href":"https:\/\/chilimag.hu\/webshop\/wp-json\/wp\/v2\/types\/product"}],"replies":[{"embeddable":true,"href":"https:\/\/chilimag.hu\/webshop\/wp-json\/wp\/v2\/comments?post=35503"}],"wp:featuredmedia":[{"embeddable":true,"href":"https:\/\/chilimag.hu\/webshop\/wp-json\/wp\/v2\/media\/35505"}],"wp:attachment":[{"href":"https:\/\/chilimag.hu\/webshop\/wp-json\/wp\/v2\/media?parent=35503"}],"wp:term":[{"taxonomy":"product_brand","embeddable":true,"href":"https:\/\/chilimag.hu\/webshop\/wp-json\/wp\/v2\/product_brand?post=35503"},{"taxonomy":"product_cat","embeddable":true,"href":"https:\/\/chilimag.hu\/webshop\/wp-json\/wp\/v2\/product_cat?post=35503"},{"taxonomy":"product_tag","embeddable":true,"href":"https:\/\/chilimag.hu\/webshop\/wp-json\/wp\/v2\/product_tag?post=35503"}],"curies":[{"name":"wp","href":"https:\/\/api.w.org\/{rel}","templated":true}]}}