{"id":3549,"date":"2017-01-11T11:35:59","date_gmt":"2017-01-11T11:35:59","guid":{"rendered":"https:\/\/chilimag.hu\/webshop\/?post_type=product&#038;p=3549"},"modified":"2025-08-11T12:29:36","modified_gmt":"2025-08-11T12:29:36","slug":"chio-chio-san","status":"publish","type":"product","link":"https:\/\/chilimag.hu\/webshop\/termek\/chio-chio-san\/","title":{"rendered":"Chio Chio San B Paradicsom"},"content":{"rendered":"","protected":false},"excerpt":{"rendered":"<div><img decoding=\"async\" src=\"https:\/\/chilimag.hu\/webshop\/wp-content\/uploads\/2014\/11\/chilimag-logo-2-150x150.jpg\" \/><\/div>\n<div><\/div>\n<div>\n<p>Le\u00edr\u00e1s<\/p>\n<p>Orosz kereskedelmi fajta, amelyet a Gavrish c\u00e9g fejlesztett ki \u00e9s 1999-ben vezettek be. Egyes forr\u00e1sok szerint k\u00ednai sz\u00e1rmaz\u00e1s\u00fa, a vita nyitott.<\/p>\n<p>A k\u00f6vetkez\u0151 neveken is hivatkoznak: Chio Chio San &#8211; Cio Cio San &#8211; \u0427\u0438\u043e-\u0447\u0438\u043e-\u0441\u0430\u043d<\/p>\n<p>V\u00f6r\u00f6ses-r\u00f3zsasz\u00edn apr\u00f3 term\u00e9s, 40-60 gramm s\u00faly\u00fa, sima, ov\u00e1lis szilva alak\u00fa, t\u00f6bb mint 50 darabos f\u00fcrt\u00f6kbe t\u00f6m\u00f6r\u00fclve. A sz\u00e1rr\u00f6gz\u00edt\u00e9sn\u00e9l szinte nincs benyom\u00f3d\u00e1s, egy apr\u00f3 ponton k\u00f6ld\u00f6knyom.Szil\u00e1rd, \u00e9des \u00edz\u0171 h\u00fas.\u00a0Nagyon er\u0151teljes \u00e9s term\u0151 fajta, nem szokatlan n\u00f6v\u00e9nyenk\u00e9nt ak\u00e1r 6\/7 kg term\u00e9st is betakar\u00edtani. C<span style=\"font-size: 16px;\">s\u00facsterm\u0151 szilva alak\u00fa. \u00a0 40-50gr.\u00a0<\/span><span style=\"font-size: 16px;\">egy n\u00f6v\u00e9ny ak\u00e1r 4-5 kg-ot terem.<\/span><\/p>\n<p>Gondoz\u00e1sa:Paradicsomot termeszthet, \u00fcvegh\u00e1zban vagy a szabadban. Az optim\u00e1lis cs\u00edr\u00e1z\u00e1si h\u0151m\u00e9rs\u00e9klet 20 \u00e9s 25\u00b0C k\u00f6z\u00f6tt van, a cs\u00edr\u00e1z\u00e1s 8-14 nap ut\u00e1n k\u00f6vetkezik be. Felgyors\u00edthatja a cs\u00edr\u00e1z\u00e1si folyamatot, ha a magokat egy \u00e9jszak\u00e1n \u00e1t nedves ruh\u00e1ban hagyja \u00e1zni. V\u00e1rjon az utols\u00f3 fagy ut\u00e1n a kiv\u00e1lasztott n\u00f6v\u00e9nyek \u00fcltet\u00e9s\u00e9vel.<\/p>\n<p>A paradicsomnak friss, j\u00f3l tr\u00e1gy\u00e1zott, v\u00edz\u00e1tereszt\u0151 talajra van sz\u00fcks\u00e9ge, amelyet nedvesen (de nem nedvesen!) kell tartani. Napos, v\u00e9dett helyre \u00fcltess\u00fck, ahol legal\u00e1bb 6 \u00f3ra \u2013 lehet\u0151leg t\u00f6bb \u2013 napf\u00e9ny \u00e9ri.<\/p>\n<\/div>\n<div>A csomag 10 szem magot tartalmaz<\/div>\n","protected":false},"featured_media":3537,"comment_status":"closed","ping_status":"closed","template":"","meta":[],"product_brand":[],"product_cat":[10],"product_tag":[],"class_list":{"0":"post-3549","1":"product","2":"type-product","3":"status-publish","4":"has-post-thumbnail","6":"product_cat-paradicsom","8":"first","9":"instock","10":"taxable","11":"shipping-taxable","12":"purchasable","13":"product-type-simple"},"_links":{"self":[{"href":"https:\/\/chilimag.hu\/webshop\/wp-json\/wp\/v2\/product\/3549","targetHints":{"allow":["GET"]}}],"collection":[{"href":"https:\/\/chilimag.hu\/webshop\/wp-json\/wp\/v2\/product"}],"about":[{"href":"https:\/\/chilimag.hu\/webshop\/wp-json\/wp\/v2\/types\/product"}],"replies":[{"embeddable":true,"href":"https:\/\/chilimag.hu\/webshop\/wp-json\/wp\/v2\/comments?post=3549"}],"wp:featuredmedia":[{"embeddable":true,"href":"https:\/\/chilimag.hu\/webshop\/wp-json\/wp\/v2\/media\/3537"}],"wp:attachment":[{"href":"https:\/\/chilimag.hu\/webshop\/wp-json\/wp\/v2\/media?parent=3549"}],"wp:term":[{"taxonomy":"product_brand","embeddable":true,"href":"https:\/\/chilimag.hu\/webshop\/wp-json\/wp\/v2\/product_brand?post=3549"},{"taxonomy":"product_cat","embeddable":true,"href":"https:\/\/chilimag.hu\/webshop\/wp-json\/wp\/v2\/product_cat?post=3549"},{"taxonomy":"product_tag","embeddable":true,"href":"https:\/\/chilimag.hu\/webshop\/wp-json\/wp\/v2\/product_tag?post=3549"}],"curies":[{"name":"wp","href":"https:\/\/api.w.org\/{rel}","templated":true}]}}