{"id":35485,"date":"2025-02-08T20:36:58","date_gmt":"2025-02-08T20:36:58","guid":{"rendered":"https:\/\/chilimag.hu\/webshop\/?post_type=product&#038;p=35485"},"modified":"2026-03-13T11:44:51","modified_gmt":"2026-03-13T11:44:51","slug":"koromvirag-citrus-mix-daisy-eln-sl","status":"publish","type":"product","link":"https:\/\/chilimag.hu\/webshop\/termek\/koromvirag-citrus-mix-daisy-eln-sl\/","title":{"rendered":"K\u00f6r\u00f6mvir\u00e1g citrus mix Daisy ELN SL"},"content":{"rendered":"","protected":false},"excerpt":{"rendered":"<p>Le\u00edr\u00e1s<\/p>\n<p>K\u00f6r\u00f6mvir\u00e1g CITRUS KEVER\u00c9K DAISY Egyny\u00e1ri, k\u00f6nnyen termeszthet\u0151, f\u00e9nyes vir\u00e1gz\u00e1s\u00fa vir\u00e1gok, amelyek eg\u00e9sz ny\u00e1ron vir\u00e1goznak. Ez a n\u00f6v\u00e9ny t\u00f6m\u00f6r, vir\u00e1gz\u00e1sa f\u00e9nyes, telt \u00e9s f\u00e9lig telt. Vir\u00e1g\u00e1gy\u00e1sokban, cserepekben \u00e9s erk\u00e9ly\u00e1gy\u00e1sokban termeszthet\u0151. A f\u00e9nyes vir\u00e1gokat kis csokorba szedik, te\u00e1hoz \u00e9s \u00e9teld\u00edsznek is alkalmasak. A n\u00f6v\u00e9nyek nagyon er\u0151teljesek \u00e9s gyorsan n\u0151nek. J\u00faniust\u00f3l a fagyokig vir\u00e1gzik. Nem ig\u00e9nyel k\u00fcl\u00f6nleges talajviszonyokat, \u00e9s a napon vir\u00e1gzik a legb\u0151s\u00e9gesebben. Megv\u00e9dheti a k\u00f6zeli n\u00f6v\u00e9nyeket a betegs\u00e9gekt\u0151l \u00e9s k\u00e1rtev\u0151kt\u0151l. Ha hagyjuk be\u00e9rni a magokat, t\u00f6k\u00e9letesen \u00f6nmagukat vetik. A s\u0171r\u0171n cs\u00edr\u00e1zott n\u00f6v\u00e9nyeket javasolt ritk\u00edtani. 0,5 g \u2013 k\u00f6r\u00fclbel\u00fcl 55 mag. 1,5-2,0 m2-es ter\u00fclethez 0,5 g elegend\u0151.<\/p>\n<p>Vet\u00e9sid\u0151 a talajban V<br \/>\nVet\u00e9sid\u0151 \u00fcvegh\u00e1zban IV<br \/>\nT\u00e1vols\u00e1gok, 20&#215;30 cm<br \/>\nSz\u00fcret VII-X<br \/>\nLucia Elite m\u00e1rka<br \/>\n\u00dcltet\u00e9si m\u00e9lys\u00e9g, cm2<\/p>\n<p>&nbsp;<\/p>\n","protected":false},"featured_media":35486,"comment_status":"closed","ping_status":"closed","template":"","meta":[],"product_brand":[],"product_cat":[369],"product_tag":[],"class_list":{"0":"post-35485","1":"product","2":"type-product","3":"status-publish","4":"has-post-thumbnail","6":"product_cat-virag-vetomagok-lucia-elite","8":"first","9":"instock","10":"taxable","11":"shipping-taxable","12":"purchasable","13":"product-type-simple"},"_links":{"self":[{"href":"https:\/\/chilimag.hu\/webshop\/wp-json\/wp\/v2\/product\/35485","targetHints":{"allow":["GET"]}}],"collection":[{"href":"https:\/\/chilimag.hu\/webshop\/wp-json\/wp\/v2\/product"}],"about":[{"href":"https:\/\/chilimag.hu\/webshop\/wp-json\/wp\/v2\/types\/product"}],"replies":[{"embeddable":true,"href":"https:\/\/chilimag.hu\/webshop\/wp-json\/wp\/v2\/comments?post=35485"}],"wp:featuredmedia":[{"embeddable":true,"href":"https:\/\/chilimag.hu\/webshop\/wp-json\/wp\/v2\/media\/35486"}],"wp:attachment":[{"href":"https:\/\/chilimag.hu\/webshop\/wp-json\/wp\/v2\/media?parent=35485"}],"wp:term":[{"taxonomy":"product_brand","embeddable":true,"href":"https:\/\/chilimag.hu\/webshop\/wp-json\/wp\/v2\/product_brand?post=35485"},{"taxonomy":"product_cat","embeddable":true,"href":"https:\/\/chilimag.hu\/webshop\/wp-json\/wp\/v2\/product_cat?post=35485"},{"taxonomy":"product_tag","embeddable":true,"href":"https:\/\/chilimag.hu\/webshop\/wp-json\/wp\/v2\/product_tag?post=35485"}],"curies":[{"name":"wp","href":"https:\/\/api.w.org\/{rel}","templated":true}]}}