{"id":35440,"date":"2025-02-08T07:24:57","date_gmt":"2025-02-08T07:24:57","guid":{"rendered":"https:\/\/chilimag.hu\/webshop\/?post_type=product&#038;p=35440"},"modified":"2025-03-28T07:35:48","modified_gmt":"2025-03-28T07:35:48","slug":"mega-termesztesi-keszlet-nelly-jelly-gardenland-sl","status":"publish","type":"product","link":"https:\/\/chilimag.hu\/webshop\/termek\/mega-termesztesi-keszlet-nelly-jelly-gardenland-sl\/","title":{"rendered":"Nelly Jelly Mega Termeszt\u00e9si k\u00e9szlet GARDENLAND SL"},"content":{"rendered":"","protected":false},"excerpt":{"rendered":"<p>Le\u00edr\u00e1s<\/p>\n<p>Szeretne igazi kert\u00e9sz lenni, \u00e9s l\u00e9trehozni saj\u00e1t Sodolenda-t (Gardenland)? Akkor vigye el csal\u00e1dj\u00e1t, \u00e9s l\u00e9pjen be a n\u00f6v\u00e9nyek var\u00e1zslatos vil\u00e1g\u00e1ba! Ez egy j\u00e1t\u00e9kos utaz\u00e1s \u00e9s garant\u00e1ltan j\u00f3 eredm\u00e9ny, min\u0151s\u00e9gi egy\u00fctt t\u00f6lt\u00f6tt id\u0151 \u00e9s a csapatmunka el\u0151seg\u00edt\u00e9se, mik\u00f6zben \u00e1polja a kreativit\u00e1st, a felel\u0151ss\u00e9get \u00e9s a n\u00f6v\u00e9nytermeszt\u00e9si ismereteket. Amikor kinyitod a Sodolendas dobozt, el\u0151sz\u00f6r keresd a var\u00e1zsmagokat!<br \/>\nEzek az \u00e9rt\u00e9kes magvak k\u00e9szen \u00e1llnak a mini \u00fcvegh\u00e1zban val\u00f3 elvet\u00e9sre, ahol szemtan\u00fai lehettek a talajon \u00e1tt\u00f6r\u0151 n\u00f6v\u00e9nyek leny\u0171g\u00f6z\u0151 utaz\u00e1s\u00e1nak, amint el\u00e9rik a napf\u00e9nyt \u2013 ez val\u00f3ban var\u00e1zslatos! Ahogy a n\u00f6v\u00e9nyek kiz\u00f6ld\u00fclnek \u00e9s vir\u00e1goznak, meg\u00f6r\u00f6k\u00edtheted sz\u00e9ps\u00e9g\u00fcket egy lebilincsel\u0151 kifest\u0151k\u00f6nyvben. De az izgalom nem \u00e1ll meg itt!<br \/>\nA k\u00e9szlet matric\u00e1kat tartalmaz, amelyek d\u00edsz\u00edtik a cs\u00edr\u00e1z\u00f3cs\u00e9sz\u00e9ket vagy a n\u00f6v\u00e9nyc\u00edmk\u00e9ket, amelyek szem\u00e9lyes megjelen\u00e9st k\u00f6lcs\u00f6n\u00f6znek bimb\u00f3z\u00f3 kertj\u00e9nek. Hogyan n\u0151j? Helyezze a k\u00f3kuszpelleteket a cs\u00e9sz\u00e9kbe, \u00e9s lassan \u00f6nts\u00f6n fel 150-175 ml vizet id\u0151k\u00f6z\u00f6nk\u00e9nt. V\u00e1rjon 3-5 percet, am\u00edg a tablett\u00e1k megduzzadnak. A vet\u0151szalagok lerak\u00e1sa el\u0151tt \u00f6nt\u00f6zze meg a talajt. A lerakott szalagot takarjuk be f\u00f6lddel, majd ism\u00e9t \u00f6nt\u00f6zz\u00fck meg b\u0151s\u00e9gesen. Helyezze r\u00e1juk az \u00fcvegh\u00e1zfedelet. \u00d6nt\u00f6zze rendszeresen. Kezdje kerti kalandj\u00e1t az erk\u00e9ly\u00e9n, a kertj\u00e9ben vagy k\u00f6zvetlen\u00fcl az ablakp\u00e1rk\u00e1ny\u00e1n!<br \/>\nA k\u00e9szlet tartalma: K\u00fcl\u00f6nb\u00f6z\u0151 t\u00edpus\u00fa magvak 6 db (paradicsom, retek, sal\u00e1ta, kerti zs\u00e1zsa, rak\u00e9tasal\u00e1ta, macskaf\u0171), Cs\u00edr\u00e1ztat\u00f3 cs\u00e9sz\u00e9k 6 db, Bambusz c\u00edmk\u00e9k 6 db, k\u00f3kusz pellet 6 db, Cs\u00edr\u00e1ztat\u00f3 \u00fcvegh\u00e1zi matric\u00e1k, sz\u00ednes ceruz\u00e1k, kifest\u0151k\u00f6nyv.<\/p>\n<p>SODOLENDAS X NELLY JELLY m\u00e1rka<\/p>\n<p>&nbsp;<\/p>\n","protected":false},"featured_media":35441,"comment_status":"closed","ping_status":"closed","template":"","meta":[],"product_brand":[],"product_cat":[421],"product_tag":[],"class_list":{"0":"post-35440","1":"product","2":"type-product","3":"status-publish","4":"has-post-thumbnail","6":"product_cat-gyerek-kerteszet","8":"first","9":"instock","10":"taxable","11":"shipping-taxable","12":"purchasable","13":"product-type-simple"},"_links":{"self":[{"href":"https:\/\/chilimag.hu\/webshop\/wp-json\/wp\/v2\/product\/35440","targetHints":{"allow":["GET"]}}],"collection":[{"href":"https:\/\/chilimag.hu\/webshop\/wp-json\/wp\/v2\/product"}],"about":[{"href":"https:\/\/chilimag.hu\/webshop\/wp-json\/wp\/v2\/types\/product"}],"replies":[{"embeddable":true,"href":"https:\/\/chilimag.hu\/webshop\/wp-json\/wp\/v2\/comments?post=35440"}],"wp:featuredmedia":[{"embeddable":true,"href":"https:\/\/chilimag.hu\/webshop\/wp-json\/wp\/v2\/media\/35441"}],"wp:attachment":[{"href":"https:\/\/chilimag.hu\/webshop\/wp-json\/wp\/v2\/media?parent=35440"}],"wp:term":[{"taxonomy":"product_brand","embeddable":true,"href":"https:\/\/chilimag.hu\/webshop\/wp-json\/wp\/v2\/product_brand?post=35440"},{"taxonomy":"product_cat","embeddable":true,"href":"https:\/\/chilimag.hu\/webshop\/wp-json\/wp\/v2\/product_cat?post=35440"},{"taxonomy":"product_tag","embeddable":true,"href":"https:\/\/chilimag.hu\/webshop\/wp-json\/wp\/v2\/product_tag?post=35440"}],"curies":[{"name":"wp","href":"https:\/\/api.w.org\/{rel}","templated":true}]}}