{"id":35323,"date":"2025-02-03T19:36:15","date_gmt":"2025-02-03T19:36:15","guid":{"rendered":"https:\/\/chilimag.hu\/webshop\/?post_type=product&#038;p=35323"},"modified":"2025-02-03T19:36:15","modified_gmt":"2025-02-03T19:36:15","slug":"teaskanna-melegito-labakon-allo-cb28","status":"publish","type":"product","link":"https:\/\/chilimag.hu\/webshop\/termek\/teaskanna-melegito-labakon-allo-cb28\/","title":{"rendered":"Te\u00e1skanna meleg\u00edt\u0151, l\u00e1bakon \u00e1ll\u00f3 CB28"},"content":{"rendered":"","protected":false},"excerpt":{"rendered":"<p>K\u00f6r alak\u00fa, d\u00edsz\u00edt\u00e9ssel szeg\u00e9lyezett \u00f6nt\u00f6ttvas teameleg\u00edt\u0151, 3 l\u00e1ba cs\u00fasz\u00e1smentes anyagb\u00f3l van bebor\u00edtva, megk\u00f6nny\u00edtve a tapad\u00e1st.<br \/>\nM\u00e9csestart\u00f3val a k\u00f6zep\u00e9n kiv\u00e1l\u00f3an alkalmas te\u00e1skanna meleg\u00edt\u00e9s\u00e9re vagy csak a tea melegen tart\u00e1s\u00e1ra.<br \/>\nM\u00e9retei magass\u00e1ga 5 cm, sz\u00e9less\u00e9ge 22 cm, m\u00e9lys\u00e9ge 14 cm.<\/p>\n","protected":false},"featured_media":35324,"comment_status":"closed","ping_status":"closed","template":"","meta":[],"product_brand":[],"product_cat":[342],"product_tag":[],"class_list":{"0":"post-35323","1":"product","2":"type-product","3":"status-publish","4":"has-post-thumbnail","6":"product_cat-egyeb-kerti-termekek","8":"first","9":"instock","10":"taxable","11":"shipping-taxable","12":"purchasable","13":"product-type-simple"},"_links":{"self":[{"href":"https:\/\/chilimag.hu\/webshop\/wp-json\/wp\/v2\/product\/35323","targetHints":{"allow":["GET"]}}],"collection":[{"href":"https:\/\/chilimag.hu\/webshop\/wp-json\/wp\/v2\/product"}],"about":[{"href":"https:\/\/chilimag.hu\/webshop\/wp-json\/wp\/v2\/types\/product"}],"replies":[{"embeddable":true,"href":"https:\/\/chilimag.hu\/webshop\/wp-json\/wp\/v2\/comments?post=35323"}],"wp:featuredmedia":[{"embeddable":true,"href":"https:\/\/chilimag.hu\/webshop\/wp-json\/wp\/v2\/media\/35324"}],"wp:attachment":[{"href":"https:\/\/chilimag.hu\/webshop\/wp-json\/wp\/v2\/media?parent=35323"}],"wp:term":[{"taxonomy":"product_brand","embeddable":true,"href":"https:\/\/chilimag.hu\/webshop\/wp-json\/wp\/v2\/product_brand?post=35323"},{"taxonomy":"product_cat","embeddable":true,"href":"https:\/\/chilimag.hu\/webshop\/wp-json\/wp\/v2\/product_cat?post=35323"},{"taxonomy":"product_tag","embeddable":true,"href":"https:\/\/chilimag.hu\/webshop\/wp-json\/wp\/v2\/product_tag?post=35323"}],"curies":[{"name":"wp","href":"https:\/\/api.w.org\/{rel}","templated":true}]}}