{"id":35240,"date":"2025-02-01T13:35:26","date_gmt":"2025-02-01T13:35:26","guid":{"rendered":"https:\/\/chilimag.hu\/webshop\/?post_type=product&#038;p=35240"},"modified":"2026-03-31T13:37:24","modified_gmt":"2026-03-31T13:37:24","slug":"porehagyma-bulgarian-giant-opal-bg","status":"publish","type":"product","link":"https:\/\/chilimag.hu\/webshop\/termek\/porehagyma-bulgarian-giant-opal-bg\/","title":{"rendered":"P\u00f3r\u00e9hagyma Bulgarian Giant Opal Bg"},"content":{"rendered":"","protected":false},"excerpt":{"rendered":"<p>&nbsp;<\/p>\n<p>Le\u00edr\u00e1s<\/p>\n<p>Nagyon term\u0151 k\u00e9s\u0151i fajta, frissen vagy feldolgozva fogyaszthat\u00f3. A sz\u00e1r hossz\u00fa, el\u00e9ri a 70 cm-t, a h\u00fasos r\u00e9sz k\u00f6r\u00fclbel\u00fcl 25 cm, finom \u00e1llag\u00fa, s\u00f6t\u00e9tz\u00f6ld sz\u00edn\u0171, kiv\u00e1l\u00f3 \u00edz\u0171. T\u00e9len j\u00f3l el\u00e1ll. Betegs\u00e9g\u00e1ll\u00f3. Vet\u0151mennyis\u00e9g: 300-400 g\/ 1000 olvad\u00e1spont. Magok 1 g-ban: k\u00f6r\u00fclbel\u00fcl 250 darab. Veget\u00e1ci\u00f3s id\u0151szak \u2013 110-150 nap.<\/p>\n<p>&nbsp;<\/p>\n","protected":false},"featured_media":35241,"comment_status":"closed","ping_status":"closed","template":"","meta":[],"product_brand":[],"product_cat":[454],"product_tag":[],"class_list":{"0":"post-35240","1":"product","2":"type-product","3":"status-publish","4":"has-post-thumbnail","6":"product_cat-hagyma-vetomagok-bolgar-opal-vetomagok","8":"first","9":"instock","10":"taxable","11":"shipping-taxable","12":"purchasable","13":"product-type-simple"},"_links":{"self":[{"href":"https:\/\/chilimag.hu\/webshop\/wp-json\/wp\/v2\/product\/35240","targetHints":{"allow":["GET"]}}],"collection":[{"href":"https:\/\/chilimag.hu\/webshop\/wp-json\/wp\/v2\/product"}],"about":[{"href":"https:\/\/chilimag.hu\/webshop\/wp-json\/wp\/v2\/types\/product"}],"replies":[{"embeddable":true,"href":"https:\/\/chilimag.hu\/webshop\/wp-json\/wp\/v2\/comments?post=35240"}],"wp:featuredmedia":[{"embeddable":true,"href":"https:\/\/chilimag.hu\/webshop\/wp-json\/wp\/v2\/media\/35241"}],"wp:attachment":[{"href":"https:\/\/chilimag.hu\/webshop\/wp-json\/wp\/v2\/media?parent=35240"}],"wp:term":[{"taxonomy":"product_brand","embeddable":true,"href":"https:\/\/chilimag.hu\/webshop\/wp-json\/wp\/v2\/product_brand?post=35240"},{"taxonomy":"product_cat","embeddable":true,"href":"https:\/\/chilimag.hu\/webshop\/wp-json\/wp\/v2\/product_cat?post=35240"},{"taxonomy":"product_tag","embeddable":true,"href":"https:\/\/chilimag.hu\/webshop\/wp-json\/wp\/v2\/product_tag?post=35240"}],"curies":[{"name":"wp","href":"https:\/\/api.w.org\/{rel}","templated":true}]}}