{"id":35167,"date":"2025-01-30T20:21:32","date_gmt":"2025-01-30T20:21:32","guid":{"rendered":"https:\/\/chilimag.hu\/webshop\/?post_type=product&#038;p=35167"},"modified":"2026-01-09T18:25:59","modified_gmt":"2026-01-09T18:25:59","slug":"mutragya-szolokhoz-20-gr-opal-bg","status":"publish","type":"product","link":"https:\/\/chilimag.hu\/webshop\/termek\/mutragya-szolokhoz-20-gr-opal-bg\/","title":{"rendered":"M\u0171tr\u00e1gya sz\u00f6l\u00f6kh\u00f6z 20 gr Opal Bg"},"content":{"rendered":"","protected":false},"excerpt":{"rendered":"<p>Le\u00edr\u00e1s<br \/>\nSz\u0151l\u0151m\u0171tr\u00e1gya 20 gramm 10 literhez Nitrog\u00e9n, foszfor \u00e9s k\u00e1lium (15.10.30) + mikroelemek kombin\u00e1ci\u00f3ja, alkalmas sz\u0151l\u0151re a veget\u00e1ci\u00f3s id\u0151szakban.<\/p>\n<p>N\u00f6veli a cukortartalmat \u00e9s felgyors\u00edtja az \u00e9r\u00e9st.<\/p>\n<p>Seg\u00edti a gyors n\u00f6veked\u00e9st \u00e9s a megn\u00f6vekedett hozam el\u00e9r\u00e9s\u00e9t.<\/p>\n<p>Alkalmazhat\u00f3 csepegtet\u0151 rendszeren kereszt\u00fcl, vagy lev\u00e9lben vermorellel, minden fejl\u0151d\u00e9si szakaszban, legal\u00e1bb 7-10 napos id\u0151k\u00f6z\u00f6nk\u00e9nt.<\/p>\n","protected":false},"featured_media":35168,"comment_status":"closed","ping_status":"closed","template":"","meta":[],"product_brand":[],"product_cat":[391],"product_tag":[],"class_list":{"0":"post-35167","1":"product","2":"type-product","3":"status-publish","4":"has-post-thumbnail","6":"product_cat-egyeb-tapoldatok","8":"first","9":"instock","10":"taxable","11":"shipping-taxable","12":"purchasable","13":"product-type-simple"},"_links":{"self":[{"href":"https:\/\/chilimag.hu\/webshop\/wp-json\/wp\/v2\/product\/35167","targetHints":{"allow":["GET"]}}],"collection":[{"href":"https:\/\/chilimag.hu\/webshop\/wp-json\/wp\/v2\/product"}],"about":[{"href":"https:\/\/chilimag.hu\/webshop\/wp-json\/wp\/v2\/types\/product"}],"replies":[{"embeddable":true,"href":"https:\/\/chilimag.hu\/webshop\/wp-json\/wp\/v2\/comments?post=35167"}],"wp:featuredmedia":[{"embeddable":true,"href":"https:\/\/chilimag.hu\/webshop\/wp-json\/wp\/v2\/media\/35168"}],"wp:attachment":[{"href":"https:\/\/chilimag.hu\/webshop\/wp-json\/wp\/v2\/media?parent=35167"}],"wp:term":[{"taxonomy":"product_brand","embeddable":true,"href":"https:\/\/chilimag.hu\/webshop\/wp-json\/wp\/v2\/product_brand?post=35167"},{"taxonomy":"product_cat","embeddable":true,"href":"https:\/\/chilimag.hu\/webshop\/wp-json\/wp\/v2\/product_cat?post=35167"},{"taxonomy":"product_tag","embeddable":true,"href":"https:\/\/chilimag.hu\/webshop\/wp-json\/wp\/v2\/product_tag?post=35167"}],"curies":[{"name":"wp","href":"https:\/\/api.w.org\/{rel}","templated":true}]}}