{"id":35117,"date":"2025-01-29T20:05:08","date_gmt":"2025-01-29T20:05:08","guid":{"rendered":"https:\/\/chilimag.hu\/webshop\/?post_type=product&#038;p=35117"},"modified":"2026-02-06T10:29:29","modified_gmt":"2026-02-06T10:29:29","slug":"loboda-green-opal-bg","status":"publish","type":"product","link":"https:\/\/chilimag.hu\/webshop\/termek\/loboda-green-opal-bg\/","title":{"rendered":"Laboda green Opal Bg"},"content":{"rendered":"","protected":false},"excerpt":{"rendered":"<p><img decoding=\"async\" src=\"https:\/\/c.cdnmp.net\/397100687\/brands\/11000160_logo.jpg\" alt=\"Opal BG\" \/><\/p>\n<p>Egyny\u00e1ri n\u00f6v\u00e9ny, f\u00fcgg\u0151leges, el\u00e1gaz\u00f3 sz\u00e1r, ak\u00e1r 2 m magass\u00e1gig.<\/p>\n<p>K\u00f6zvetlen vet\u00e9ssel szabadf\u00f6ld\u00f6n termesztik, lehet\u0151leg kora tavasszal, szakaszosan, 10-15 naponta.<\/p>\n<p>A loboda vet\u00e9se j\u00falius-augusztus nyar\u00e1ig folytat\u00f3dhat.<\/p>\n<p>A m\u00e1ngold \u00e1sv\u00e1nyi anyagokban gazdag, \u00e9s j\u00f3 vas-, cink-, kalcium- \u00e9s magn\u00e9ziumforr\u00e1s.<\/p>\n<p>Az orvostudom\u00e1nyban a loboda bizonyos gyomorbetegs\u00e9gek gy\u00f3gym\u00f3djak\u00e9nt ismert.<\/p>\n<p>A csomag 1 gr magot tartalmaz<\/p>\n<p>&nbsp;<\/p>\n","protected":false},"featured_media":35118,"comment_status":"closed","ping_status":"closed","template":"","meta":[],"product_brand":[],"product_cat":[460],"product_tag":[],"class_list":{"0":"post-35117","1":"product","2":"type-product","3":"status-publish","4":"has-post-thumbnail","6":"product_cat-salata-es-retek-vetomagok-bolgar-opal-vetomagok","8":"first","9":"instock","10":"taxable","11":"shipping-taxable","12":"purchasable","13":"product-type-simple"},"_links":{"self":[{"href":"https:\/\/chilimag.hu\/webshop\/wp-json\/wp\/v2\/product\/35117","targetHints":{"allow":["GET"]}}],"collection":[{"href":"https:\/\/chilimag.hu\/webshop\/wp-json\/wp\/v2\/product"}],"about":[{"href":"https:\/\/chilimag.hu\/webshop\/wp-json\/wp\/v2\/types\/product"}],"replies":[{"embeddable":true,"href":"https:\/\/chilimag.hu\/webshop\/wp-json\/wp\/v2\/comments?post=35117"}],"wp:featuredmedia":[{"embeddable":true,"href":"https:\/\/chilimag.hu\/webshop\/wp-json\/wp\/v2\/media\/35118"}],"wp:attachment":[{"href":"https:\/\/chilimag.hu\/webshop\/wp-json\/wp\/v2\/media?parent=35117"}],"wp:term":[{"taxonomy":"product_brand","embeddable":true,"href":"https:\/\/chilimag.hu\/webshop\/wp-json\/wp\/v2\/product_brand?post=35117"},{"taxonomy":"product_cat","embeddable":true,"href":"https:\/\/chilimag.hu\/webshop\/wp-json\/wp\/v2\/product_cat?post=35117"},{"taxonomy":"product_tag","embeddable":true,"href":"https:\/\/chilimag.hu\/webshop\/wp-json\/wp\/v2\/product_tag?post=35117"}],"curies":[{"name":"wp","href":"https:\/\/api.w.org\/{rel}","templated":true}]}}