{"id":35116,"date":"2025-01-29T18:16:40","date_gmt":"2025-01-29T18:16:40","guid":{"rendered":"https:\/\/chilimag.hu\/webshop\/?post_type=product&#038;p=35116"},"modified":"2026-03-03T07:24:03","modified_gmt":"2026-03-03T07:24:03","slug":"paprika-bial-kalinkov-opal","status":"publish","type":"product","link":"https:\/\/chilimag.hu\/webshop\/termek\/paprika-bial-kalinkov-opal\/","title":{"rendered":"Paprika Bial Kalinkov Opal Bg"},"content":{"rendered":"","protected":false},"excerpt":{"rendered":"<p><img decoding=\"async\" src=\"https:\/\/c.cdnmp.net\/592978066\/brands\/1000004_logo.jpg\" alt=\"OPAL ZI - Bulgaria\" \/><\/p>\n<p>&nbsp;<\/p>\n<p>K\u00f6z\u00e9pkora-k\u00e9s\u0151i fajta, kiv\u00e1l\u00f3 \u00edz\u0171, Dolma t\u00edpus\u00fa. K\u00f6zvetlen fogyaszt\u00e1sra \u00e9s f\u0151z\u00e9sre egyar\u00e1nt alkalmas. A gy\u00fcm\u00f6lcs\u00f6k nagyok \u00e9s h\u00fasosak, fel\u00e1ll\u00f3k, h\u00e1rom lebeny\u0171ek, s\u00e1rga sz\u00edn\u0171ek, nagyon \u00edzletesek \u00e9s gyeng\u00e9dek. Hossz\u00fas\u00e1guk k\u00f6r\u00fclbel\u00fcl 10 cm.<\/p>\n<p>A csomag 1 gr magot tartalmaz<\/p>\n<p>&nbsp;<\/p>\n","protected":false},"featured_media":35111,"comment_status":"closed","ping_status":"closed","template":"","meta":[],"product_brand":[],"product_cat":[458],"product_tag":[],"class_list":{"0":"post-35116","1":"product","2":"type-product","3":"status-publish","4":"has-post-thumbnail","6":"product_cat-paprika-vetomagok-bolgar-opal-vetomagok","8":"first","9":"instock","10":"taxable","11":"shipping-taxable","12":"purchasable","13":"product-type-simple"},"_links":{"self":[{"href":"https:\/\/chilimag.hu\/webshop\/wp-json\/wp\/v2\/product\/35116","targetHints":{"allow":["GET"]}}],"collection":[{"href":"https:\/\/chilimag.hu\/webshop\/wp-json\/wp\/v2\/product"}],"about":[{"href":"https:\/\/chilimag.hu\/webshop\/wp-json\/wp\/v2\/types\/product"}],"replies":[{"embeddable":true,"href":"https:\/\/chilimag.hu\/webshop\/wp-json\/wp\/v2\/comments?post=35116"}],"wp:featuredmedia":[{"embeddable":true,"href":"https:\/\/chilimag.hu\/webshop\/wp-json\/wp\/v2\/media\/35111"}],"wp:attachment":[{"href":"https:\/\/chilimag.hu\/webshop\/wp-json\/wp\/v2\/media?parent=35116"}],"wp:term":[{"taxonomy":"product_brand","embeddable":true,"href":"https:\/\/chilimag.hu\/webshop\/wp-json\/wp\/v2\/product_brand?post=35116"},{"taxonomy":"product_cat","embeddable":true,"href":"https:\/\/chilimag.hu\/webshop\/wp-json\/wp\/v2\/product_cat?post=35116"},{"taxonomy":"product_tag","embeddable":true,"href":"https:\/\/chilimag.hu\/webshop\/wp-json\/wp\/v2\/product_tag?post=35116"}],"curies":[{"name":"wp","href":"https:\/\/api.w.org\/{rel}","templated":true}]}}