{"id":34852,"date":"2025-01-21T18:13:59","date_gmt":"2025-01-21T18:13:59","guid":{"rendered":"https:\/\/chilimag.hu\/webshop\/?post_type=product&#038;p=34852"},"modified":"2026-02-02T08:36:44","modified_gmt":"2026-02-02T08:36:44","slug":"solania-f1-paradicsom-sp","status":"publish","type":"product","link":"https:\/\/chilimag.hu\/webshop\/termek\/solania-f1-paradicsom-sp\/","title":{"rendered":"Solania F1 Paradicsom SP"},"content":{"rendered":"","protected":false},"excerpt":{"rendered":"<p><img decoding=\"async\" class=\"general_border\" src=\"https:\/\/seminteplante.ro\/img\/m\/259-brand_default.jpg\" alt=\"La Semiorto Sementi\" width=\"154\" height=\"70\" \/><\/p>\n<p>A Solania F1 paradicsom egy hibrid paradicsomfajta a La Semiorto Sementi term\u00e9kcsal\u00e1db\u00f3l, \u00e9s kit\u0171nik hossz\u00fak\u00e1s, szilva alak\u00fa form\u00e1j\u00e1val. A paradicsom sz\u00edne s\u00e1rga.<\/p>\n<p>A Solania F1 hibridet er\u0151s n\u00f6veked\u00e9si er\u00e9ly \u00e9s a paradicsom s\u00e1rga sz\u00edne jellemzi. Gy\u00fcm\u00f6lcsei k\u00f6zepes-nagy m\u00e9ret\u0171ek, \u00e1tlagosan 100-110 gramm t\u00f6meg\u0171ek.<\/p>\n<p>A paradicsom ide\u00e1lis ipari termel\u00e9sre \u00e9s friss fogyaszt\u00e1sra.<\/p>\n<p>Termeszt\u00e9si id\u0151szak: tavasz<\/p>\n<p>Betakar\u00edt\u00e1si id\u0151szak: ny\u00e1r &#8211; \u0151sz<\/p>\n<p>&nbsp;<\/p>\n","protected":false},"featured_media":34854,"comment_status":"closed","ping_status":"closed","template":"","meta":[],"product_brand":[],"product_cat":[10],"product_tag":[],"class_list":{"0":"post-34852","1":"product","2":"type-product","3":"status-publish","4":"has-post-thumbnail","6":"product_cat-paradicsom","8":"first","9":"instock","10":"taxable","11":"shipping-taxable","12":"purchasable","13":"product-type-simple"},"_links":{"self":[{"href":"https:\/\/chilimag.hu\/webshop\/wp-json\/wp\/v2\/product\/34852","targetHints":{"allow":["GET"]}}],"collection":[{"href":"https:\/\/chilimag.hu\/webshop\/wp-json\/wp\/v2\/product"}],"about":[{"href":"https:\/\/chilimag.hu\/webshop\/wp-json\/wp\/v2\/types\/product"}],"replies":[{"embeddable":true,"href":"https:\/\/chilimag.hu\/webshop\/wp-json\/wp\/v2\/comments?post=34852"}],"wp:featuredmedia":[{"embeddable":true,"href":"https:\/\/chilimag.hu\/webshop\/wp-json\/wp\/v2\/media\/34854"}],"wp:attachment":[{"href":"https:\/\/chilimag.hu\/webshop\/wp-json\/wp\/v2\/media?parent=34852"}],"wp:term":[{"taxonomy":"product_brand","embeddable":true,"href":"https:\/\/chilimag.hu\/webshop\/wp-json\/wp\/v2\/product_brand?post=34852"},{"taxonomy":"product_cat","embeddable":true,"href":"https:\/\/chilimag.hu\/webshop\/wp-json\/wp\/v2\/product_cat?post=34852"},{"taxonomy":"product_tag","embeddable":true,"href":"https:\/\/chilimag.hu\/webshop\/wp-json\/wp\/v2\/product_tag?post=34852"}],"curies":[{"name":"wp","href":"https:\/\/api.w.org\/{rel}","templated":true}]}}