{"id":347,"date":"2014-11-10T09:24:31","date_gmt":"2014-11-10T09:24:31","guid":{"rendered":"https:\/\/chilimag.hu\/webshop\/?post_type=product&#038;p=347"},"modified":"2025-08-11T09:45:55","modified_gmt":"2025-08-11T09:45:55","slug":"thai-orange","status":"publish","type":"product","link":"https:\/\/chilimag.hu\/webshop\/termek\/thai-orange\/","title":{"rendered":"Thai Orange"},"content":{"rendered":"","protected":false},"excerpt":{"rendered":"<div><img decoding=\"async\" src=\"https:\/\/chilimag.hu\/webshop\/wp-content\/uploads\/2014\/11\/chilimag-logo-2-150x150.jpg\" \/><\/div>\n<div><\/div>\n<div>Le\u00edr\u00e1s<\/div>\n<div>\n<p>A Thai Orange Hot Chili Thaif\u00f6ldr\u0151l sz\u00e1rmazik, ahol \u00f6mlesztve termesztik. A thai chilit helyi \u201eprik\u201d n\u00e9ven is ismerik, b\u00e1r sokf\u00e9le fajt\u00e1ja l\u00e9tezik. A thai narancs cs\u00edp\u0151s chilit is k\u00f6nny\u0171 termeszteni itt, a vil\u00e1gnak ezen a r\u00e9sz\u00e9n; nagyon ellen\u00e1ll\u00f3, kicsi, kompakt bokrot alkot, amely n\u00e9ha t\u00f6bb sz\u00e1z 5 cm hossz\u00fa chili paprik\u00e1t is k\u00e9pes produk\u00e1lni. A n\u00f6v\u00e9nyek a kiss\u00e9 h\u0171v\u00f6sebb \u00e9ghajlatot is elviselik, \u00edgy ide\u00e1lisak a n\u00e9metorsz\u00e1gi termeszt\u00e9sre. Fantasztikus dekorat\u00edv cserepes n\u00f6v\u00e9nyeket is k\u00e9sz\u00edtenek.<\/p>\n<p>A v\u00e9kony, hossz\u00fak\u00e1s term\u00e9sek v\u00e9kony k\u00fcls\u0151 fal\u00faak, \u00e9s ragyog\u00f3 s\u00e1rga-narancss\u00e1rga sz\u00edn\u0171re \u00e9rnek. Ide\u00e1lisak sz\u00e1r\u00edt\u00e1sra \u00e9s tart\u00f3s\u00edt\u00e1sra. Thaif\u00f6ld\u00f6n a paprik\u00e1t z\u00f6lden vagy narancss\u00e1rg\u00e1n is fogyasztj\u00e1k, \u00e9s egy j\u00f3 s\u00e1rga thai curry elengedhetetlen kell\u00e9ke. Vir\u00e1gos arom\u00e1juk \u00e9s intenz\u00edv, hosszan tart\u00f3 meleg\u00fck van.<\/p>\n<p>Gondoz\u00e1sa: A cs\u00edr\u00e1z\u00e1si h\u0151m\u00e9rs\u00e9klet 22\u00b0C \u00e9s 28\u00b0C k\u00f6z\u00f6tt van (cs\u00edr\u00e1z\u00e1si id\u0151: 8-20 nap); ez\u00e9rt \u00fcvegh\u00e1z \u00e9s f\u0171t\u0151sz\u0151nyeg haszn\u00e1lata javasolt. A n\u00f6v\u00e9nyeknek friss, j\u00f3l tr\u00e1gy\u00e1zott v\u00edz\u00e1tereszt\u0151 talajra van sz\u00fcks\u00e9g\u00fck, \u00e9s nem szabad \u00e1ll\u00f3v\u00edzben hagyni. Napos, v\u00e9dett helyre kell helyezni, ahol legal\u00e1bb napi 6 \u00f3ra napf\u00e9ny \u00e9ri, ha nem t\u00f6bb. A n\u00f6v\u00e9nyek kihelyez\u00e9s\u00e9nek legkor\u00e1bbi id\u0151pontja az utols\u00f3 fagy ut\u00e1n 2-3 h\u00e9t. A n\u00f6v\u00e9nyeket eg\u00e9sz t\u00e9len k\u00f6nny\u0171 gondozni, ha cser\u00e9pben termesztik \u0151ket. El\u0151fordulhat, hogy kiss\u00e9 vissza kell v\u00e1gni, \u00e9s vil\u00e1gos helyre kell tenni, ahol legal\u00e1bb 15\u00b0C h\u0151m\u00e9rs\u00e9klet\u0171.<\/p>\n<p>Capsicum annuum t\u00edpus<br \/>\nF\u0171szerszint 8<br \/>\nScoville 40 000 \u2013 80 000 SHU<br \/>\nOptim\u00e1lis cs\u00edr\u00e1z\u00e1si h\u0151m\u00e9rs\u00e9klet 22 &#8211; 28 \u00b0C<br \/>\nVet\u00e9s janu\u00e1r-\u00e1prilis<br \/>\nFeh\u00e9r vir\u00e1gok (m\u00e1jus-augusztus)<br \/>\nN\u00f6veked\u00e9si szok\u00e1sa Bokros, 30-50 cm magas<br \/>\n\u00c9rlel\u00e9s Z\u00f6ldt\u0151l narancss\u00e1rg\u00e1ig<br \/>\nA gy\u00fcm\u00f6lcs megjelen\u00e9se 1,5 x 5 cm<br \/>\n\u00c9rlel\u00e9si id\u0151 70 nap<br \/>\nSz\u00e1rmaz\u00e1si hely Thaif\u00f6ld<\/p>\n<\/div>\n<div id=\"productDescription\" class=\"content\">\u00a0A csomag 10 szem magot tartalmaz<\/div>\n","protected":false},"featured_media":33229,"comment_status":"open","ping_status":"closed","template":"","meta":[],"product_brand":[],"product_cat":[8],"product_tag":[],"class_list":{"0":"post-347","1":"product","2":"type-product","3":"status-publish","4":"has-post-thumbnail","6":"product_cat-paprika","8":"first","9":"instock","10":"taxable","11":"shipping-taxable","12":"purchasable","13":"product-type-simple"},"_links":{"self":[{"href":"https:\/\/chilimag.hu\/webshop\/wp-json\/wp\/v2\/product\/347","targetHints":{"allow":["GET"]}}],"collection":[{"href":"https:\/\/chilimag.hu\/webshop\/wp-json\/wp\/v2\/product"}],"about":[{"href":"https:\/\/chilimag.hu\/webshop\/wp-json\/wp\/v2\/types\/product"}],"replies":[{"embeddable":true,"href":"https:\/\/chilimag.hu\/webshop\/wp-json\/wp\/v2\/comments?post=347"}],"wp:featuredmedia":[{"embeddable":true,"href":"https:\/\/chilimag.hu\/webshop\/wp-json\/wp\/v2\/media\/33229"}],"wp:attachment":[{"href":"https:\/\/chilimag.hu\/webshop\/wp-json\/wp\/v2\/media?parent=347"}],"wp:term":[{"taxonomy":"product_brand","embeddable":true,"href":"https:\/\/chilimag.hu\/webshop\/wp-json\/wp\/v2\/product_brand?post=347"},{"taxonomy":"product_cat","embeddable":true,"href":"https:\/\/chilimag.hu\/webshop\/wp-json\/wp\/v2\/product_cat?post=347"},{"taxonomy":"product_tag","embeddable":true,"href":"https:\/\/chilimag.hu\/webshop\/wp-json\/wp\/v2\/product_tag?post=347"}],"curies":[{"name":"wp","href":"https:\/\/api.w.org\/{rel}","templated":true}]}}