{"id":34696,"date":"2025-01-16T05:48:22","date_gmt":"2025-01-16T05:48:22","guid":{"rendered":"https:\/\/chilimag.hu\/webshop\/?post_type=product&#038;p=34696"},"modified":"2025-01-16T05:48:22","modified_gmt":"2025-01-16T05:48:22","slug":"mezei-virag-mintas-kerti-eszkoz-es-szett-zold-tr067-z","status":"publish","type":"product","link":"https:\/\/chilimag.hu\/webshop\/termek\/mezei-virag-mintas-kerti-eszkoz-es-szett-zold-tr067-z\/","title":{"rendered":"Mezei vir\u00e1g mint\u00e1s kerti eszk\u00f6z \u00e9s szett z\u00f6ld TR067-Z"},"content":{"rendered":"","protected":false},"excerpt":{"rendered":"<div id=\"myread-more\" class=\"myread-more openedmyread\">\n<div class=\"myread-more__content \">Mezei vir\u00e1g mint\u00e1s kerti eszk\u00f6z \u00e9s keszty\u0171 szett, z\u00f6ld sz\u00ednben.<\/p>\n<p>Ez a kerti eszk\u00f6z k\u00e9szlet kisebb kerti munk\u00e1k elv\u00e9gz\u00e9s\u00e9hez ide\u00e1lis. A k\u00e9zi \u00e1s\u00f3 sokf\u00e9le feladatra haszn\u00e1lhat\u00f3, p\u00e9ld\u00e1ul \u00e1t\u00fcltet\u00e9sre vagy gyomok elt\u00e1vol\u00edt\u00e1s\u00e1ra. A k\u00e9zi gereblye a talaj felt\u00f6r\u00e9s\u00e9re \u00e9s laz\u00edt\u00e1s\u00e1ra alkalmas. Praktikus b\u0151r akaszt\u00f3val. A k\u00e9szlet sz\u00ednes aj\u00e1nd\u00e9kdobozban \u00e9rkezik.<\/p>\n<p>A keszty\u0171 visel\u00e9se elengedhetetlen a kerti munk\u00e1k sor\u00e1n. Ezek a sz\u00ednes, mint\u00e1s keszty\u0171k megv\u00e9dik a kezet a szennyez\u0151d\u00e9sekt\u0151l. Az elasztikus mandzsetta megakad\u00e1lyozza, hogy homok ker\u00fclj\u00f6n a keszty\u0171be. Ezenk\u00edv\u00fcl a teny\u00e9ren PVC-pontok tal\u00e1lhat\u00f3k a jobb fog\u00e1s \u00e9rdek\u00e9ben.<\/p><\/div>\n<\/div>\n","protected":false},"featured_media":34697,"comment_status":"closed","ping_status":"closed","template":"","meta":[],"product_brand":[],"product_cat":[394],"product_tag":[],"class_list":{"0":"post-34696","1":"product","2":"type-product","3":"status-publish","4":"has-post-thumbnail","6":"product_cat-kerti-szerszamok","8":"first","9":"instock","10":"taxable","11":"shipping-taxable","12":"purchasable","13":"product-type-simple"},"_links":{"self":[{"href":"https:\/\/chilimag.hu\/webshop\/wp-json\/wp\/v2\/product\/34696","targetHints":{"allow":["GET"]}}],"collection":[{"href":"https:\/\/chilimag.hu\/webshop\/wp-json\/wp\/v2\/product"}],"about":[{"href":"https:\/\/chilimag.hu\/webshop\/wp-json\/wp\/v2\/types\/product"}],"replies":[{"embeddable":true,"href":"https:\/\/chilimag.hu\/webshop\/wp-json\/wp\/v2\/comments?post=34696"}],"wp:featuredmedia":[{"embeddable":true,"href":"https:\/\/chilimag.hu\/webshop\/wp-json\/wp\/v2\/media\/34697"}],"wp:attachment":[{"href":"https:\/\/chilimag.hu\/webshop\/wp-json\/wp\/v2\/media?parent=34696"}],"wp:term":[{"taxonomy":"product_brand","embeddable":true,"href":"https:\/\/chilimag.hu\/webshop\/wp-json\/wp\/v2\/product_brand?post=34696"},{"taxonomy":"product_cat","embeddable":true,"href":"https:\/\/chilimag.hu\/webshop\/wp-json\/wp\/v2\/product_cat?post=34696"},{"taxonomy":"product_tag","embeddable":true,"href":"https:\/\/chilimag.hu\/webshop\/wp-json\/wp\/v2\/product_tag?post=34696"}],"curies":[{"name":"wp","href":"https:\/\/api.w.org\/{rel}","templated":true}]}}