{"id":34678,"date":"2025-01-16T04:21:01","date_gmt":"2025-01-16T04:21:01","guid":{"rendered":"https:\/\/chilimag.hu\/webshop\/?post_type=product&#038;p=34678"},"modified":"2026-02-04T11:53:02","modified_gmt":"2026-02-04T11:53:02","slug":"borsikafu-csombor-kolostorok-gyogynovenye-pannon-rk","status":"publish","type":"product","link":"https:\/\/chilimag.hu\/webshop\/termek\/borsikafu-csombor-kolostorok-gyogynovenye-pannon-rk\/","title":{"rendered":"Borsf\u0171 ( Csombor) Kolostorok Gy\u00f3gyn\u00f6v\u00e9nye Pannon RK"},"content":{"rendered":"","protected":false},"excerpt":{"rendered":"<p>Borsra eml\u00e9keztet\u0151 illat\u00fa f\u0171szern\u00f6v\u00e9ny. Sz\u00e1ra 30-40 cm magas, el\u00e1gaz\u00f3, vir\u00e1ga feh\u00e9r vagy r\u00f3zsasz\u00edn. Leveles, vir\u00e1gos hajt\u00e1sait v\u00e1gjuk. H\u00fasokhoz, babhoz, k\u00e1poszt\u00e1hoz haszn\u00e1lhat\u00f3 f\u0171szerk\u00e9nt. Te\u00e1ja felf\u00fav\u00f3d\u00e1s, b\u00e9lhurut \u00e9s k\u00f6h\u00f6g\u00e9s ellen j\u00f3.<\/p>\n<p>A csomag 2 gr magot tartalmaz<\/p>\n","protected":false},"featured_media":34679,"comment_status":"closed","ping_status":"closed","template":"","meta":[],"product_brand":[],"product_cat":[424],"product_tag":[],"class_list":{"0":"post-34678","1":"product","2":"type-product","3":"status-publish","4":"has-post-thumbnail","6":"product_cat-fuszer-es-gyogynoveny-vetomagok-redei-kertimag","8":"first","9":"instock","10":"taxable","11":"shipping-taxable","12":"purchasable","13":"product-type-simple"},"_links":{"self":[{"href":"https:\/\/chilimag.hu\/webshop\/wp-json\/wp\/v2\/product\/34678","targetHints":{"allow":["GET"]}}],"collection":[{"href":"https:\/\/chilimag.hu\/webshop\/wp-json\/wp\/v2\/product"}],"about":[{"href":"https:\/\/chilimag.hu\/webshop\/wp-json\/wp\/v2\/types\/product"}],"replies":[{"embeddable":true,"href":"https:\/\/chilimag.hu\/webshop\/wp-json\/wp\/v2\/comments?post=34678"}],"wp:featuredmedia":[{"embeddable":true,"href":"https:\/\/chilimag.hu\/webshop\/wp-json\/wp\/v2\/media\/34679"}],"wp:attachment":[{"href":"https:\/\/chilimag.hu\/webshop\/wp-json\/wp\/v2\/media?parent=34678"}],"wp:term":[{"taxonomy":"product_brand","embeddable":true,"href":"https:\/\/chilimag.hu\/webshop\/wp-json\/wp\/v2\/product_brand?post=34678"},{"taxonomy":"product_cat","embeddable":true,"href":"https:\/\/chilimag.hu\/webshop\/wp-json\/wp\/v2\/product_cat?post=34678"},{"taxonomy":"product_tag","embeddable":true,"href":"https:\/\/chilimag.hu\/webshop\/wp-json\/wp\/v2\/product_tag?post=34678"}],"curies":[{"name":"wp","href":"https:\/\/api.w.org\/{rel}","templated":true}]}}