{"id":345,"date":"2014-11-10T09:23:55","date_gmt":"2014-11-10T09:23:55","guid":{"rendered":"https:\/\/chilimag.hu\/webshop\/?post_type=product&#038;p=345"},"modified":"2025-08-11T09:45:09","modified_gmt":"2025-08-11T09:45:09","slug":"thai-dragon","status":"publish","type":"product","link":"https:\/\/chilimag.hu\/webshop\/termek\/thai-dragon\/","title":{"rendered":"Thai Dragon"},"content":{"rendered":"","protected":false},"excerpt":{"rendered":"<div id=\"productDescription\" class=\"content\">\n<p><img decoding=\"async\" src=\"https:\/\/chilimag.hu\/webshop\/wp-content\/uploads\/2014\/11\/chilimag-logo-2-150x150.jpg\" \/><\/p>\n<p>&nbsp;<\/p>\n<p>Le\u00edr\u00e1s<\/p>\n<p>A thai s\u00e1rk\u00e1ny chili D\u00e9lkelet-\u00c1zsi\u00e1b\u00f3l sz\u00e1rmazik, ahol ez a leggyakrabban haszn\u00e1lt chili. Thaif\u00f6ld\u00f6n a chilit \u201eprik\u201d n\u00e9ven is ismerik, b\u00e1r m\u00e9g mindig sok fajta l\u00e9tezik. A thai s\u00e1rk\u00e1ny chilit is k\u00f6nny\u0171 termeszteni itt, a vil\u00e1gnak ezen a r\u00e9sz\u00e9n; nagyon ellen\u00e1ll\u00f3, kicsi, t\u00f6m\u00f6r bokrot alkot, \u00e9s sok paprika terem.<\/p>\n<p>A v\u00e9kony, hossz\u00fak\u00e1s term\u00e9sek v\u00e9kony k\u00fcls\u0151 fal\u00faak, \u00e9s ragyog\u00f3 v\u00f6r\u00f6s sz\u00edn\u0171re \u00e9rnek. Ide\u00e1lisak sz\u00e1r\u00edt\u00e1sra \u00e9s tart\u00f3s\u00edt\u00e1sra. Thaif\u00f6ld\u00f6n a paprik\u00e1t z\u00f6lden vagy pirosan is fogyasztj\u00e1k, \u00e9s ez elengedhetetlen \u00f6sszetev\u0151je egy j\u00f3 thai currynek. Vir\u00e1gos arom\u00e1juk \u00e9s intenz\u00edv, hosszan tart\u00f3 meleg\u00fck van. Fantasztikus dekorat\u00edv cserepes n\u00f6v\u00e9nyeket is k\u00e9sz\u00edtenek.<\/p>\n<p>Gondoz\u00e1sa: A cs\u00edr\u00e1z\u00e1si h\u0151m\u00e9rs\u00e9klet 22\u00b0C \u00e9s 28\u00b0C k\u00f6z\u00f6tt van (cs\u00edr\u00e1z\u00e1si id\u0151: 8-20 nap); ez\u00e9rt \u00fcvegh\u00e1z \u00e9s f\u0171t\u0151sz\u0151nyeg haszn\u00e1lata javasolt. A n\u00f6v\u00e9nyeknek friss, j\u00f3l tr\u00e1gy\u00e1zott, v\u00edz\u00e1tereszt\u0151 talajra van sz\u00fcks\u00e9g\u00fck, nem t\u0171rik a bevizesed\u00e9st. Napos, v\u00e9dett helyre kell \u00fcltetni, ahol legal\u00e1bb 6 \u00f3ra napf\u00e9ny \u2013 lehet\u0151leg t\u00f6bb. Tedd ki a n\u00f6v\u00e9nyeket kb. 2-3 h\u00e9ttel az utols\u00f3 fagy ut\u00e1n.<\/p>\n<p>Capsicum annuum t\u00edpus<br \/>\nF\u0171szerszint 7-8<br \/>\nScoville 25 000 \u2013 80 000 SHU<br \/>\nOptim\u00e1lis cs\u00edr\u00e1z\u00e1si h\u0151m\u00e9rs\u00e9klet 22 &#8211; 28 \u00b0C<br \/>\nVet\u00e9s janu\u00e1r-\u00e1prilis<br \/>\nFeh\u00e9r vir\u00e1gok (m\u00e1jus-augusztus)<br \/>\nN\u00f6veked\u00e9si szok\u00e1sa Bokros, 30-50 cm magas<br \/>\n\u00c9rlel\u00e9s Z\u00f6ldt\u0151l v\u00f6r\u00f6sig<br \/>\nA gy\u00fcm\u00f6lcs megjelen\u00e9se 1,5 x 5 cm<br \/>\n\u00c9rlel\u00e9si id\u0151 90 nap<br \/>\nSz\u00e1rmaz\u00e1si hely Thaif\u00f6ld<\/p>\n<p>&nbsp;<\/p>\n<p>A csomag 10 szem magot tartalmaz<\/p>\n<\/div>\n","protected":false},"featured_media":346,"comment_status":"open","ping_status":"closed","template":"","meta":[],"product_brand":[],"product_cat":[8],"product_tag":[],"class_list":{"0":"post-345","1":"product","2":"type-product","3":"status-publish","4":"has-post-thumbnail","6":"product_cat-paprika","8":"first","9":"instock","10":"taxable","11":"shipping-taxable","12":"purchasable","13":"product-type-simple"},"_links":{"self":[{"href":"https:\/\/chilimag.hu\/webshop\/wp-json\/wp\/v2\/product\/345","targetHints":{"allow":["GET"]}}],"collection":[{"href":"https:\/\/chilimag.hu\/webshop\/wp-json\/wp\/v2\/product"}],"about":[{"href":"https:\/\/chilimag.hu\/webshop\/wp-json\/wp\/v2\/types\/product"}],"replies":[{"embeddable":true,"href":"https:\/\/chilimag.hu\/webshop\/wp-json\/wp\/v2\/comments?post=345"}],"wp:featuredmedia":[{"embeddable":true,"href":"https:\/\/chilimag.hu\/webshop\/wp-json\/wp\/v2\/media\/346"}],"wp:attachment":[{"href":"https:\/\/chilimag.hu\/webshop\/wp-json\/wp\/v2\/media?parent=345"}],"wp:term":[{"taxonomy":"product_brand","embeddable":true,"href":"https:\/\/chilimag.hu\/webshop\/wp-json\/wp\/v2\/product_brand?post=345"},{"taxonomy":"product_cat","embeddable":true,"href":"https:\/\/chilimag.hu\/webshop\/wp-json\/wp\/v2\/product_cat?post=345"},{"taxonomy":"product_tag","embeddable":true,"href":"https:\/\/chilimag.hu\/webshop\/wp-json\/wp\/v2\/product_tag?post=345"}],"curies":[{"name":"wp","href":"https:\/\/api.w.org\/{rel}","templated":true}]}}