{"id":33957,"date":"2024-11-30T15:29:33","date_gmt":"2024-11-30T15:29:33","guid":{"rendered":"https:\/\/chilimag.hu\/webshop\/?post_type=product&#038;p=33957"},"modified":"2026-03-24T08:55:07","modified_gmt":"2026-03-24T08:55:07","slug":"paradicsom-sweet-valentines-hibrid-eln-sl","status":"publish","type":"product","link":"https:\/\/chilimag.hu\/webshop\/termek\/paradicsom-sweet-valentines-hibrid-eln-sl\/","title":{"rendered":"Paradicsom Sweet Valentines Hibrid ELN SL"},"content":{"rendered":"","protected":false},"excerpt":{"rendered":"<p><img decoding=\"async\" class=\"logo\" src=\"https:\/\/b2b.seklos.lt\/themes\/warehouse\/img\/logo_en.png\" alt=\"Agrofirma S\u0117klos, UAB\" \/><\/p>\n<p>TOMATO SWEET VALENTINES H Korai, t\u00f6rpe, 30-35 cm magas, kiv\u00e9teles hibrid fajta, amely sz\u00edv alak\u00fa paradicsomot terem. J\u00f3l n\u00f6vekszik cser\u00e9pben \u2013 azon kev\u00e9s fajt\u00e1k egyike, amelyek nem ig\u00e9nyelnek nagy cserepet. A paradicsom kicsi, 15 g s\u00faly\u00fa, nagyon \u00edzletes, egy n\u00f6v\u00e9nyben 60-75 paradicsom is nehezedhet. A magokat m\u00e1rciusban vetik el. Annak \u00e9rdek\u00e9ben, hogy gyorsabban \u00e9s egyenletesebben cs\u00edr\u00e1zhassanak, \u00fcveggel vagy f\u00f3li\u00e1val kell lefedni. Az aljzat h\u0151m\u00e9rs\u00e9klete, amelybe a magokat veti, nem lehet alacsonyabb +21\u201326 \u00b0C-n\u00e1l, a helyis\u00e9g h\u0151m\u00e9rs\u00e9klete nem lehet +23 \u00b0C-n\u00e1l alacsonyabb. 2-4 val\u00f3di lev\u00e9l felnevel\u00e9se ut\u00e1n a pal\u00e1nt\u00e1kat k\u00fcl\u00f6n \u00fcltetik \u00e1t. A pal\u00e1nt\u00e1kat akkor \u00fcltetik az \u00fcvegh\u00e1zba, amikor m\u00e1r nem \u00e1ll fenn a fagyvesz\u00e9ly. 3-4 m\u00b2-es ter\u00fcletre vagy 5-6 cser\u00e9pre 7 mag elegend\u0151.<\/p>\n<p>Vet\u00e9sid\u0151 \u00fcvegh\u00e1zban III-IV<br \/>\nT\u00e1vols\u00e1gok, 20&#215;20 cm<br \/>\nN\u00f6v\u00e9nymagass\u00e1g t\u00f6rp\u00e9k<br \/>\nSz\u00fcret VI-VIII<br \/>\nLucia Elite m\u00e1rka<\/p>\n","protected":false},"featured_media":33959,"comment_status":"closed","ping_status":"closed","template":"","meta":[],"product_brand":[],"product_cat":[368],"product_tag":[],"class_list":{"0":"post-33957","1":"product","2":"type-product","3":"status-publish","4":"has-post-thumbnail","6":"product_cat-zoldseg-vetomagok","8":"first","9":"instock","10":"taxable","11":"shipping-taxable","12":"purchasable","13":"product-type-simple"},"_links":{"self":[{"href":"https:\/\/chilimag.hu\/webshop\/wp-json\/wp\/v2\/product\/33957","targetHints":{"allow":["GET"]}}],"collection":[{"href":"https:\/\/chilimag.hu\/webshop\/wp-json\/wp\/v2\/product"}],"about":[{"href":"https:\/\/chilimag.hu\/webshop\/wp-json\/wp\/v2\/types\/product"}],"replies":[{"embeddable":true,"href":"https:\/\/chilimag.hu\/webshop\/wp-json\/wp\/v2\/comments?post=33957"}],"wp:featuredmedia":[{"embeddable":true,"href":"https:\/\/chilimag.hu\/webshop\/wp-json\/wp\/v2\/media\/33959"}],"wp:attachment":[{"href":"https:\/\/chilimag.hu\/webshop\/wp-json\/wp\/v2\/media?parent=33957"}],"wp:term":[{"taxonomy":"product_brand","embeddable":true,"href":"https:\/\/chilimag.hu\/webshop\/wp-json\/wp\/v2\/product_brand?post=33957"},{"taxonomy":"product_cat","embeddable":true,"href":"https:\/\/chilimag.hu\/webshop\/wp-json\/wp\/v2\/product_cat?post=33957"},{"taxonomy":"product_tag","embeddable":true,"href":"https:\/\/chilimag.hu\/webshop\/wp-json\/wp\/v2\/product_tag?post=33957"}],"curies":[{"name":"wp","href":"https:\/\/api.w.org\/{rel}","templated":true}]}}