{"id":33946,"date":"2024-11-29T19:12:48","date_gmt":"2024-11-29T19:12:48","guid":{"rendered":"https:\/\/chilimag.hu\/webshop\/?post_type=product&#038;p=33946"},"modified":"2026-04-30T06:12:03","modified_gmt":"2026-04-30T06:12:03","slug":"macskamenta-citromillatu-catnip-agr-sl","status":"publish","type":"product","link":"https:\/\/chilimag.hu\/webshop\/termek\/macskamenta-citromillatu-catnip-agr-sl\/","title":{"rendered":"Macskamenta citromillat\u00fa Catnip Agr SL"},"content":{"rendered":"","protected":false},"excerpt":{"rendered":"<p><img decoding=\"async\" class=\"\" src=\"https:\/\/b2b.seklos.lt\/img\/m\/79-medium_default.jpg\" alt=\"\" width=\"152\" height=\"152\" \/><\/p>\n<h3>Term\u00e9kle\u00edr\u00e1s<\/h3>\n<p>Botanikai n\u00e9v:NEPETA CATARIA L. var.CITRIODORA<\/p>\n<p>\u00c9vel\u0151, 40-100 cm magas, m\u00e9zes n\u00f6v\u00e9nyek. A friss \u00e9s sz\u00e1r\u00edtott leveleket f\u0171szerk\u00e9nt haszn\u00e1lj\u00e1k, legink\u00e1bb vir\u00e1gz\u00e1s el\u0151tt \u00e9rt\u00e9kelik, citromos \u00e9s melissa arom\u00e1juk miatt. Alkalmas sal\u00e1t\u00e1khoz, h\u00fas\u00e9telekhez, te\u00e1khoz.<\/p>\n<p>A magok sz\u00e1ma grammonk\u00e9nt ~1600<br \/>\nVet\u00e9sid\u0151 a talajban IV-V, X<br \/>\nA pal\u00e1nt\u00e1k vet\u00e9si ideje III-IV<br \/>\nT\u00e1vols\u00e1gok, 30&#215;30 cm<br \/>\nSz\u00fcret IV-IX<br \/>\nAGRONOM m\u00e1rka<br \/>\nNapos hely Igen<br \/>\nF\u00e9l\u00e1rny\u00e9k Igen<br \/>\n\u00c9vel\u0151 Igen<\/p>\n","protected":false},"featured_media":33947,"comment_status":"closed","ping_status":"closed","template":"","meta":[],"product_brand":[],"product_cat":[396],"product_tag":[],"class_list":{"0":"post-33946","1":"product","2":"type-product","3":"status-publish","4":"has-post-thumbnail","6":"product_cat-fuszer-es-gyogynovenyek","8":"first","9":"instock","10":"taxable","11":"shipping-taxable","12":"purchasable","13":"product-type-simple"},"_links":{"self":[{"href":"https:\/\/chilimag.hu\/webshop\/wp-json\/wp\/v2\/product\/33946","targetHints":{"allow":["GET"]}}],"collection":[{"href":"https:\/\/chilimag.hu\/webshop\/wp-json\/wp\/v2\/product"}],"about":[{"href":"https:\/\/chilimag.hu\/webshop\/wp-json\/wp\/v2\/types\/product"}],"replies":[{"embeddable":true,"href":"https:\/\/chilimag.hu\/webshop\/wp-json\/wp\/v2\/comments?post=33946"}],"wp:featuredmedia":[{"embeddable":true,"href":"https:\/\/chilimag.hu\/webshop\/wp-json\/wp\/v2\/media\/33947"}],"wp:attachment":[{"href":"https:\/\/chilimag.hu\/webshop\/wp-json\/wp\/v2\/media?parent=33946"}],"wp:term":[{"taxonomy":"product_brand","embeddable":true,"href":"https:\/\/chilimag.hu\/webshop\/wp-json\/wp\/v2\/product_brand?post=33946"},{"taxonomy":"product_cat","embeddable":true,"href":"https:\/\/chilimag.hu\/webshop\/wp-json\/wp\/v2\/product_cat?post=33946"},{"taxonomy":"product_tag","embeddable":true,"href":"https:\/\/chilimag.hu\/webshop\/wp-json\/wp\/v2\/product_tag?post=33946"}],"curies":[{"name":"wp","href":"https:\/\/api.w.org\/{rel}","templated":true}]}}