{"id":33924,"date":"2024-11-29T17:32:10","date_gmt":"2024-11-29T17:32:10","guid":{"rendered":"https:\/\/chilimag.hu\/webshop\/?post_type=product&#038;p=33924"},"modified":"2026-03-11T13:39:21","modified_gmt":"2026-03-11T13:39:21","slug":"hagyma-red-magic-hibrid-z-s-sl","status":"publish","type":"product","link":"https:\/\/chilimag.hu\/webshop\/termek\/hagyma-red-magic-hibrid-z-s-sl\/","title":{"rendered":"Hagyma Red Magic Hibrid Z.S SL"},"content":{"rendered":"","protected":false},"excerpt":{"rendered":"<p><img decoding=\"async\" class=\"active-logo\" src=\"https:\/\/b2b.seklos.lt\/themes\/warehouse\/img\/logo_en.png\" alt=\"Agrofirma S\u0117klos, UAB\" width=\"280\" height=\"95\" \/><\/p>\n<p>K\u00f6zepesen korai term\u0151k\u00e9pess\u00e9g\u0171, egylevel\u0171 hagymahibrid. A vet\u00e9s ut\u00e1n 125 napon bel\u00fcl \u00e9rik. A v\u00f6r\u00f6s-ibolya h\u00e9j\u00fa, kerek, k\u00f6r\u00fclbel\u00fcl 120\u2013140 g vagy ann\u00e1l nagyobb t\u00f6meg\u0171 hagym\u00e1k kedvez\u0151 k\u00f6r\u00fclm\u00e9nyek k\u00f6z\u00f6tt enyhe \u00edz\u0171ek. A hibrid ellen\u00e1ll a retekgyom korai kialakul\u00e1s\u00e1nak. Frissen fogyasztva, r\u00f6vid t\u00e1v\u00fa t\u00e1rol\u00e1sra alkalmas. A legjobban ny\u00edlt, napos helyen fejl\u0151dik. J\u00f3l fejl\u0151dik homokos v\u00e1lyogban \u00e9s humuszban gazdag, meglehet\u0151sen sz\u00e1raz, k\u00f6nny\u0171 homokos v\u00e1lyogtalajban.<\/p>\n<p>A fajta korai \u00e9r\u00e9se M\u00e9rs\u00e9kelten korai<br \/>\nA magok sz\u00e1ma grammonk\u00e9nt ~250-450<br \/>\nVet\u00e9sid\u0151 a talajban IV-V<br \/>\nT\u00e1vols\u00e1gok, cm 20&#215;5<br \/>\nSz\u00fcret VIII-IX<br \/>\nTerm\u0151f\u00f6ld<br \/>\nM\u00e1rka \u017dalia stotel\u0117<br \/>\nNapos hely Igen<br \/>\nKiszerel\u00e9s 1 g<\/p>\n","protected":false},"featured_media":33925,"comment_status":"closed","ping_status":"closed","template":"","meta":[],"product_brand":[],"product_cat":[417],"product_tag":[],"class_list":{"0":"post-33924","1":"product","2":"type-product","3":"status-publish","4":"has-post-thumbnail","6":"product_cat-hagyma-vetomagok-zalia-stotele","8":"first","9":"instock","10":"taxable","11":"shipping-taxable","12":"purchasable","13":"product-type-simple"},"_links":{"self":[{"href":"https:\/\/chilimag.hu\/webshop\/wp-json\/wp\/v2\/product\/33924","targetHints":{"allow":["GET"]}}],"collection":[{"href":"https:\/\/chilimag.hu\/webshop\/wp-json\/wp\/v2\/product"}],"about":[{"href":"https:\/\/chilimag.hu\/webshop\/wp-json\/wp\/v2\/types\/product"}],"replies":[{"embeddable":true,"href":"https:\/\/chilimag.hu\/webshop\/wp-json\/wp\/v2\/comments?post=33924"}],"wp:featuredmedia":[{"embeddable":true,"href":"https:\/\/chilimag.hu\/webshop\/wp-json\/wp\/v2\/media\/33925"}],"wp:attachment":[{"href":"https:\/\/chilimag.hu\/webshop\/wp-json\/wp\/v2\/media?parent=33924"}],"wp:term":[{"taxonomy":"product_brand","embeddable":true,"href":"https:\/\/chilimag.hu\/webshop\/wp-json\/wp\/v2\/product_brand?post=33924"},{"taxonomy":"product_cat","embeddable":true,"href":"https:\/\/chilimag.hu\/webshop\/wp-json\/wp\/v2\/product_cat?post=33924"},{"taxonomy":"product_tag","embeddable":true,"href":"https:\/\/chilimag.hu\/webshop\/wp-json\/wp\/v2\/product_tag?post=33924"}],"curies":[{"name":"wp","href":"https:\/\/api.w.org\/{rel}","templated":true}]}}