{"id":33898,"date":"2024-11-28T20:26:31","date_gmt":"2024-11-28T20:26:31","guid":{"rendered":"https:\/\/chilimag.hu\/webshop\/?post_type=product&#038;p=33898"},"modified":"2026-02-15T16:36:56","modified_gmt":"2026-02-15T16:36:56","slug":"padlizsan-green-knight-hibrid-z-s-sl","status":"publish","type":"product","link":"https:\/\/chilimag.hu\/webshop\/termek\/padlizsan-green-knight-hibrid-z-s-sl\/","title":{"rendered":"Padlizs\u00e1n Green Knight Hibrid Z.S SL"},"content":{"rendered":"","protected":false},"excerpt":{"rendered":"<p><img decoding=\"async\" class=\"logo\" src=\"https:\/\/b2b.seklos.lt\/themes\/warehouse\/img\/logo_en.png\" alt=\"Agrofirma S\u0117klos, UAB\" \/><\/p>\n<p>Korai, term\u0151, betegs\u00e9geknek ellen\u00e1ll\u00f3 hibrid. Gy\u00fcm\u00f6lcsei henger alak\u00faak, k\u00f6r\u00fclbel\u00fcl 17-20 cm hossz\u00faak, jellegzetes vil\u00e1gosz\u00f6ld h\u00e9j\u00faak, ide\u00e1lisak az \u00e1zsiai konyha \u00e9teleihez. H\u00fasa feh\u00e9r, kem\u00e9ny, keser\u0171 ut\u00f3\u00edz n\u00e9lk\u00fcl, finoman \u00e9des \u00edz\u0171. A n\u00f6v\u00e9nyek kompaktak, k\u00f6r\u00fclbel\u00fcl 75 cm magasak, dekorat\u00edvak, \u00e9s j\u00f3l n\u0151nek mind az erk\u00e9lyen, mind az \u00fcvegh\u00e1zakban. S\u00fct\u00e9sre haszn\u00e1lhat\u00f3k, grillez\u00e9sre alkalmasak, p\u00e1rolhat\u00f3k, tart\u00f3s\u00edthat\u00f3k.<\/p>\n<p>A fajta korai ideje Korai<br \/>\nMagok sz\u00e1ma a csomagban, db. 10<br \/>\nA pal\u00e1nt\u00e1k vet\u00e9si ideje II-III<br \/>\nSz\u00fcret VII-IX<br \/>\nTermeszt\u00e9si helye Cser\u00e9pben, \u00dcvegh\u00e1zban<br \/>\nM\u00e1rka \u017dalia stotel\u0117<br \/>\nTranszplant\u00e1ci\u00f3 V-VI<br \/>\nNapos hely Igen<\/p>\n","protected":false},"featured_media":33899,"comment_status":"closed","ping_status":"closed","template":"","meta":[],"product_brand":[],"product_cat":[411],"product_tag":[],"class_list":{"0":"post-33898","1":"product","2":"type-product","3":"status-publish","4":"has-post-thumbnail","6":"product_cat-uborka-es-padlizsan-vetomagok-zalia-stotele","8":"first","9":"instock","10":"taxable","11":"shipping-taxable","12":"purchasable","13":"product-type-simple"},"_links":{"self":[{"href":"https:\/\/chilimag.hu\/webshop\/wp-json\/wp\/v2\/product\/33898","targetHints":{"allow":["GET"]}}],"collection":[{"href":"https:\/\/chilimag.hu\/webshop\/wp-json\/wp\/v2\/product"}],"about":[{"href":"https:\/\/chilimag.hu\/webshop\/wp-json\/wp\/v2\/types\/product"}],"replies":[{"embeddable":true,"href":"https:\/\/chilimag.hu\/webshop\/wp-json\/wp\/v2\/comments?post=33898"}],"wp:featuredmedia":[{"embeddable":true,"href":"https:\/\/chilimag.hu\/webshop\/wp-json\/wp\/v2\/media\/33899"}],"wp:attachment":[{"href":"https:\/\/chilimag.hu\/webshop\/wp-json\/wp\/v2\/media?parent=33898"}],"wp:term":[{"taxonomy":"product_brand","embeddable":true,"href":"https:\/\/chilimag.hu\/webshop\/wp-json\/wp\/v2\/product_brand?post=33898"},{"taxonomy":"product_cat","embeddable":true,"href":"https:\/\/chilimag.hu\/webshop\/wp-json\/wp\/v2\/product_cat?post=33898"},{"taxonomy":"product_tag","embeddable":true,"href":"https:\/\/chilimag.hu\/webshop\/wp-json\/wp\/v2\/product_tag?post=33898"}],"curies":[{"name":"wp","href":"https:\/\/api.w.org\/{rel}","templated":true}]}}