{"id":33716,"date":"2024-11-06T19:08:34","date_gmt":"2024-11-06T19:08:34","guid":{"rendered":"https:\/\/chilimag.hu\/webshop\/?post_type=product&#038;p=33716"},"modified":"2025-12-10T14:20:29","modified_gmt":"2025-12-10T14:20:29","slug":"antracit-banan-bz-h","status":"publish","type":"product","link":"https:\/\/chilimag.hu\/webshop\/termek\/antracit-banan-bz-h\/","title":{"rendered":"Antracit Ban\u00e1n Bz H"},"content":{"rendered":"","protected":false},"excerpt":{"rendered":"<p><img decoding=\"async\" src=\"https:\/\/chilimag.hu\/webshop\/wp-content\/uploads\/2024\/11\/Buzzy_Roll_Over-150x150.jpeg\" \/><\/p>\n<p>&nbsp;<\/p>\n<p>Antracit ban\u00e1n. A csomagban ban\u00e1nn\u00f6v\u00e9ny magjai, vir\u00e1gf\u00f6ld \u00e9s kiterjedt \u00fcltet\u00e9si \u00fatmutat\u00f3 tal\u00e1lhat\u00f3.<\/p>\n<p>Ed\u00e9ny m\u00e9ret:\u00a0<span id=\"column_2_uc_product_details_ctl04_lbl_ff_desc9\" class=\"value\">10x33x11<\/span><\/p>\n","protected":false},"featured_media":33717,"comment_status":"closed","ping_status":"closed","template":"","meta":[],"product_brand":[],"product_cat":[439,331],"product_tag":[],"class_list":{"0":"post-33716","1":"product","2":"type-product","3":"status-publish","4":"has-post-thumbnail","6":"product_cat-buzzy","7":"product_cat-gyumolcs-vetomagok-egyeb-es-kulonleges-vetomagok","9":"first","10":"instock","11":"taxable","12":"shipping-taxable","13":"purchasable","14":"product-type-simple"},"_links":{"self":[{"href":"https:\/\/chilimag.hu\/webshop\/wp-json\/wp\/v2\/product\/33716","targetHints":{"allow":["GET"]}}],"collection":[{"href":"https:\/\/chilimag.hu\/webshop\/wp-json\/wp\/v2\/product"}],"about":[{"href":"https:\/\/chilimag.hu\/webshop\/wp-json\/wp\/v2\/types\/product"}],"replies":[{"embeddable":true,"href":"https:\/\/chilimag.hu\/webshop\/wp-json\/wp\/v2\/comments?post=33716"}],"wp:featuredmedia":[{"embeddable":true,"href":"https:\/\/chilimag.hu\/webshop\/wp-json\/wp\/v2\/media\/33717"}],"wp:attachment":[{"href":"https:\/\/chilimag.hu\/webshop\/wp-json\/wp\/v2\/media?parent=33716"}],"wp:term":[{"taxonomy":"product_brand","embeddable":true,"href":"https:\/\/chilimag.hu\/webshop\/wp-json\/wp\/v2\/product_brand?post=33716"},{"taxonomy":"product_cat","embeddable":true,"href":"https:\/\/chilimag.hu\/webshop\/wp-json\/wp\/v2\/product_cat?post=33716"},{"taxonomy":"product_tag","embeddable":true,"href":"https:\/\/chilimag.hu\/webshop\/wp-json\/wp\/v2\/product_tag?post=33716"}],"curies":[{"name":"wp","href":"https:\/\/api.w.org\/{rel}","templated":true}]}}