{"id":33676,"date":"2024-11-04T19:31:19","date_gmt":"2024-11-04T19:31:19","guid":{"rendered":"https:\/\/chilimag.hu\/webshop\/?post_type=product&#038;p=33676"},"modified":"2024-11-04T19:37:34","modified_gmt":"2024-11-04T19:37:34","slug":"sutotok-sweet-mama-f1-ornamental-collection-h","status":"publish","type":"product","link":"https:\/\/chilimag.hu\/webshop\/termek\/sutotok-sweet-mama-f1-ornamental-collection-h\/","title":{"rendered":"S\u00fct\u0151t\u00f6k Sweet Mama F1 Ornamental Collection H"},"content":{"rendered":"","protected":false},"excerpt":{"rendered":"<p><img decoding=\"async\" src=\"https:\/\/chilimag.hu\/webshop\/wp-content\/uploads\/2024\/11\/Buzzy_Roll_Over-150x150.jpeg\" \/><\/p>\n<p>Botanikai n\u00e9v: Cucurbita maxima<\/p>\n<p>T\u00f6k &#8211; \u00c9des mama F1<br \/>\nM\u00e1jus elej\u00e9t\u0151l j\u00fanius k\u00f6zep\u00e9ig vess\u00fck k\u00f6zvetlen\u00fcl ny\u00edlt talajba, \u00e9s \u00fcltess\u00fck \u00e1t term\u00e9keny talajba.<br \/>\n1-2 kg t\u00f6meg\u0171, j\u00f3 eltarthat\u00f3s\u00e1g, s\u00f6t\u00e9t s\u00e1rga h\u00fas\u00fa, \u00e9des, enyh\u00e9n di\u00f3s \u00edz\u0171 s\u00fct\u0151t\u00f6k.<\/p>\n<p>A csomag 8 szem magot tartalmaz<\/p>\n<p>&nbsp;<\/p>\n","protected":false},"featured_media":33677,"comment_status":"closed","ping_status":"closed","template":"","meta":[],"product_brand":[],"product_cat":[441],"product_tag":[],"class_list":{"0":"post-33676","1":"product","2":"type-product","3":"status-publish","4":"has-post-thumbnail","6":"product_cat-ornamental-collection-grasses","8":"first","9":"instock","10":"taxable","11":"shipping-taxable","12":"purchasable","13":"product-type-simple"},"_links":{"self":[{"href":"https:\/\/chilimag.hu\/webshop\/wp-json\/wp\/v2\/product\/33676","targetHints":{"allow":["GET"]}}],"collection":[{"href":"https:\/\/chilimag.hu\/webshop\/wp-json\/wp\/v2\/product"}],"about":[{"href":"https:\/\/chilimag.hu\/webshop\/wp-json\/wp\/v2\/types\/product"}],"replies":[{"embeddable":true,"href":"https:\/\/chilimag.hu\/webshop\/wp-json\/wp\/v2\/comments?post=33676"}],"wp:featuredmedia":[{"embeddable":true,"href":"https:\/\/chilimag.hu\/webshop\/wp-json\/wp\/v2\/media\/33677"}],"wp:attachment":[{"href":"https:\/\/chilimag.hu\/webshop\/wp-json\/wp\/v2\/media?parent=33676"}],"wp:term":[{"taxonomy":"product_brand","embeddable":true,"href":"https:\/\/chilimag.hu\/webshop\/wp-json\/wp\/v2\/product_brand?post=33676"},{"taxonomy":"product_cat","embeddable":true,"href":"https:\/\/chilimag.hu\/webshop\/wp-json\/wp\/v2\/product_cat?post=33676"},{"taxonomy":"product_tag","embeddable":true,"href":"https:\/\/chilimag.hu\/webshop\/wp-json\/wp\/v2\/product_tag?post=33676"}],"curies":[{"name":"wp","href":"https:\/\/api.w.org\/{rel}","templated":true}]}}