{"id":33532,"date":"2024-09-30T18:47:53","date_gmt":"2024-09-30T18:47:53","guid":{"rendered":"https:\/\/chilimag.hu\/webshop\/?post_type=product&#038;p=33532"},"modified":"2026-03-12T11:32:35","modified_gmt":"2026-03-12T11:32:35","slug":"paprika-jalapeno-m-agr-sl","status":"publish","type":"product","link":"https:\/\/chilimag.hu\/webshop\/termek\/paprika-jalapeno-m-agr-sl\/","title":{"rendered":"Paprika Jalapeno M AGR SL"},"content":{"rendered":"","protected":false},"excerpt":{"rendered":"<p><img decoding=\"async\" class=\"active-logo\" src=\"https:\/\/b2b.seklos.lt\/themes\/warehouse\/img\/logo_en.png\" alt=\"Agrofirma S\u0117klos, UAB\" width=\"280\" height=\"95\" \/><\/p>\n<p>CS\u00cdP\u0150S PAPRIKA JALAPENO M A cs\u00edp\u0151s paprika korai fajt\u00e1ja. A veget\u00e1ci\u00f3s id\u0151szak 65-75 nap. Gy\u00fcm\u00f6lcsei 7,5\u20138 cm hossz\u00fara n\u0151nek, \u00e9retten pirosak. Min\u00e9l \u00e9rettebb a gy\u00fcm\u00f6lcs, ann\u00e1l f\u0171szeresebb az \u00edze. \u00dcvegh\u00e1zban \u00e9s szabadban termeszthet\u0151, cser\u00e9pben is termeszthet\u0151.<\/p>\n<p>Magok sz\u00e1ma grammonk\u00e9nt ~120-160<br \/>\nA pal\u00e1nt\u00e1k vet\u00e9si ideje II-III<br \/>\nVet\u00e9sid\u0151 az \u00fcvegh\u00e1zban V<br \/>\nT\u00e1vols\u00e1gok, 30&#215;40 cm<br \/>\nSz\u00fcret VI-VIII<br \/>\nAGRONOM m\u00e1rka<br \/>\nNapos hely Igen<\/p>\n","protected":false},"featured_media":33533,"comment_status":"closed","ping_status":"closed","template":"","meta":[],"product_brand":[],"product_cat":[401],"product_tag":[],"class_list":{"0":"post-33532","1":"product","2":"type-product","3":"status-publish","4":"has-post-thumbnail","6":"product_cat-paprika-vetomagok-agronom","8":"first","9":"instock","10":"taxable","11":"shipping-taxable","12":"purchasable","13":"product-type-simple"},"_links":{"self":[{"href":"https:\/\/chilimag.hu\/webshop\/wp-json\/wp\/v2\/product\/33532","targetHints":{"allow":["GET"]}}],"collection":[{"href":"https:\/\/chilimag.hu\/webshop\/wp-json\/wp\/v2\/product"}],"about":[{"href":"https:\/\/chilimag.hu\/webshop\/wp-json\/wp\/v2\/types\/product"}],"replies":[{"embeddable":true,"href":"https:\/\/chilimag.hu\/webshop\/wp-json\/wp\/v2\/comments?post=33532"}],"wp:featuredmedia":[{"embeddable":true,"href":"https:\/\/chilimag.hu\/webshop\/wp-json\/wp\/v2\/media\/33533"}],"wp:attachment":[{"href":"https:\/\/chilimag.hu\/webshop\/wp-json\/wp\/v2\/media?parent=33532"}],"wp:term":[{"taxonomy":"product_brand","embeddable":true,"href":"https:\/\/chilimag.hu\/webshop\/wp-json\/wp\/v2\/product_brand?post=33532"},{"taxonomy":"product_cat","embeddable":true,"href":"https:\/\/chilimag.hu\/webshop\/wp-json\/wp\/v2\/product_cat?post=33532"},{"taxonomy":"product_tag","embeddable":true,"href":"https:\/\/chilimag.hu\/webshop\/wp-json\/wp\/v2\/product_tag?post=33532"}],"curies":[{"name":"wp","href":"https:\/\/api.w.org\/{rel}","templated":true}]}}