{"id":33426,"date":"2024-09-27T11:28:38","date_gmt":"2024-09-27T11:28:38","guid":{"rendered":"https:\/\/chilimag.hu\/webshop\/?post_type=product&#038;p=33426"},"modified":"2025-09-11T08:43:59","modified_gmt":"2025-09-11T08:43:59","slug":"puccini-f1-sutotok-b-s","status":"publish","type":"product","link":"https:\/\/chilimag.hu\/webshop\/termek\/puccini-f1-sutotok-b-s\/","title":{"rendered":"Puccini F1 S\u00fct\u0151t\u00f6k B-S"},"content":{"rendered":"","protected":false},"excerpt":{"rendered":"<p><img decoding=\"async\" src=\"https:\/\/chilimag.hu\/webshop\/wp-content\/uploads\/2022\/10\/bobby-seeds-test-logo-150x150.png\" \/><\/p>\n<p>Term\u00e9kinform\u00e1ci\u00f3 &#8222;Puccini F1&#8221;<\/p>\n<p>Csinos, vil\u00e1goss\u00e1rga s\u00fct\u0151t\u00f6k, s\u00f6t\u00e9ts\u00e1rga cs\u00edkokkal. Gy\u00f6ny\u00f6r\u0171 meleg sz\u00edne, bord\u00e1zott form\u00e1ja \u00e9s kis m\u00e9rete, 10 cm k\u00f6r\u00fcli \u00e1tm\u00e9r\u0151je dekor\u00e1ci\u00f3s c\u00e9lra aj\u00e1nlja ezt a fajt\u00e1t. Ez a fajta mikrohull\u00e1m\u00fa s\u00fct\u0151t\u00f6kk\u00e9nt eg\u00e9szben f\u0151zve is ismertt\u00e9 \u00e9s n\u00e9pszer\u0171v\u00e9 v\u00e1lt.<\/p>\n<p>pepo<br \/>\n\u00c9r\u00e9si id\u0151: 100 nap<br \/>\nM\u00e9rs\u00e9kelt m\u00e1sz\u00f3 viselked\u00e9s<br \/>\nT\u00f6ltel\u00e9knek k\u00fcl\u00f6n\u00f6sen alkalmas fajta.<br \/>\nEz a fajta j\u00f3l terem meleg, j\u00f3 v\u00edzelvezet\u00e9s\u0171 talajon, \u00e1prilis v\u00e9gi vet\u00e9ssel el\u0151m\u0171vel\u00e9ssel \u00e9s \u00fcltet\u00e9ssel, vagy m\u00e1jus elej\u00e9t\u0151l direkt vet\u00e9ssel. A C. pepo ide\u00e1lis a hidegebb vid\u00e9keken t\u00f6rt\u00e9n\u0151 termeszt\u00e9shez.<\/p>\n<p>A s\u00fct\u0151t\u00f6k \u00fcltet\u00e9si t\u00e1vols\u00e1ga a m\u00e1sz\u00e1si viselked\u00e9st\u0151l f\u00fcgg<\/p>\n<p>Lehets\u00e9ges k\u00e1rtev\u0151k: csig\u00e1k, madarak, egerek, tetvek, lisztharmat, v\u00edrus<\/p>\n<p>A csomag 10 szem magot tartalmaz<\/p>\n","protected":false},"featured_media":33428,"comment_status":"closed","ping_status":"closed","template":"","meta":[],"product_brand":[],"product_cat":[345],"product_tag":[],"class_list":{"0":"post-33426","1":"product","2":"type-product","3":"status-publish","4":"has-post-thumbnail","6":"product_cat-suto-fozo-es-disztokok","8":"first","9":"instock","10":"taxable","11":"shipping-taxable","12":"purchasable","13":"product-type-simple"},"_links":{"self":[{"href":"https:\/\/chilimag.hu\/webshop\/wp-json\/wp\/v2\/product\/33426","targetHints":{"allow":["GET"]}}],"collection":[{"href":"https:\/\/chilimag.hu\/webshop\/wp-json\/wp\/v2\/product"}],"about":[{"href":"https:\/\/chilimag.hu\/webshop\/wp-json\/wp\/v2\/types\/product"}],"replies":[{"embeddable":true,"href":"https:\/\/chilimag.hu\/webshop\/wp-json\/wp\/v2\/comments?post=33426"}],"wp:featuredmedia":[{"embeddable":true,"href":"https:\/\/chilimag.hu\/webshop\/wp-json\/wp\/v2\/media\/33428"}],"wp:attachment":[{"href":"https:\/\/chilimag.hu\/webshop\/wp-json\/wp\/v2\/media?parent=33426"}],"wp:term":[{"taxonomy":"product_brand","embeddable":true,"href":"https:\/\/chilimag.hu\/webshop\/wp-json\/wp\/v2\/product_brand?post=33426"},{"taxonomy":"product_cat","embeddable":true,"href":"https:\/\/chilimag.hu\/webshop\/wp-json\/wp\/v2\/product_cat?post=33426"},{"taxonomy":"product_tag","embeddable":true,"href":"https:\/\/chilimag.hu\/webshop\/wp-json\/wp\/v2\/product_tag?post=33426"}],"curies":[{"name":"wp","href":"https:\/\/api.w.org\/{rel}","templated":true}]}}