{"id":33384,"date":"2024-09-26T18:13:20","date_gmt":"2024-09-26T18:13:20","guid":{"rendered":"https:\/\/chilimag.hu\/webshop\/?post_type=product&#038;p=33384"},"modified":"2026-01-11T00:30:20","modified_gmt":"2026-01-11T00:30:20","slug":"iron-cup-f1-tetsukabuto-sutotok-b-s","status":"publish","type":"product","link":"https:\/\/chilimag.hu\/webshop\/termek\/iron-cup-f1-tetsukabuto-sutotok-b-s\/","title":{"rendered":"Iron Cup F1 Tetsukabuto S\u00fct\u0151t\u00f6k B-S"},"content":{"rendered":"","protected":false},"excerpt":{"rendered":"<p><img decoding=\"async\" src=\"https:\/\/chilimag.hu\/webshop\/wp-content\/uploads\/2022\/10\/bobby-seeds-test-logo-150x150.png\" \/><\/p>\n<p>Term\u00e9kinform\u00e1ci\u00f3 &#8222;Iron Cup F1 &#8211; Tetsukabuto&#8221;<\/p>\n<p>Nagyon stabil, s\u00f6t\u00e9tz\u00f6ld fajta, kiv\u00e1l\u00f3 p\u00e9ppel, 2-3 kg k\u00f6r\u00fcl<\/p>\n<p>interspecifikus hibridek<br \/>\n\u00c9r\u00e9si id\u0151: 110 nap<br \/>\nEz a fajta rendk\u00edv\u00fcl j\u00f3l t\u00e1rolhat\u00f3<br \/>\nEz a hibrid j\u00f3l terem meleg, j\u00f3 v\u00edzelvezet\u00e9s\u0171 talajban, az el\u0151m\u0171vel\u00e9s \u00e9s az \u00e1prilis v\u00e9gi vet\u00e9ssel t\u00f6rt\u00e9n\u0151 \u00fcltet\u00e9s adja a legjobb eredm\u00e9nyt. Ez a fajta nem alkalmas hidegebb r\u00e9gi\u00f3kra.<\/p>\n<p>A s\u00fct\u0151t\u00f6k \u00fcltet\u00e9si t\u00e1vols\u00e1ga a m\u00e1sz\u00e1si viselked\u00e9st\u0151l f\u00fcgg<\/p>\n<p>Lehets\u00e9ges k\u00e1rtev\u0151k: csig\u00e1k, madarak, egerek, tetvek, lisztharmat, v\u00edrus<\/p>\n","protected":false},"featured_media":33385,"comment_status":"closed","ping_status":"closed","template":"","meta":[],"product_brand":[],"product_cat":[345],"product_tag":[],"class_list":{"0":"post-33384","1":"product","2":"type-product","3":"status-publish","4":"has-post-thumbnail","6":"product_cat-suto-fozo-es-disztokok","8":"first","9":"instock","10":"taxable","11":"shipping-taxable","12":"purchasable","13":"product-type-simple"},"_links":{"self":[{"href":"https:\/\/chilimag.hu\/webshop\/wp-json\/wp\/v2\/product\/33384","targetHints":{"allow":["GET"]}}],"collection":[{"href":"https:\/\/chilimag.hu\/webshop\/wp-json\/wp\/v2\/product"}],"about":[{"href":"https:\/\/chilimag.hu\/webshop\/wp-json\/wp\/v2\/types\/product"}],"replies":[{"embeddable":true,"href":"https:\/\/chilimag.hu\/webshop\/wp-json\/wp\/v2\/comments?post=33384"}],"wp:featuredmedia":[{"embeddable":true,"href":"https:\/\/chilimag.hu\/webshop\/wp-json\/wp\/v2\/media\/33385"}],"wp:attachment":[{"href":"https:\/\/chilimag.hu\/webshop\/wp-json\/wp\/v2\/media?parent=33384"}],"wp:term":[{"taxonomy":"product_brand","embeddable":true,"href":"https:\/\/chilimag.hu\/webshop\/wp-json\/wp\/v2\/product_brand?post=33384"},{"taxonomy":"product_cat","embeddable":true,"href":"https:\/\/chilimag.hu\/webshop\/wp-json\/wp\/v2\/product_cat?post=33384"},{"taxonomy":"product_tag","embeddable":true,"href":"https:\/\/chilimag.hu\/webshop\/wp-json\/wp\/v2\/product_tag?post=33384"}],"curies":[{"name":"wp","href":"https:\/\/api.w.org\/{rel}","templated":true}]}}