{"id":33366,"date":"2024-09-26T17:24:19","date_gmt":"2024-09-26T17:24:19","guid":{"rendered":"https:\/\/chilimag.hu\/webshop\/?post_type=product&#038;p=33366"},"modified":"2025-02-14T20:51:39","modified_gmt":"2025-02-14T20:51:39","slug":"cinnamon-girl-f1-sutotok-b-s","status":"publish","type":"product","link":"https:\/\/chilimag.hu\/webshop\/termek\/cinnamon-girl-f1-sutotok-b-s\/","title":{"rendered":"Cinnamon Girl F1 S\u00fct\u0151t\u00f6k B-S"},"content":{"rendered":"","protected":false},"excerpt":{"rendered":"<p><img decoding=\"async\" src=\"https:\/\/chilimag.hu\/webshop\/wp-content\/uploads\/2022\/10\/bobby-seeds-test-logo-150x150.png\" \/><\/p>\n<p>Term\u00e9kinform\u00e1ci\u00f3 &#8222;Cinnamon Girl F1 PMT&#8221;<\/p>\n<p>Praktikus m\u00e9ret, s\u00fct\u0151t\u00f6k\u00f6s pit\u00e9hez t\u00f6k\u00e9letes<\/p>\n<p>1,5-1,8 kg k\u00f6r\u00fcli, g\u00f6mb\u00f6ly\u0171, gy\u00f6ny\u00f6r\u0171 sz\u00edn\u0171, sz\u00e9p, mark\u00e1ns sz\u00e1r\u00fa, praktikus, kicsi t\u00f6k. A Cinnamon Girl F1 t\u00f6m\u00f6ren n\u0151 \u00e9s b\u0151s\u00e9ges gy\u00fcm\u00f6lcs\u00f6t terem. Ezzel a fajt\u00e1val k\u00fcl\u00f6n\u00f6s hangs\u00falyt kapott a h\u00fas min\u0151s\u00e9ge, a Cinnamon Girl F1 a t\u00f6k\u00e9letes s\u00fct\u0151t\u00f6k\u00f6s pite alapj\u00e1t adja, amelyet \u00e1ltal\u00e1ban fah\u00e9jjal k\u00e9sz\u00edtenek, innen ered a fajtan\u00e9v is.<\/p>\n<p>Cucurbita pepo<br \/>\n\u00c9r\u00e9si id\u0151: k\u00f6r\u00fclbel\u00fcl 90 nap<br \/>\nA Cinnamon Girl F1 kompaktan n\u0151, m\u00e1szva<br \/>\nA Cinnamon Girl fogyaszt\u00e1sra alkalmas, kifejezetten s\u00fct\u0151t\u00f6k\u00f6s pit\u00e9khez nemes\u00edtve<br \/>\nA s\u00fct\u0151t\u00f6k j\u00f3l \u00e9rzi mag\u00e1t meleg, j\u00f3 v\u00edzelvezet\u00e9s\u0171 talajban, el\u0151m\u0171vel\u00e9ssel \u00e9s \u00fcltet\u00e9ssel \u00e1prilis v\u00e9g\u00e9t\u0151l vet\u00e9ssel vagy m\u00e1jus elej\u00e9t\u0151l k\u00f6zvetlen vet\u00e9ssel.<\/p>\n<p>A Cinnamon F1-hez n\u00f6v\u00e9nyenk\u00e9nt 1-2 n\u00e9gyzetm\u00e9tert aj\u00e1nlunk<\/p>\n<p>Lehets\u00e9ges k\u00e1rtev\u0151k: csig\u00e1k, madarak, egerek, tetvek, lisztharmat, v\u00edrus<\/p>\n<p>A csomag 10 szem magot tartalmaz<\/p>\n","protected":false},"featured_media":33367,"comment_status":"closed","ping_status":"closed","template":"","meta":[],"product_brand":[],"product_cat":[345],"product_tag":[],"class_list":{"0":"post-33366","1":"product","2":"type-product","3":"status-publish","4":"has-post-thumbnail","6":"product_cat-suto-fozo-es-disztokok","8":"first","9":"instock","10":"taxable","11":"shipping-taxable","12":"purchasable","13":"product-type-simple"},"_links":{"self":[{"href":"https:\/\/chilimag.hu\/webshop\/wp-json\/wp\/v2\/product\/33366","targetHints":{"allow":["GET"]}}],"collection":[{"href":"https:\/\/chilimag.hu\/webshop\/wp-json\/wp\/v2\/product"}],"about":[{"href":"https:\/\/chilimag.hu\/webshop\/wp-json\/wp\/v2\/types\/product"}],"replies":[{"embeddable":true,"href":"https:\/\/chilimag.hu\/webshop\/wp-json\/wp\/v2\/comments?post=33366"}],"wp:featuredmedia":[{"embeddable":true,"href":"https:\/\/chilimag.hu\/webshop\/wp-json\/wp\/v2\/media\/33367"}],"wp:attachment":[{"href":"https:\/\/chilimag.hu\/webshop\/wp-json\/wp\/v2\/media?parent=33366"}],"wp:term":[{"taxonomy":"product_brand","embeddable":true,"href":"https:\/\/chilimag.hu\/webshop\/wp-json\/wp\/v2\/product_brand?post=33366"},{"taxonomy":"product_cat","embeddable":true,"href":"https:\/\/chilimag.hu\/webshop\/wp-json\/wp\/v2\/product_cat?post=33366"},{"taxonomy":"product_tag","embeddable":true,"href":"https:\/\/chilimag.hu\/webshop\/wp-json\/wp\/v2\/product_tag?post=33366"}],"curies":[{"name":"wp","href":"https:\/\/api.w.org\/{rel}","templated":true}]}}