{"id":33141,"date":"2024-08-10T18:26:18","date_gmt":"2024-08-10T18:26:18","guid":{"rendered":"https:\/\/chilimag.hu\/webshop\/?post_type=product&#038;p=33141"},"modified":"2025-06-17T15:22:49","modified_gmt":"2025-06-17T15:22:49","slug":"paradicsom-green-zebra-organic-bz-h","status":"publish","type":"product","link":"https:\/\/chilimag.hu\/webshop\/termek\/paradicsom-green-zebra-organic-bz-h\/","title":{"rendered":"Paradicsom Green Zebra Organic Bz H"},"content":{"rendered":"","protected":false},"excerpt":{"rendered":"<p><img decoding=\"async\" class=\"img-responsive\" title=\"Buzzy Seeds\" src=\"https:\/\/tuinplus.nl\/Documents\/Images\/Banners\/Buzzy_Roll_Over.jpg\" alt=\"Buzzy Seeds\" \/><\/p>\n<p>Botanikai n\u00e9v: Solanum Lycopersicum<\/p>\n<p>Paradicsom &#8211; Z\u00f6ld Zebra<br \/>\nFebru\u00e1r v\u00e9g\u00e9t\u0151l magt\u00e1lc\u00e1ban 20\u00b0C-on vagy \u00e1prilist\u00f3l kint \u00fcveg alatt. K\u00f6r\u00fclbel\u00fcl 4 h\u00e9t m\u00falva \u00fcltesd ki \u00fcvegh\u00e1zba, vagy m\u00e1just\u00f3l \u00fcltesd ki a szabadba, v\u00e9dett, napos helyre! Rendszeresen t\u00e1vol\u00edtsa el az oldalhajt\u00e1sokat. A h\u00fas \u00e9l\u00e9nkz\u00f6ld sz\u00edn\u0171. A paradicsom \u00e9des \u00edz\u0171, friss savany\u00fa akcentussal.<\/p>\n<p>A term\u00e9k jellemz\u0151i<\/p>\n<p>Felt\u0171n\u0151 cs\u00edkos paradicsom<br \/>\nA betakar\u00edt\u00e1s k\u00e9szen \u00e1ll, amint a paradicsom nagyon vil\u00e1gos s\u00e1rg\u00e1ra pirul<br \/>\nHideg talajon vagy \u00fcveg alatt termeszthet\u0151<\/p>\n<p>Elhelyezked\u00e9s<br \/>\nHelysz\u00edn: ragyog\u00f3 naps\u00fct\u00e9s<br \/>\nMagass\u00e1ga 200-250 cm<br \/>\nT\u00edpus \u00c9ves<\/p>\n<p>Id\u0151szakok<br \/>\nVet\u00e9sid\u0151 z\u00e1rt t\u00e9rben febru\u00e1rt\u00f3l<br \/>\nBelt\u00e9ri vet\u00e9sid\u0151 m\u00e1jusig<br \/>\nM\u00e1just\u00f3l szabadf\u00f6ldi vet\u00e9sid\u0151<br \/>\nSzabadt\u00e9ri vet\u00e9sid\u0151 j\u00faniusig<br \/>\nAugusztusi betakar\u00edt\u00e1s ideje<br \/>\nSzed\u00e9si id\u0151 szeptemberig<\/p>\n<p>A vet\u0151mag jellemz\u0151i<br \/>\nMagok grammonk\u00e9nt 400<\/p>\n<p>A csomag 0,1 gr magot tartalmaz<\/p>\n<p>&nbsp;<\/p>\n","protected":false},"featured_media":33142,"comment_status":"closed","ping_status":"closed","template":"","meta":[],"product_brand":[],"product_cat":[439,442],"product_tag":[],"class_list":{"0":"post-33141","1":"product","2":"type-product","3":"status-publish","4":"has-post-thumbnail","6":"product_cat-buzzy","7":"product_cat-micro-greens-organic-sprounting","9":"first","10":"instock","11":"taxable","12":"shipping-taxable","13":"purchasable","14":"product-type-simple"},"_links":{"self":[{"href":"https:\/\/chilimag.hu\/webshop\/wp-json\/wp\/v2\/product\/33141","targetHints":{"allow":["GET"]}}],"collection":[{"href":"https:\/\/chilimag.hu\/webshop\/wp-json\/wp\/v2\/product"}],"about":[{"href":"https:\/\/chilimag.hu\/webshop\/wp-json\/wp\/v2\/types\/product"}],"replies":[{"embeddable":true,"href":"https:\/\/chilimag.hu\/webshop\/wp-json\/wp\/v2\/comments?post=33141"}],"wp:featuredmedia":[{"embeddable":true,"href":"https:\/\/chilimag.hu\/webshop\/wp-json\/wp\/v2\/media\/33142"}],"wp:attachment":[{"href":"https:\/\/chilimag.hu\/webshop\/wp-json\/wp\/v2\/media?parent=33141"}],"wp:term":[{"taxonomy":"product_brand","embeddable":true,"href":"https:\/\/chilimag.hu\/webshop\/wp-json\/wp\/v2\/product_brand?post=33141"},{"taxonomy":"product_cat","embeddable":true,"href":"https:\/\/chilimag.hu\/webshop\/wp-json\/wp\/v2\/product_cat?post=33141"},{"taxonomy":"product_tag","embeddable":true,"href":"https:\/\/chilimag.hu\/webshop\/wp-json\/wp\/v2\/product_tag?post=33141"}],"curies":[{"name":"wp","href":"https:\/\/api.w.org\/{rel}","templated":true}]}}