{"id":33085,"date":"2024-08-08T17:19:24","date_gmt":"2024-08-08T17:19:24","guid":{"rendered":"https:\/\/chilimag.hu\/webshop\/?post_type=product&#038;p=33085"},"modified":"2026-02-15T15:38:34","modified_gmt":"2026-02-15T15:38:34","slug":"paradicsom-moneymaker-ht-h","status":"publish","type":"product","link":"https:\/\/chilimag.hu\/webshop\/termek\/paradicsom-moneymaker-ht-h\/","title":{"rendered":"Paradicsom Moneymaker Ht H"},"content":{"rendered":"","protected":false},"excerpt":{"rendered":"<p><img decoding=\"async\" class=\"img-responsive\" title=\"Horti Tops\" src=\"https:\/\/tuinplus.nl\/Documents\/Images\/Banners\/Horti_Tops_Roll_Over.jpg\" alt=\"Horti Tops\" \/><\/p>\n<p>Botanikai n\u00e9v: Solanum Lycopersicum<\/p>\n<p>Febru\u00e1r v\u00e9g\u00e9t\u0151l magt\u00e1lc\u00e1ban 20\u00b0C-on vagy k\u00e9s\u0151bb kint \u00fcveg alatt. Kiszed\u00e9s ut\u00e1n \u00fcltess\u00fck ki \u00fcvegh\u00e1zba vagy cser\u00e9pbe. A paradicsomot szabadba, v\u00e9dett, napos helyre is \u00fcltethetj\u00fck! Rendszeresen t\u00e1vol\u00edtsuk el az oldalhajt\u00e1sokat!<\/p>\n<p>A term\u00e9k jellemz\u0151i<\/p>\n<p>Nagyon n\u00e9pszer\u0171 paradicsom fajta<br \/>\nSz\u00e9p kerek paradicsomot ad<br \/>\nA hozam meglehet\u0151sen nagy<\/p>\n<p>Elhelyezked\u00e9s<br \/>\nNy\u00edlt f\u00f6ldre vetni igen<br \/>\n\u00dcvegh\u00e1zi gazd\u00e1lkod\u00e1s igen<br \/>\nElhelyezked\u00e9s: napos, v\u00e9dett<\/p>\n<p>Id\u0151szakok<br \/>\nVet\u00e9sid\u0151 z\u00e1rt t\u00e9rben febru\u00e1rt\u00f3l<br \/>\nBelt\u00e9ri vet\u00e9sid\u0151 m\u00e1jusig<br \/>\nM\u00e1just\u00f3l szabadf\u00f6ldi vet\u00e9sid\u0151<br \/>\nSzabadt\u00e9ri vet\u00e9sid\u0151 j\u00faniusig<br \/>\nAugusztusi betakar\u00edt\u00e1s ideje<br \/>\nSzed\u00e9si id\u0151 szeptemberig<\/p>\n<p>Tan\u00e1csok \u00e9s tippek<br \/>\nVet\u00e9si tan\u00e1csok f\u0171t\u00f6tt helyis\u00e9gben (kb. 20\u00b0C)<br \/>\nGondoz\u00e1si tan\u00e1cs: T\u00e1vol\u00edtsa el az oldalhajt\u00e1sokat a lev\u00e9l h\u00f3nalj\u00e1r\u00f3l fiatalon<\/p>\n<p>A vet\u0151mag jellemz\u0151i<br \/>\nMagok grammonk\u00e9nt 400<\/p>\n<p>A csomag 2 gr magot tartalmaz<\/p>\n<p>&nbsp;<\/p>\n","protected":false},"featured_media":33086,"comment_status":"closed","ping_status":"closed","template":"","meta":[],"product_brand":[],"product_cat":[438],"product_tag":[],"class_list":{"0":"post-33085","1":"product","2":"type-product","3":"status-publish","4":"has-post-thumbnail","6":"product_cat-horti-tops","8":"first","9":"instock","10":"taxable","11":"shipping-taxable","12":"purchasable","13":"product-type-simple"},"_links":{"self":[{"href":"https:\/\/chilimag.hu\/webshop\/wp-json\/wp\/v2\/product\/33085","targetHints":{"allow":["GET"]}}],"collection":[{"href":"https:\/\/chilimag.hu\/webshop\/wp-json\/wp\/v2\/product"}],"about":[{"href":"https:\/\/chilimag.hu\/webshop\/wp-json\/wp\/v2\/types\/product"}],"replies":[{"embeddable":true,"href":"https:\/\/chilimag.hu\/webshop\/wp-json\/wp\/v2\/comments?post=33085"}],"wp:featuredmedia":[{"embeddable":true,"href":"https:\/\/chilimag.hu\/webshop\/wp-json\/wp\/v2\/media\/33086"}],"wp:attachment":[{"href":"https:\/\/chilimag.hu\/webshop\/wp-json\/wp\/v2\/media?parent=33085"}],"wp:term":[{"taxonomy":"product_brand","embeddable":true,"href":"https:\/\/chilimag.hu\/webshop\/wp-json\/wp\/v2\/product_brand?post=33085"},{"taxonomy":"product_cat","embeddable":true,"href":"https:\/\/chilimag.hu\/webshop\/wp-json\/wp\/v2\/product_cat?post=33085"},{"taxonomy":"product_tag","embeddable":true,"href":"https:\/\/chilimag.hu\/webshop\/wp-json\/wp\/v2\/product_tag?post=33085"}],"curies":[{"name":"wp","href":"https:\/\/api.w.org\/{rel}","templated":true}]}}